(3351,11,3,'','S. N. 181','',1,'','','','','0000-00-00','0000-00-00','','0000-00-00',NULL,'Hemipt. dub., S. N. 181','Oehningen','Deutschland','- Unbekannt -','- Basisposition -','sedimentary','specimen',NULL,NULL,'','2007-11-14 09:29:10','Pika, Milena','NO-Z 51.3-39-3:2',''),(3352,11,3,'','S. N. 191','',1,'','','','','0000-00-00','0000-00-00','','0000-00-00',NULL,'Hypera sepia (?) HEER, S. N. 191','Oehningen','Deutschland','- Unbekannt -','- Basisposition -','sedimentary','specimen',NULL,NULL,'','2007-11-14 09:29:10','Pika, Milena','NO-Z 51.3-39-3:2',''),(3353,11,3,'','S. N. 193','',1,'','','','','0000-00-00','0000-00-00','','0000-00-00',NULL,'Diptera + Coleopt. dub., S. N. 193','Oehningen','Deutschland','- Unbekannt -','- Basisposition -','sedimentary','specimen',NULL,NULL,'','2007-11-14 09:29:10','Pika, Milena','NO-Z 51.3-39-3:2',''),(3354,11,3,'','S. N. 215','',1,'','','','','0000-00-00','0000-00-00','','0000-00-00',NULL,'Pemphigus bursifex HEER und Blattstiel-Galle, S. N. 215','Oehningen','Deutschland','- Unbekannt -','- Basisposition -','sedimentary','specimen',NULL,NULL,'','2007-11-14 09:29:10','Pika, Milena','NO-Z 51.3-39-3:2',''),(3355,11,3,'','S. N. 216','',1,'','','','','0000-00-00','0000-00-00','','0000-00-00',NULL,'Blattstiel-Galle, S. N. 216','Oehningen','Deutschland','- Unbekannt -','- Basisposition -','sedimentary','specimen',NULL,NULL,'','2007-11-14 09:29:10','Pika, Milena','NO-Z 51.3-39-3:2',''),(3356,11,3,'','S. N. 217','',2,'','','','','0000-00-00','0000-00-00','','0000-00-00',NULL,'Blattstiel-Galle, S. N. 217','Oehningen','Deutschland','- Unbekannt -','- Basisposition -','sedimentary','specimen',NULL,NULL,'','2007-11-14 09:29:10','Pika, Milena','NO-Z 51.3-39-3:2',''),(3357,11,3,'','S. N. 218','',1,'','','','','0000-00-00','0000-00-00','','0000-00-00',NULL,'Blattstiel-Galle, S. N. 218','Oehningen','Deutschland','- Unbekannt -','- Basisposition -','sedimentary','specimen',NULL,NULL,'','2007-11-14 09:29:10','Pika, Milena','NO-Z 51.3-39-3:2',''),(3358,11,3,'','S. N. 219','',1,'','','','','0000-00-00','0000-00-00','','0000-00-00',NULL,'Harzgalle? S. N. 219','Oehningen','Deutschland','- Unbekannt -','- Basisposition -','sedimentary','specimen',NULL,NULL,'','2007-11-14 09:29:10','Pika, Milena','NO-Z 51.3-39-3:2',''),(3359,11,3,'','S. N. 222','',1,'','','','','0000-00-00','0000-00-00','','0000-00-00',NULL,'Termes ? S. N. 222','Oehningen','Deutschland','- Unbekannt -','- Basisposition -','sedimentary','specimen',NULL,NULL,'','2007-11-14 09:29:10','Pika, Milena','NO-Z 51.3-39-3:2',''),(3360,11,3,'','S. N. 223','',1,'','','','','0000-00-00','0000-00-00','','0000-00-00',NULL,'Termes ? S. N. 223','Oehningen','Deutschland','- Unbekannt -','- Basisposition -','sedimentary','specimen',NULL,NULL,'','2007-11-14 09:29:10','Pika, Milena','NO-Z 51.3-39-3:2',''),(3361,11,3,'','S. N. 224','',1,'','','','','0000-00-00','0000-00-00','','0000-00-00',NULL,'Blatta ? S. N. 224','Oehningen','Deutschland','- Unbekannt -','- Basisposition -','sedimentary','specimen',NULL,NULL,'','2007-11-14 09:29:10','Pika, Milena','NO-Z 51.3-39-3:2',''),(3362,11,3,'','S. N. 40','',8,'','','','','0000-00-00','0000-00-00','','0000-00-00',NULL,'Anoplites ? and Telephorus ? S. N. 40','Oehningen','Deutschland','- Unbekannt -','- Basisposition -','sedimentary','specimen',NULL,NULL,'','2007-11-14 09:29:10','Pika, Milena','NO-Z 51.3-39-3:2',''),(3363,11,3,'','S. N. 41','',2,'','','','','0000-00-00','0000-00-00','','0000-00-00',NULL,'Coleopt. Bein mit 5 gl. Tarsen, S. N. 41','Oehningen','Deutschland','- Unbekannt -','- Basisposition -','sedimentary','specimen',NULL,NULL,'','2007-11-14 09:29:10','Pika, Milena','NO-Z 51.3-39-3:2',''),(3364,11,3,'','S. N. 44','',1,'','','','','0000-00-00','0000-00-00','','0000-00-00',NULL,'Pterospermites vagans HEER Coleopt.? S. N. 44','Oehningen','Deutschland','- Unbekannt -','- Basisposition -','sedimentary','specimen',NULL,NULL,'','2007-11-14 09:29:10','Pika, Milena','NO-Z 51.3-39-3:2',''),(3365,11,3,'','S. N. 91','',12,'','','','','0000-00-00','0000-00-00','','0000-00-00',NULL,'Coleopt. dub., S. N. 91','Oehningen','Deutschland','- Unbekannt -','- Basisposition -','sedimentary','specimen',NULL,NULL,'','2007-11-14 09:29:10','Pika, Milena','NO-Z 51.3-39-3:2',''),(3366,11,3,'','S. N. 90','',1,'','','','','0000-00-00','0000-00-00','','0000-00-00',NULL,'Coccinella 10-punctata HEER, S. N. 90','Oehningen','Deutschland','- Unbekannt -','- Basisposition -','sedimentary','specimen',NULL,NULL,'','2007-11-14 09:29:10','Pika, Milena','NO-Z 51.3-39-3:2',''),(3367,11,3,'','S. N. 92','',2,'','','','','0000-00-00','0000-00-00','','0000-00-00',NULL,'Coleopt. dub., S. N. 92','Oehningen','Deutschland','- Unbekannt -','- Basisposition -','sedimentary','specimen',NULL,NULL,'','2007-11-14 09:29:10','Pika, Milena','NO-Z 51.3-39-3:2',''),(3368,11,3,'','S. N. 93','',5,'','','','','0000-00-00','0000-00-00','','0000-00-00',NULL,'Coleopt. dub., S. N. 93','Oehningen','Deutschland','- Unbekannt -','- Basisposition -','sedimentary','specimen',NULL,NULL,'','2007-11-14 09:29:10','Pika, Milena','NO-Z 51.3-39-3:2',''),(3369,11,3,'','S. N. 94','',1,'','','','','0000-00-00','0000-00-00','','0000-00-00',NULL,'Coleopt. dub., S. N. 94','Oehningen','Deutschland','- Unbekannt -','- Basisposition -','sedimentary','specimen',NULL,NULL,'','2007-11-14 09:29:10','Pika, Milena','NO-Z 51.3-39-3:2',''),(3370,11,3,'','S. N. 95','',5,'','','','','0000-00-00','0000-00-00','','0000-00-00',NULL,'Coleopt. dub., S. N. 95','Oehningen','Deutschland','- Unbekannt -','- Basisposition -','sedimentary','specimen',NULL,NULL,'','2007-11-14 09:29:10','Pika, Milena','NO-Z 51.3-39-3:2',''),(3371,11,3,'','S. N. 96','',1,'','','','','0000-00-00','0000-00-00','','0000-00-00',NULL,'Coleopt. dub., S. N. 96','Oehningen','Deutschland','- Unbekannt -','- Basisposition -','sedimentary','specimen',NULL,NULL,'','2007-11-14 09:29:10','Pika, Milena','NO-Z 51.3-39-3:2',''),(3372,11,3,'','S. N. 97','',6,'','','','','0000-00-00','0000-00-00','','0000-00-00',NULL,'Coleopt. dub., S. N. 97','Oehningen','Deutschland','- Unbekannt -','- Basisposition -','sedimentary','specimen',NULL,NULL,'','2007-11-14 09:29:10','Pika, Milena','NO-Z 51.3-39-3:2',''),(3373,11,3,'','S. N. 98','',7,'','','','','0000-00-00','0000-00-00','','0000-00-00',NULL,'Coleopt. dub., S. N. 98','Oehningen','Deutschland','- Unbekannt -','- Basisposition -','sedimentary','specimen',NULL,NULL,'','2007-11-14 09:29:10','Pika, Milena','NO-Z 51.3-39-3:2',''),(3374,11,3,'','S. N. 99','',1,'','','','','0000-00-00','0000-00-00','','0000-00-00',NULL,'Coleopt. dub., S. N. 99','Oehningen','Deutschland','- Unbekannt -','- Basisposition -','sedimentary','specimen',NULL,NULL,'','2007-11-14 09:29:10','Pika, Milena','NO-Z 51.3-39-3:2',''),(3375,11,3,'','S. N. 100','',1,'','','','','0000-00-00','0000-00-00','','0000-00-00',NULL,'Coleopt. dub., S. N. 100','Oehningen','Deutschland','- Unbekannt -','- Basisposition -','sedimentary','specimen',NULL,NULL,'','2007-11-14 09:29:10','Pika, Milena','NO-Z 51.3-39-3:2',''),(3376,11,3,'','S. N. 101','',1,'','','','','0000-00-00','0000-00-00','','0000-00-00',NULL,'Coleopt. dub., S. N. 101','Oehningen','Deutschland','- Unbekannt -','- Basisposition -','sedimentary','specimen',NULL,NULL,'','2007-11-14 09:29:10','Pika, Milena','NO-Z 51.3-39-3:2',''),(3377,11,3,'','S. N. 102','',4,'','','','','0000-00-00','0000-00-00','','0000-00-00',NULL,'Coleopt. dub., S. N. 102','Oehningen','Deutschland','- Unbekannt -','- Basisposition -','sedimentary','specimen',NULL,NULL,'','2007-11-14 09:29:10','Pika, Milena','NO-Z 51.3-39-3:2',''),(3378,11,3,'','S. N. 103','',1,'','','','','0000-00-00','0000-00-00','','0000-00-00',NULL,'Coleopt. dub., S. N. 103','Oehningen','Deutschland','- Unbekannt -','- Basisposition -','sedimentary','specimen',NULL,NULL,'','2007-11-14 09:29:10','Pika, Milena','NO-Z 51.3-39-3:2',''),(3379,11,3,'','S. N. 104','',1,'','','','','0000-00-00','0000-00-00','','0000-00-00',NULL,'Coleopt. dub., S. N. 104','Oehningen','Deutschland','- Unbekannt -','- Basisposition -','sedimentary','specimen',NULL,NULL,'','2007-11-14 09:29:10','Pika, Milena','NO-Z 51.3-39-3:2',''),(3380,11,3,'','S. N. 105','',2,'','','','','0000-00-00','0000-00-00','','0000-00-00',NULL,'Coleopt. dub., S. N. 105','Oehningen','Deutschland','- Unbekannt -','- Basisposition -','sedimentary','specimen',NULL,NULL,'','2007-11-14 09:29:10','Pika, Milena','NO-Z 51.3-39-3:2',''),(3381,11,3,'','S. N. 106','',2,'','','','','0000-00-00','0000-00-00','','0000-00-00',NULL,'Coleopt. dub., S. N. 106','Oehningen','Deutschland','- Unbekannt -','- Basisposition -','sedimentary','specimen',NULL,NULL,'','2007-11-14 09:29:10','Pika, Milena','NO-Z 51.3-39-3:2',''),(3382,11,3,'','S. N. 107','',1,'','','','','0000-00-00','0000-00-00','','0000-00-00',NULL,'Coleopt. dub., S. N. 107','Oehningen','Deutschland','- Unbekannt -','- Basisposition -','sedimentary','specimen',NULL,NULL,'','2007-11-14 09:29:10','Pika, Milena','NO-Z 51.3-39-3:2',''),(3383,11,3,'','S. N. 108','',2,'','','','','0000-00-00','0000-00-00','','0000-00-00',NULL,'Coleopt. dub., S. N. 108','Oehningen','Deutschland','- Unbekannt -','- Basisposition -','sedimentary','specimen',NULL,NULL,'','2007-11-14 09:29:10','Pika, Milena','NO-Z 51.3-39-3:2',''),(3384,11,3,'','S. N. 109','',2,'','','','','0000-00-00','0000-00-00','','0000-00-00',NULL,'Coleopt. dub., S. N. 109','Oehningen','Deutschland','- Unbekannt -','- Basisposition -','sedimentary','specimen',NULL,NULL,'','2007-11-14 09:29:10','Pika, Milena','NO-Z 51.3-39-3:2',''),(3385,11,3,'','S. N. 110','',1,'','','','','0000-00-00','0000-00-00','','0000-00-00',NULL,'Coleopt. dub., S. N. 110','Oehningen','Deutschland','- Unbekannt -','- Basisposition -','sedimentary','specimen',NULL,NULL,'','2007-11-14 09:29:10','Pika, Milena','NO-Z 51.3-39-3:2',''),(3386,11,3,'','S. N. 111','',2,'','','','','0000-00-00','0000-00-00','','0000-00-00',NULL,'Coleopt. dub., S. N. 111','Oehningen','Deutschland','- Unbekannt -','- Basisposition -','sedimentary','specimen',NULL,NULL,'','2007-11-14 09:29:10','Pika, Milena','NO-Z 51.3-39-3:2',''),(3387,11,3,'','S. N. 126','',2,'','','','','0000-00-00','0000-00-00','','0000-00-00',NULL,'Pachycoris germari HEER, S. N. 126','Oehningen','Deutschland','- Unbekannt -','- Basisposition -','sedimentary','specimen',NULL,NULL,'','2007-11-14 09:29:10','Pika, Milena','NO-Z 51.3-39-3:2',''),(3388,11,3,'','S. N. 127','',1,'','','','','0000-00-00','0000-00-00','','0000-00-00',NULL,'Pachycoris villigera HEER, S. N. 127','Oehningen','Deutschland','- Unbekannt -','- Basisposition -','sedimentary','specimen',NULL,NULL,'','2007-11-14 09:29:10','Pika, Milena','NO-Z 51.3-39-3:2',''),(3389,11,3,'','S. N. 128','',1,'','','','','0000-00-00','0000-00-00','','0000-00-00',NULL,'Pachycoris escheri var.? S. N. 128','Oehningen','Deutschland','- Unbekannt -','- Basisposition -','sedimentary','specimen',NULL,NULL,'','2007-11-14 09:29:10','Pika, Milena','NO-Z 51.3-39-3:2',''),(3390,11,3,'','S. N. 225','',1,'','','','','0000-00-00','0000-00-00','','0000-00-00',NULL,'Forficula ? S. N. 225','Oehningen','Deutschland','- Unbekannt -','- Basisposition -','sedimentary','specimen',NULL,NULL,'','2007-11-14 09:29:10','Pika, Milena','NO-Z 51.3-39-3:3',''),(3391,11,3,'','S. N. 226','',1,'','','','','0000-00-00','0000-00-00','','0000-00-00',NULL,'Forficula ? S. N. 226','Oehningen','Deutschland','- Unbekannt -','- Basisposition -','sedimentary','specimen',NULL,NULL,'','2007-11-14 09:29:10','Pika, Milena','NO-Z 51.3-39-3:3',''),(3392,11,3,'','S. N. 227','',1,'','','','','0000-00-00','0000-00-00','','0000-00-00',NULL,'Decticus ? S. N. 227','Oehningen','Deutschland','- Unbekannt -','- Basisposition -','sedimentary','specimen',NULL,NULL,'','2007-11-14 09:29:10','Pika, Milena','NO-Z 51.3-39-3:3',''),(3393,11,3,'','S. N. 227b','',1,'','','','','0000-00-00','0000-00-00','','0000-00-00',NULL,'Decticus ? S. N. 227b','Oehningen','Deutschland','- Unbekannt -','- Basisposition -','sedimentary','specimen',NULL,NULL,'','2007-11-14 09:29:10','Pika, Milena','NO-Z 51.3-39-3:3',''),(3394,11,3,'','S. N. 227c','',1,'','','','','0000-00-00','0000-00-00','','0000-00-00',NULL,'Decticus ? S. N. 227c','Oehningen','Deutschland','- Unbekannt -','- Basisposition -','sedimentary','specimen',NULL,NULL,'','2007-11-14 09:29:10','Pika, Milena','NO-Z 51.3-39-3:3',''),(3395,11,3,'','S. N. 228','',1,'','','','','0000-00-00','0000-00-00','','0000-00-00',NULL,'Aeschna tyche HEER, S. N. 228','Oehningen','Deutschland','- Unbekannt -','- Basisposition -','sedimentary','specimen',NULL,NULL,'Well-preserved wing. Photo!','2007-11-14 09:29:10','Pika, Milena','NO-Z 51.3-39-3:3',''),(3396,11,3,'','S. N. 229','',1,'','','','','0000-00-00','0000-00-00','','0000-00-00',NULL,'Libellula ventricosa HEER, S. N. 229','Oehningen','Deutschland','- Unbekannt -','- Basisposition -','sedimentary','specimen',NULL,NULL,'','2007-11-14 09:29:10','Pika, Milena','NO-Z 51.3-39-3:3',''),(3397,11,3,'','S. N. 230','',1,'','','','','0000-00-00','0000-00-00','','0000-00-00',NULL,'Libellula ? S. N. 230','Oehningen','Deutschland','- Unbekannt -','- Basisposition -','sedimentary','specimen',NULL,NULL,'','2007-11-14 09:29:10','Pika, Milena','NO-Z 51.3-39-3:3',''),(3398,11,3,'','S. N. 230b','',1,'','','','','0000-00-00','0000-00-00','','0000-00-00',NULL,'Libellula eurynome, Libellula thoe, S. N. 230b','Oehningen','Deutschland','- Unbekannt -','- Basisposition -','sedimentary','specimen',NULL,NULL,'','2007-11-14 09:29:10','Pika, Milena','NO-Z 51.3-39-3:3',''),(3399,11,3,'','S. N. 231','',1,'','','','','0000-00-00','0000-00-00','','0000-00-00',NULL,'Agrion ? S. N. 231','Oehningen','Deutschland','- Unbekannt -','- Basisposition -','sedimentary','specimen',NULL,NULL,'','2007-11-14 09:29:10','Pika, Milena','NO-Z 51.3-39-3:3',''),(3400,11,3,'','S. N. 232','',1,'','','','','0000-00-00','0000-00-00','','0000-00-00',NULL,'Ephemera oder Phryganea Flügel S. N. 232','Oehningen','Deutschland','- Unbekannt -','- Basisposition -','sedimentary','specimen',NULL,NULL,'','2007-11-14 09:29:10','Pika, Milena','NO-Z 51.3-39-3:3',''),(3404,11,3,'','Pl. I. 69','',1,'','','','','0000-00-00','0000-00-00','','0000-00-00',NULL,'Protactus minor HEER, Pl. I. 69','Oehningen','Deutschland','- Unbekannt -','- Basisposition -','sedimentary','specimen',NULL,NULL,'','2007-11-14 09:29:10','Pika, Milena','NO-Z 51.3-39-3:4',''),(3402,11,3,'','Pl. 39a','',1,'','','','','0000-00-00','0000-00-00','','0000-00-00',NULL,'Pl. 39a','Oehningen','Deutschland','- Unbekannt -','- Basisposition -','sedimentary','specimen',NULL,NULL,'','2007-11-14 09:29:10','Pika, Milena','NO-Z 51.3-39-4:2',''),(3403,11,3,'','Pl. I. 62','',1,'','','','','0000-00-00','0000-00-00','','0000-00-00',NULL,'Anomala fugax HEER, Pl. I. 62','Oehningen','Deutschland','- Unbekannt -','- Basisposition -','sedimentary','specimen',NULL,NULL,'','2007-11-14 09:29:10','Pika, Milena','NO-Z 51.3-39-3:4',''),(3405,11,3,'','Pl. I. 88','',1,'','','','','0000-00-00','0000-00-00','','0000-00-00',NULL,'Wanze, Pl. I. 88','Oehningen','Deutschland','- Unbekannt -','- Basisposition -','sedimentary','specimen',NULL,NULL,'','2007-11-14 09:29:10','Pika, Milena','NO-Z 51.3-39-3:4',''),(3406,11,3,'','Pl. I. 74b','',1,'','','','','0000-00-00','0000-00-00','','0000-00-00',NULL,'Colymbetes aemulus HEER, Pl. I. 74b','Oehningen','Deutschland','- Unbekannt -','- Basisposition -','sedimentary','specimen',NULL,NULL,'','2007-11-14 09:29:10','Pika, Milena','NO-Z 51.3-39-3:4',''),(3407,11,3,'','Pl. I. 91','',1,'','','','','0000-00-00','0000-00-00','','0000-00-00',NULL,'Scaphidium deletum HEER, Pl. I. 91','Oehningen','Deutschland','- Unbekannt -','- Basisposition -','sedimentary','specimen',NULL,NULL,'','2007-11-14 09:29:10','Pika, Milena','NO-Z 51.3-39-3:4',''),(3408,11,3,'','Pl. I. 99','',1,'','','','','0000-00-00','0000-00-00','','0000-00-00',NULL,'Cydnopsis pygmaea HEER, Pl. I. 99','Oehningen','Deutschland','- Unbekannt -','- Basisposition -','sedimentary','specimen',NULL,NULL,'','2007-11-14 09:29:10','Pika, Milena','NO-Z 51.3-39-3:4',''),(3409,11,3,'','Pl. I. 109b','',1,'','','','','0000-00-00','0000-00-00','','0000-00-00',NULL,'Peltis hirsuta HEER, Pl. I. 109b','Oehningen','Deutschland','- Unbekannt -','- Basisposition -','sedimentary','specimen',NULL,NULL,'','2007-11-14 09:29:10','Pika, Milena','NO-Z 51.3-39-3:4',''),(3410,11,3,'','Pl. I. 115','',1,'','','','','0000-00-00','0000-00-00','','0000-00-00',NULL,'Pl. I. 115','Oehningen','Deutschland','- Unbekannt -','- Basisposition -','sedimentary','specimen',NULL,NULL,'','2007-11-14 09:29:10','Pika, Milena','NO-Z 51.3-39-3:4',''),(3411,11,3,'','Pl. I. 130','',1,'','','','','0000-00-00','0000-00-00','','0000-00-00',NULL,'Hister aemulus HEER, Pl. I. 130','Oehningen','Deutschland','- Unbekannt -','- Basisposition -','sedimentary','specimen',NULL,NULL,'','2007-11-14 09:29:10','Pika, Milena','NO-Z 51.3-39-3:4',''),(3412,11,3,'','Pl. I. 138','',1,'','','','','0000-00-00','0000-00-00','','0000-00-00',NULL,'Egolia picta HEER, Pl. I. 138','Oehningen','Deutschland','- Unbekannt -','- Basisposition -','sedimentary','specimen',NULL,NULL,'','2007-11-14 09:29:10','Pika, Milena','NO-Z 51.3-39-3:4',''),(3413,11,3,'','Pl. I. 140','',1,'','','','','0000-00-00','0000-00-00','','0000-00-00',NULL,'Gymnochila obesa HEER, Pl. I. 140','Oehningen','Deutschland','- Unbekannt -','- Basisposition -','sedimentary','specimen',NULL,NULL,'','2007-11-14 09:29:10','Pika, Milena','NO-Z 51.3-39-3:4',''),(3414,11,3,'','Pl. I. 156','',1,'','','','','0000-00-00','0000-00-00','','0000-00-00',NULL,'Hydrobius coulonii HEER, Pl. I. 156','Oehningen','Deutschland','- Unbekannt -','- Basisposition -','sedimentary','specimen',NULL,NULL,'','2007-11-14 09:29:10','Pika, Milena','NO-Z 51.3-39-3:4',''),(3415,11,3,'','Pl. I. 181','',1,'','','','','0000-00-00','0000-00-00','','0000-00-00',NULL,'Lamellicornia ? Dubia spec. Pl. I. 181','Oehningen','Deutschland','- Unbekannt -','- Basisposition -','sedimentary','specimen',NULL,NULL,'','2007-11-14 09:29:10','Pika, Milena','NO-Z 51.3-39-3:4',''),(3416,11,3,'','Pl. I. 187','',1,'','','','','0000-00-00','0000-00-00','','0000-00-00',NULL,'Hybosorus lividus HEER, Pl. I. 187','Oehningen','Deutschland','- Unbekannt -','- Basisposition -','sedimentary','specimen',NULL,NULL,'','2007-11-14 09:29:10','Pika, Milena','NO-Z 51.3-39-3:4',''),(3417,11,3,'','Pl. i. 208b','',1,'','','','','0000-00-00','0000-00-00','','0000-00-00',NULL,'Ancylochira rusticana HEER, Pl. I. 208b','Oehningen','Deutschland','- Unbekannt -','- Basisposition -','sedimentary','specimen',NULL,NULL,'','2007-11-14 09:29:10','Pika, Milena','NO-Z 51.3-39-3:4',''),(3418,11,3,'','Pl. I. 214','',2,'','','','','0000-00-00','0000-00-00','','0000-00-00',NULL,'Acmaeodera brevicollis HEER, Pl. I. 214','Oehningen','Deutschland','- Unbekannt -','- Basisposition -','sedimentary','specimen',NULL,NULL,'','2007-11-14 09:29:10','Pika, Milena','NO-Z 51.3-39-3:4',''),(3419,11,3,'','Pl. I. 270','',1,'','','','','0000-00-00','0000-00-00','','0000-00-00',NULL,'Elaterites lugubris, Elater ? Pl. I. 270','Oehningen','Deutschland','- Unbekannt -','- Basisposition -','sedimentary','specimen',NULL,NULL,'','2007-11-14 09:29:10','Pika, Milena','NO-Z 51.3-39-3:4',''),(3420,11,3,'','Pl. I. 273','',1,'','','','','0000-00-00','0000-00-00','','0000-00-00',NULL,'Elater lugubris, Pl. I. 273','Oehningen','Deutschland','- Unbekannt -','- Basisposition -','sedimentary','specimen',NULL,NULL,'','2007-11-14 09:29:10','Pika, Milena','NO-Z 51.3-39-3:4',''),(3421,11,3,'','Pl. I. 288','',3,'','','','','0000-00-00','0000-00-00','','0000-00-00',NULL,'Hylocoetus cylindricus HEER, Pl. I. 288','Oehningen','Deutschland','- Unbekannt -','- Basisposition -','sedimentary','specimen',NULL,NULL,'','2007-11-14 09:29:10','Pika, Milena','NO-Z 51.3-39-3:4',''),(3422,11,3,'','Pl. I. 302','',2,'','','','','0000-00-00','0000-00-00','','0000-00-00',NULL,'Steropes anthicoides, Pl. I. 302','Oehningen','Deutschland','- Unbekannt -','- Basisposition -','sedimentary','specimen',NULL,NULL,'','2007-11-14 09:29:10','Pika, Milena','NO-Z 51.3-39-3:4',''),(3423,11,3,'','Pl. I. 347','',1,'','','','','0000-00-00','0000-00-00','','0000-00-00',NULL,'Curculionites ? Pl. I. 347','Oehningen','Deutschland','- Unbekannt -','- Basisposition -','sedimentary','specimen',NULL,NULL,'','2007-11-14 09:29:10','Pika, Milena','NO-Z 51.3-39-3:4',''),(3424,11,3,'','Pl. I. 349','',1,'','','','','0000-00-00','0000-00-00','','0000-00-00',NULL,'Cleonus ? Pl. I. 349','Oehningen','Deutschland','- Unbekannt -','- Basisposition -','sedimentary','specimen',NULL,NULL,'','2007-11-14 09:29:10','Pika, Milena','NO-Z 51.3-39-3:4',''),(3425,11,3,'','Pl. I. 404','',4,'','','','','0000-00-00','0000-00-00','','0000-00-00',NULL,'Phytonomus stygius HEER, Pl. 404','Oehningen','Deutschland','- Unbekannt -','- Basisposition -','sedimentary','specimen',NULL,NULL,'','2007-11-14 09:29:10','Pika, Milena','NO-Z 51.3-39-3:4',''),(3426,11,3,'','Pl. I. 454','',1,'','','','','0000-00-00','0000-00-00','','0000-00-00',NULL,'Cleonus spec., Pl. I. 454','Oehningen','Deutschland','- Unbekannt -','- Basisposition -','sedimentary','specimen',NULL,NULL,'','2007-11-14 09:29:10','Pika, Milena','NO-Z 51.3-39-3:4',''),(3427,11,3,'','Pl. I. 456','',1,'','','','','0000-00-00','0000-00-00','','0000-00-00',NULL,'Curculionites sp., Pl. I. 456','Oehningen','Deutschland','- Unbekannt -','- Basisposition -','sedimentary','specimen',NULL,NULL,'','2007-11-14 09:29:10','Pika, Milena','NO-Z 51.3-39-3:4',''),(3428,11,3,'','Pl. I. 498','',1,'','','','','0000-00-00','0000-00-00','','0000-00-00',NULL,'Molorchus cursor HEER, Pl. I. 498','Oehningen','Deutschland','- Unbekannt -','- Basisposition -','sedimentary','specimen',NULL,NULL,'','2007-11-14 09:29:10','Pika, Milena','NO-Z 51.3-39-3:4',''),(3429,11,3,'','Pl. I. 547','',2,'','','','','0000-00-00','0000-00-00','','0000-00-00',NULL,'Pl. I. 547','Oehningen','Deutschland','- Unbekannt -','- Basisposition -','sedimentary','specimen',NULL,NULL,'','2007-11-14 09:29:10','Pika, Milena','NO-Z 51.3-39-3:5',''),(3430,11,3,'','Pl. I. 559','',1,'','','','','0000-00-00','0000-00-00','','0000-00-00',NULL,'Coccinella ? Pl. I. 559','Oehningen','Deutschland','- Unbekannt -','- Basisposition -','sedimentary','specimen',NULL,NULL,'','2007-11-14 09:29:10','Pika, Milena','NO-Z 51.3-39-3:5',''),(3431,11,3,'','Pl. I. 560','',2,'','','','','0000-00-00','0000-00-00','','0000-00-00',NULL,'Coccinella amabilis HEER, Pl. I. 560','Oehningen','Deutschland','- Unbekannt -','- Basisposition -','sedimentary','specimen',NULL,NULL,'','2007-11-14 09:29:10','Pika, Milena','NO-Z 51.3-39-3:5',''),(3432,11,3,'','Pl. I. 561','',1,'','','','','0000-00-00','0000-00-00','','0000-00-00',NULL,'Pachycoris ? Coccinella ophthalmica HEER, Pl. I. 561','Oehningen','Deutschland','- Unbekannt -','- Basisposition -','sedimentary','specimen',NULL,NULL,'','2007-11-14 09:29:10','Pika, Milena','NO-Z 51.3-39-3:5',''),(3433,11,3,'','Pl. I. 562','',1,'','','','','0000-00-00','0000-00-00','','0000-00-00',NULL,'Coccinella bicolor HEER, Pl. 562','Oehningen','Deutschland','- Unbekannt -','- Basisposition -','sedimentary','specimen',NULL,NULL,'','2007-11-14 09:29:10','Pika, Milena','NO-Z 51.3-39-3:5',''),(3434,11,3,'','Pl. I. 563','',2,'','','','','0000-00-00','0000-00-00','','0000-00-00',NULL,'Coccinella hesione HEER, Pl. I. 563','Oehningen','Deutschland','- Unbekannt -','- Basisposition -','sedimentary','specimen',NULL,NULL,'','2007-11-14 09:29:10','Pika, Milena','NO-Z 51.3-39-3:5',''),(3435,11,3,'','Pl. I. 564','',1,'','','','','0000-00-00','0000-00-00','','0000-00-00',NULL,'Coccinella peres HEER, Pl. I. 564','Oehningen','Deutschland','- Unbekannt -','- Basisposition -','sedimentary','specimen',NULL,NULL,'','2007-11-14 09:29:10','Pika, Milena','NO-Z 51.3-39-3:5',''),(3436,11,3,'','Pl. I. 565','',2,'','','','','0000-00-00','0000-00-00','','0000-00-00',NULL,'Coccinella fuesslini HEER, Pl. I. 565','Oehningen','Deutschland','- Unbekannt -','- Basisposition -','sedimentary','specimen',NULL,NULL,'','2007-11-14 09:29:10','Pika, Milena','NO-Z 51.3-39-3:5',''),(3437,11,3,'','Pl. I. 566','',1,'','','','','0000-00-00','0000-00-00','','0000-00-00',NULL,'Coccinella  sulzeri HEER, Pl. I. 566','Oehningen','Deutschland','- Unbekannt -','- Basisposition -','sedimentary','specimen',NULL,NULL,'','2007-11-14 09:29:10','Pika, Milena','NO-Z 51.3-39-3:5',''),(3438,11,3,'','Pl. I. 567','',4,'','','','','0000-00-00','0000-00-00','','0000-00-00',NULL,'Coccinella obscura, Pl. I. 567','Oehningen','Deutschland','- Unbekannt -','- Basisposition -','sedimentary','specimen',NULL,NULL,'','2007-11-14 09:29:10','Pika, Milena','NO-Z 51.3-39-3:5',''),(3439,11,3,'','Pl. I. 568','',1,'','','','','0000-00-00','0000-00-00','','0000-00-00',NULL,'Coccinella globosula, Pl. I. 568','Oehningen','Deutschland','- Unbekannt -','- Basisposition -','sedimentary','specimen',NULL,NULL,'','2007-11-14 09:29:10','Pika, Milena','NO-Z 51.3-39-3:5',''),(3440,11,3,'','Pl. I. 569','',1,'','','','','0000-00-00','0000-00-00','','0000-00-00',NULL,'Coccinella hesione ? Pl. I. 569','Oehningen','Deutschland','- Unbekannt -','- Basisposition -','sedimentary','specimen',NULL,NULL,'','2007-11-14 09:29:10','Pika, Milena','NO-Z 51.3-39-3:5',''),(3441,11,3,'','Pl. I. 571','',1,'','','','','0000-00-00','0000-00-00','','0000-00-00',NULL,'Coccinella ? Pl. I. 571','Oehningen','Deutschland','- Unbekannt -','- Basisposition -','sedimentary','specimen',NULL,NULL,'','2007-11-14 09:29:10','Pika, Milena','NO-Z 51.3-39-3:5',''),(3442,11,3,'','Pl. I. 572','',1,'','','','','0000-00-00','0000-00-00','','0000-00-00',NULL,'Coccinella sp., Pl. I. 572','Oehningen','Deutschland','- Unbekannt -','- Basisposition -','sedimentary','specimen',NULL,NULL,'','2007-11-14 09:29:10','Pika, Milena','NO-Z 51.3-39-3:5',''),(3443,11,3,'','Pl. I. 573','',2,'','','','','0000-00-00','0000-00-00','','0000-00-00',NULL,'Coccinella spectabilis, Pl. I. 573','Oehningen','Deutschland','- Unbekannt -','- Basisposition -','sedimentary','specimen',NULL,NULL,'','2007-11-14 09:29:10','Pika, Milena','NO-Z 51.3-39-3:5',''),(3444,11,3,'','Pl. I. 577','',1,'','','','','0000-00-00','0000-00-00','','0000-00-00',NULL,'Coccinella eurynome HEER, Pl. I. 577','Oehningen','Deutschland','- Unbekannt -','- Basisposition -','sedimentary','specimen',NULL,NULL,'','2007-11-14 09:29:10','Pika, Milena','NO-Z 51.3-39-3:5',''),(3445,11,3,'','Pl. I. 578','',1,'','','','','0000-00-00','0000-00-00','','0000-00-00',NULL,'Coccinella ? Pl. I. 578','Oehningen','Deutschland','- Unbekannt -','- Basisposition -','sedimentary','specimen',NULL,NULL,'','2007-11-14 09:29:10','Pika, Milena','NO-Z 51.3-39-3:5',''),(3446,11,3,'','Pl. I. 579','',1,'','','','','0000-00-00','0000-00-00','','0000-00-00',NULL,'Coccinella sphaerula HEER, Pl. I. 579','Oehningen','Deutschland','- Unbekannt -','- Basisposition -','sedimentary','specimen',NULL,NULL,'','2007-11-14 09:29:10','Pika, Milena','NO-Z 51.3-39-3:5',''),(3447,11,3,'','Pl. I. 580','',1,'','','','','0000-00-00','0000-00-00','','0000-00-00',NULL,'Coccinella doris HEER, Pl. I. 580','Oehningen','Deutschland','- Unbekannt -','- Basisposition -','sedimentary','specimen',NULL,NULL,'','2007-11-14 09:29:10','Pika, Milena','NO-Z 51.3-39-3:5',''),(3448,11,3,'','Pl. I. 581','',1,'','','','','0000-00-00','0000-00-00','','0000-00-00',NULL,'Coleoptritis sp., Coleoptrites sp., Coleopterites sp., Pl. I. 581','Oehningen','Deutschland','- Unbekannt -','- Basisposition -','sedimentary','specimen',NULL,NULL,'','2007-11-14 09:29:10','Pika, Milena','NO-Z 51.3-39-3:5',''),(3449,11,3,'','Pl. I. 582','',1,'','','','','0000-00-00','0000-00-00','','0000-00-00',NULL,'Coleoptritis sp., Coleoptrites sp., Coleopterites sp., Pl. I. 582','Oehningen','Deutschland','- Unbekannt -','- Basisposition -','sedimentary','specimen',NULL,NULL,'','2007-11-14 09:29:10','Pika, Milena','NO-Z 51.3-39-3:5',''),(3450,11,3,'','Pl. I. 583','',1,'','','','','0000-00-00','0000-00-00','','0000-00-00',NULL,'Coleoptritis sp., Coleoptrites sp., Coleopterites sp., Pl. I. 583','Oehningen','Deutschland','- Unbekannt -','- Basisposition -','sedimentary','specimen',NULL,NULL,'','2007-11-14 09:29:10','Pika, Milena','NO-Z 51.3-39-3:5',''),(3451,11,3,'','Pl. I. 584','',1,'','','','','0000-00-00','0000-00-00','','0000-00-00',NULL,'Coleoptritis sp., Coleoptrites sp., Coleopterites sp., Pl. I. 584','Oehningen','Deutschland','- Unbekannt -','- Basisposition -','sedimentary','specimen',NULL,NULL,'','2007-11-14 09:29:10','Pika, Milena','NO-Z 51.3-39-3:5',''),(3452,11,3,'','Pl. I. 585','',1,'','','','','0000-00-00','0000-00-00','','0000-00-00',NULL,'Coleoptritis sp., Coleoptrites sp., Coleopterites sp., Pl. I. 585','Oehningen','Deutschland','- Unbekannt -','- Basisposition -','sedimentary','specimen',NULL,NULL,'','2007-11-14 09:29:10','Pika, Milena','NO-Z 51.3-39-3:5',''),(3453,11,3,'','Pl. I. 586','',1,'','','','','0000-00-00','0000-00-00','','0000-00-00',NULL,'Coleoptritis sp., Coleoptrites sp., Coleopterites sp., Pl. I. 586','Oehningen','Deutschland','- Unbekannt -','- Basisposition -','sedimentary','specimen',NULL,NULL,'','2007-11-14 09:29:10','Pika, Milena','NO-Z 51.3-39-3:5',''),(3454,11,3,'','Pl. I. 587','',1,'','','','','0000-00-00','0000-00-00','','0000-00-00',NULL,'Coleoptritis sp., Coleoptrites sp., Coleopterites sp., Pl. I. 587','Oehningen','Deutschland','- Unbekannt -','- Basisposition -','sedimentary','specimen',NULL,NULL,'','2007-11-14 09:29:10','Pika, Milena','NO-Z 51.3-39-3:5',''),(3455,11,3,'','Pl. I. 588','',1,'','','','','0000-00-00','0000-00-00','','0000-00-00',NULL,'Coleoptritis sp., Coleoptrites sp., Coleopterites sp., Pl. I. 588','Oehningen','Deutschland','- Unbekannt -','- Basisposition -','sedimentary','specimen',NULL,NULL,'','2007-11-14 09:29:10','Pika, Milena','NO-Z 51.3-39-3:5',''),(3456,11,3,'','Pl. I. 589','',1,'','','','','0000-00-00','0000-00-00','','0000-00-00',NULL,'Coleoptritis sp., Coleoptrites sp., Coleopterites sp., Pl. I. 589','Oehningen','Deutschland','- Unbekannt -','- Basisposition -','sedimentary','specimen',NULL,NULL,'','2007-11-14 09:29:10','Pika, Milena','NO-Z 51.3-39-3:5',''),(3457,11,3,'','Pl. I. 590','',1,'','','','','0000-00-00','0000-00-00','','0000-00-00',NULL,'Coleoptritis sp., Coleoptrites sp., Coleopterites sp., Pl. I. 590','Oehningen','Deutschland','- Unbekannt -','- Basisposition -','sedimentary','specimen',NULL,NULL,'','2007-11-14 09:29:10','Pika, Milena','NO-Z 51.3-39-3:5',''),(3458,11,3,'','Pl. I. 591','',1,'','','','','0000-00-00','0000-00-00','','0000-00-00',NULL,'Coleoptritis sp., Coleoptrites sp., Coleopterites sp., Pl. I. 591','Oehningen','Deutschland','- Unbekannt -','- Basisposition -','sedimentary','specimen',NULL,NULL,'','2007-11-14 09:29:10','Pika, Milena','NO-Z 51.3-39-3:5',''),(3459,11,3,'','Pl. I. 592','',2,'','','','','0000-00-00','0000-00-00','','0000-00-00',NULL,'Coleoptritis sp., Coleoptrites sp., Coleopterites sp., Pl. I. 592','Oehningen','Deutschland','- Unbekannt -','- Basisposition -','sedimentary','specimen',NULL,NULL,'','2007-11-14 09:29:10','Pika, Milena','NO-Z 51.3-39-3:5',''),(3460,11,3,'','Pl. I. 593','',2,'','','','','0000-00-00','0000-00-00','','0000-00-00',NULL,'Coleoptritis sp., Coleoptrites sp., Coleopterites sp., Pl. I. 593','Oehningen','Deutschland','- Unbekannt -','- Basisposition -','sedimentary','specimen',NULL,NULL,'','2007-11-14 09:29:10','Pika, Milena','NO-Z 51.3-39-3:5',''),(3461,11,3,'','Pl. I. 594','',1,'','','','','0000-00-00','0000-00-00','','0000-00-00',NULL,'Coleoptritis sp., Coleoptrites sp., Coleopterites sp., Pl. I. 594','Oehningen','Deutschland','- Unbekannt -','- Basisposition -','sedimentary','specimen',NULL,NULL,'','2007-11-14 09:29:10','Pika, Milena','NO-Z 51.3-39-3:4',''),(3462,11,3,'','Pl. I. 595','',1,'','','','','0000-00-00','0000-00-00','','0000-00-00',NULL,'Coleoptritis sp., Coleoptrites sp., Coleopterites sp., Pl. I. 595','Oehningen','Deutschland','- Unbekannt -','- Basisposition -','sedimentary','specimen',NULL,NULL,'','2007-11-14 09:29:10','Pika, Milena','NO-Z 51.3-39-3:5',''),(3463,11,3,'','Pl. I. 596','',1,'','','','','0000-00-00','0000-00-00','','0000-00-00',NULL,'Coleoptritis sp., Coleoptrites sp., Coleopterites sp., Pl. I. 596','Oehningen','Deutschland','- Unbekannt -','- Basisposition -','sedimentary','specimen',NULL,NULL,'','2007-11-14 09:29:10','Pika, Milena','NO-Z 51.3-39-3:5',''),(3464,11,3,'','Pl. I. 597','',1,'','','','','0000-00-00','0000-00-00','','0000-00-00',NULL,'Coleoptritis sp., Coleoptrites sp., Coleopterites sp., Pl. I. 597','Oehningen','Deutschland','- Unbekannt -','- Basisposition -','sedimentary','specimen',NULL,NULL,'','2007-11-14 09:29:10','Pika, Milena','NO-Z 51.3-39-3:5',''),(3465,11,3,'','Pl. I. 598','',1,'','','','','0000-00-00','0000-00-00','','0000-00-00',NULL,'Coleoptritis sp., Coleoptrites sp., Coleopterites sp., Pl. I. 598','Oehningen','Deutschland','- Unbekannt -','- Basisposition -','sedimentary','specimen',NULL,NULL,'','2007-11-14 09:29:10','Pika, Milena','NO-Z 51.3-39-3:5',''),(3466,11,3,'','Pl. I. 599','',1,'','','','','0000-00-00','0000-00-00','','0000-00-00',NULL,'Coleoptritis sp., Coleoptrites sp., Coleopterites sp., Pl. I. 599','Oehningen','Deutschland','- Unbekannt -','- Basisposition -','sedimentary','specimen',NULL,NULL,'','2007-11-14 09:29:10','Pika, Milena','NO-Z 51.3-39-3:5',''),(3470,11,3,'','Pl. I. 603','',1,'','','','','0000-00-00','0000-00-00','','0000-00-00',NULL,'Coleoptritis sp., Coleoptrites sp., Coleopterites sp. ?, Pl. I. 603','Oehningen','Deutschland','- Unbekannt -','- Basisposition -','sedimentary','specimen',NULL,NULL,'','2007-11-14 09:29:10','Pika, Milena','NO-Z 51.3-39-3:6',''),(3471,11,3,'','Pl. I. 610','',1,'','','','','0000-00-00','0000-00-00','','0000-00-00',NULL,'Forficula minuta, Pl. I. 610','Oehningen','Deutschland','- Unbekannt -','- Basisposition -','sedimentary','specimen',NULL,NULL,'','2007-11-14 09:29:10','Pika, Milena','NO-Z 51.3-39-3:6',''),(3472,11,3,'','Pl. I. 611','',1,'','','','','0000-00-00','0000-00-00','','0000-00-00',NULL,'Decticus spec., Pl. I. 611','Oehningen','Deutschland','- Unbekannt -','- Basisposition -','sedimentary','specimen',NULL,NULL,'','2007-11-14 09:29:10','Pika, Milena','NO-Z 51.3-39-3:6',''),(3473,11,3,'','Pl. I. 611a','',1,'','','','','0000-00-00','0000-00-00','','0000-00-00',NULL,'Decticus speciosus HEER, Pl. I. 611a','Oehningen','Deutschland','- Unbekannt -','- Basisposition -','sedimentary','specimen',NULL,NULL,'','2007-11-14 09:29:10','Pika, Milena','NO-Z 51.3-39-3:6',''),(3474,11,3,'','Pl. I. 611b','',3,'','','','','0000-00-00','0000-00-00','','0000-00-00',NULL,'Decticus speciosus HEER, Pl. I. 611b','Oehningen','Deutschland','- Unbekannt -','- Basisposition -','sedimentary','specimen',NULL,NULL,'','2007-11-14 09:29:10','Pika, Milena','NO-Z 51.3-39-3:6',''),(3475,11,3,'','Pl. I. 611c','',1,'','','','','0000-00-00','0000-00-00','','0000-00-00',NULL,'Decticus speciosus HEER, Pl. I. 611c','Oehningen','Deutschland','- Unbekannt -','- Basisposition -','sedimentary','specimen',NULL,NULL,'','2007-11-14 09:29:10','Pika, Milena','NO-Z 51.3-39-3:6',''),(3476,11,3,'','Pl. I. 611e','',1,'','','','','0000-00-00','0000-00-00','','0000-00-00',NULL,'Decticus speciosus HEER, Pl. I. 611e','Oehningen','Deutschland','- Unbekannt -','- Basisposition -','sedimentary','specimen',NULL,NULL,'','2007-11-14 09:29:10','Pika, Milena','NO-Z 51.3-39-3:6',''),(3477,11,3,'','Pl. I. 611f','',1,'','','','','0000-00-00','0000-00-00','','0000-00-00',NULL,'Decticus speciosus HEER, Pl. I. 611f','Oehningen','Deutschland','- Unbekannt -','- Basisposition -','sedimentary','specimen',NULL,NULL,'','2007-11-14 09:29:10','Pika, Milena','NO-Z 51.3-39-3:6',''),(3478,11,3,'','Pl. I. 611h','',1,'','','','','0000-00-00','0000-00-00','','0000-00-00',NULL,'Decticus speciosus HEER, Pl. I. 611h','Oehningen','Deutschland','- Unbekannt -','- Basisposition -','sedimentary','specimen',NULL,NULL,'','2007-11-14 09:29:10','Pika, Milena','NO-Z 51.3-39-3:6',''),(3479,11,3,'','Pl. I. 612','',2,'','','','','0000-00-00','0000-00-00','','0000-00-00',NULL,'Phaneroptera vetusta HEER, Pl. I. 612','Oehningen','Deutschland','- Unbekannt -','- Basisposition -','sedimentary','specimen',NULL,NULL,'','2007-11-14 09:29:10','Pika, Milena','NO-Z 51.3-39-3:6',''),(3480,11,3,'','Pl. I. 613','',1,'','','','','0000-00-00','0000-00-00','','0000-00-00',NULL,'Oedipoda sp., Pl. I. 613','Oehningen','Deutschland','- Unbekannt -','- Basisposition -','sedimentary','specimen',NULL,NULL,'','2007-11-14 09:29:10','Pika, Milena','NO-Z 51.3-39-3:6',''),(3481,11,3,'','Pl. I. 614','',1,'','','','','0000-00-00','0000-00-00','','0000-00-00',NULL,'Oedipoda fischeri, Pl. I. 614','Oehningen','Deutschland','- Unbekannt -','- Basisposition -','sedimentary','specimen',NULL,NULL,'','2007-11-14 09:29:10','Pika, Milena','NO-Z 51.3-39-3:6',''),(3482,11,3,'','Pl. I. 615','',1,'','','','','0000-00-00','0000-00-00','','0000-00-00',NULL,'Oedipoda speciosa larva, Pl. I. 615','Oehningen','Deutschland','- Unbekannt -','- Basisposition -','sedimentary','specimen',NULL,NULL,'','2007-11-14 09:29:10','Pika, Milena','NO-Z 51.3-39-3:6',''),(3483,11,3,'','Pl. I. 616','',1,'','','','','0000-00-00','0000-00-00','','0000-00-00',NULL,'Phaneroptera (female), Gomphocerus femoralis HEER ? Tetrix sp. ? Pl. I. 616','Oehningen','Deutschland','- Unbekannt -','- Basisposition -','sedimentary','specimen',NULL,NULL,'','2007-11-14 09:29:10','Pika, Milena','NO-Z 51.3-39-3:6',''),(3484,11,3,'','Pl. I. 618','',1,'','','','','0000-00-00','0000-00-00','','0000-00-00',NULL,'Gomphocerus atavorum HEER, Pl. I. 618','Oehningen','Deutschland','- Unbekannt -','- Basisposition -','sedimentary','specimen',NULL,NULL,'','2007-11-14 09:29:10','Pika, Milena','NO-Z 51.3-39-3:6',''),(3485,11,3,'','Pl. I. 619','',1,'','','','','0000-00-00','0000-00-00','','0000-00-00',NULL,'Tetrix sp., Pl. I. 619','Oehningen','Deutschland','- Unbekannt -','- Basisposition -','sedimentary','specimen',NULL,NULL,'','2007-11-14 09:29:10','Pika, Milena','NO-Z 51.3-39-3:6',''),(3486,11,3,'','Pl. I. 620','',1,'','','','','0000-00-00','0000-00-00','','0000-00-00',NULL,'Larve, Pl. I. 620','Oehningen','Deutschland','- Unbekannt -','- Basisposition -','sedimentary','specimen',NULL,NULL,'','2007-11-14 09:29:10','Pika, Milena','NO-Z 51.3-39-3:6',''),(3487,11,3,'','Pl. I. 621','',2,'','','','','0000-00-00','0000-00-00','','0000-00-00',NULL,'Forficula recta HEER, Pl. I. 621','Oehningen','Deutschland','- Unbekannt -','- Basisposition -','sedimentary','specimen',NULL,NULL,'','2007-11-14 09:29:10','Pika, Milena','NO-Z 51.3-39-3:6',''),(3488,11,3,'','Pl. I. 622','',1,'','','','','0000-00-00','0000-00-00','','0000-00-00',NULL,'Blattidium coloratum HEER, Pl. I. 622','Oehningen','Deutschland','- Unbekannt -','- Basisposition -','sedimentary','specimen',NULL,NULL,'','2007-11-14 09:29:10','Pika, Milena','NO-Z 51.3-39-3:6',''),(3489,11,3,'','Pl. I. 624','',1,'','','','','0000-00-00','0000-00-00','','0000-00-00',NULL,'Decticus speciosus HEER, Pl. I. 624','Oehningen','Deutschland','- Unbekannt -','- Basisposition -','sedimentary','specimen',NULL,NULL,'','2007-11-14 09:29:10','Pika, Milena','NO-Z 51.3-39-3:6',''),(3490,11,3,'','Pl. I. 626','',1,'','','','','0000-00-00','0000-00-00','','0000-00-00',NULL,'Decticus speciosus HEER, Porana oeningensis, Acer trilobatum, Pl. I. 626','Oehningen','Deutschland','- Unbekannt -','- Basisposition -','sedimentary','specimen',NULL,NULL,'Hinterbein von Acridium spec.?','2007-11-14 09:29:10','Pika, Milena','NO-Z 51.3-39-3:6',''),(3491,11,3,'','Pl. I. 627','',2,'','','','','0000-00-00','0000-00-00','','0000-00-00',NULL,'Decticus variegatus HEER, Pl. I. 627','Oehningen','Deutschland','- Unbekannt -','- Basisposition -','sedimentary','specimen',NULL,NULL,'','2007-11-14 09:29:10','Pika, Milena','NO-Z 51.3-39-3:6',''),(3492,11,3,'','Pl. I. 628','',1,'','','','','0000-00-00','0000-00-00','','0000-00-00',NULL,'Decticus spec., Pl. I. 628','Oehningen','Deutschland','- Unbekannt -','- Basisposition -','sedimentary','specimen',NULL,NULL,'','2007-11-14 09:29:10','Pika, Milena','NO-Z 51.3-39-3:6',''),(3493,11,3,'','Pl. I. 629','',1,'','','','','0000-00-00','0000-00-00','','0000-00-00',NULL,'Pl. I. 629','Oehningen','Deutschland','- Unbekannt -','- Basisposition -','sedimentary','specimen',NULL,NULL,'','2007-11-14 09:29:10','Pika, Milena','NO-Z 51.3-39-3:6',''),(3494,11,3,'','Pl. I. 630','',1,'','','','','0000-00-00','0000-00-00','','0000-00-00',NULL,'Gryllotalpa ? Pl. I. 630','Oehningen','Deutschland','- Unbekannt -','- Basisposition -','sedimentary','specimen',NULL,NULL,'','2007-11-14 09:29:10','Pika, Milena','NO-Z 51.3-39-3:6',''),(3495,11,3,'','Pl. I. 631','',2,'','','','','0000-00-00','0000-00-00','','0000-00-00',NULL,'Heuschreckenbeine, Pl. I. 631','Oehningen','Deutschland','- Unbekannt -','- Basisposition -','sedimentary','specimen',NULL,NULL,'','2007-11-14 09:29:10','Pika, Milena','NO-Z 51.3-39-3:6',''),(3496,11,3,'','Pl. I. 632','',2,'','','','','0000-00-00','0000-00-00','','0000-00-00',NULL,'Gryllus troglodytes, Pl. I. 632','Oehningen','Deutschland','- Unbekannt -','- Basisposition -','sedimentary','specimen',NULL,NULL,'','2007-11-14 09:29:10','Pika, Milena','NO-Z 51.3-39-3:6',''),(3497,11,3,'','Pl. I. 633','',1,'','','','','0000-00-00','0000-00-00','','0000-00-00',NULL,'Ephemera oeningensis HEER, Pl. I. 633','Oehningen','Deutschland','- Unbekannt -','- Basisposition -','sedimentary','specimen',NULL,NULL,'','2007-11-14 09:29:10','Pika, Milena','NO-Z 51.3-39-3:6',''),(3498,11,3,'','Pl. I. 634','',1,'','','','','0000-00-00','0000-00-00','','0000-00-00',NULL,'Thrips oeningensis HEER, Pl. I. 634','Oehningen','Deutschland','- Unbekannt -','- Basisposition -','sedimentary','specimen',NULL,NULL,'','2007-11-14 09:29:10','Pika, Milena','NO-Z 51.3-39-3:6',''),(3499,11,3,'','Pl. I. 635','',1,'','','','','0000-00-00','0000-00-00','','0000-00-00',NULL,'Thrips, Pl. I. 635','Oehningen','Deutschland','- Unbekannt -','- Basisposition -','sedimentary','specimen',NULL,NULL,'','2007-11-14 09:29:10','Pika, Milena','NO-Z 51.3-39-3:6',''),(3500,11,3,'','Pl. I. 636','',1,'','','','','0000-00-00','0000-00-00','','0000-00-00',NULL,'Thrips annosa HEER, Pl. I. 636','Oehningen','Deutschland','- Unbekannt -','- Basisposition -','sedimentary','specimen',NULL,NULL,'','2007-11-14 09:29:10','Pika, Milena','NO-Z 51.3-39-3:6',''),(3501,11,3,'','Pl. I. 570','',1,'','','','','0000-00-00','0000-00-00','','0000-00-00',NULL,'Coccinella sphaerula HEER, Pl. I. 570','Oehningen','Deutschland','- Unbekannt -','- Basisposition -','sedimentary','specimen',NULL,NULL,'','2007-11-14 09:29:10','Pika, Milena','NO-Z 51.3-39-3:5',''),(3502,11,3,'','Pl. I. 422','',1,'','','','','0000-00-00','0000-00-00','','0000-00-00',NULL,'Blattina colorata HEER, Pl. I. 422','Oehningen','Deutschland','- Unbekannt -','- Basisposition -','sedimentary','specimen',NULL,NULL,'','2007-11-14 09:29:10','Pika, Milena','NO-Z 51.3-39-3:4',''),(3503,11,3,'','Pl. I. 637','',1,'','','','','0000-00-00','0000-00-00','','0000-00-00',NULL,'Orthoptera Flügel, Pl. I. 637','Oehningen','Deutschland','- Unbekannt -','- Basisposition -','sedimentary','specimen',NULL,NULL,'','2007-11-14 09:29:10','Pika, Milena','NO-Z 51.3-39-3:6',''),(3504,11,3,'','Pl. I. 638','',1,'','','','','0000-00-00','0000-00-00','','0000-00-00',NULL,'Oedipoda ? Pl. I. 638','Oehningen','Deutschland','- Unbekannt -','- Basisposition -','sedimentary','specimen',NULL,NULL,'','2007-11-14 09:29:10','Pika, Milena','NO-Z 51.3-39-3:6',''),(3505,11,3,'','Pl. I. 639','',1,'','','','','0000-00-00','0000-00-00','','0000-00-00',NULL,'Oedipoda ? Pl. I. 639','Oehningen','Deutschland','- Unbekannt -','- Basisposition -','sedimentary','specimen',NULL,NULL,'','2007-11-14 09:29:10','Pika, Milena','NO-Z 51.3-39-3:6',''),(3506,11,3,'','Pl. I. 640','',1,'','','','','0000-00-00','0000-00-00','','0000-00-00',NULL,'Termes buchii HEER ? Pl. I. 640','Oehningen','Deutschland','- Unbekannt -','- Basisposition -','sedimentary','specimen',NULL,NULL,'','2007-11-14 09:29:10','Pika, Milena','NO-Z 51.3-39-3:6',''),(3507,11,3,'','Pl. I. 641','',1,'','','','','0000-00-00','0000-00-00','','0000-00-00',NULL,'Termes ? Pl. I. 641','Oehningen','Deutschland','- Unbekannt -','- Basisposition -','sedimentary','specimen',NULL,NULL,'','2007-11-14 09:29:10','Pika, Milena','NO-Z 51.3-39-3:6',''),(3508,11,3,'','Pl. I. 642','',1,'','','','','0000-00-00','0000-00-00','','0000-00-00',NULL,'Forficula primigenia HEER, Pl. I. 642','Oehningen','Deutschland','- Unbekannt -','- Basisposition -','sedimentary','specimen',NULL,NULL,'','2007-11-14 09:29:10','Pika, Milena','NO-Z 51.3-39-3:6',''),(3509,11,3,'','Pl. I. 643','',1,'','','','','0000-00-00','0000-00-00','','0000-00-00',NULL,'Termes ? Pl. I. 643','Oehningen','Deutschland','- Unbekannt -','- Basisposition -','sedimentary','specimen',NULL,NULL,'','2007-11-14 09:29:10','Pika, Milena','NO-Z 51.3-39-3:6',''),(3510,11,3,'','Pl. I. 644','',1,'','','','','0000-00-00','0000-00-00','','0000-00-00',NULL,'Termes hartungi HEER, Pl. I. 644','Oehningen','Deutschland','- Unbekannt -','- Basisposition -','sedimentary','specimen',NULL,NULL,'','2007-11-14 09:29:10','Pika, Milena','NO-Z 51.3-39-3:6',''),(3511,11,3,'','Pl. I. 644a','',1,'','','','','0000-00-00','0000-00-00','','0000-00-00',NULL,'Pentatoma antiquum mit Termes buchi HEER, Pl. I. 644a','Oehningen','Deutschland','- Unbekannt -','- Basisposition -','sedimentary','specimen',NULL,NULL,'','2007-11-14 09:29:10','Pika, Milena','NO-Z 51.3-39-3:6',''),(3512,11,3,'','Pl. I. 645','',1,'','','','','0000-00-00','0000-00-00','','0000-00-00',NULL,'Termes, Pl. I. 645','Oehningen','Deutschland','- Unbekannt -','- Basisposition -','sedimentary','specimen',NULL,NULL,'','2007-11-14 09:29:10','Pika, Milena','NO-Z 51.3-39-3:6',''),(3513,11,3,'','Pl. I. 646','',1,'','','','','0000-00-00','0000-00-00','','0000-00-00',NULL,'Termes, Pl. I. 646','Oehningen','Deutschland','- Unbekannt -','- Basisposition -','sedimentary','specimen',NULL,NULL,'','2007-11-14 09:29:10','Pika, Milena','NO-Z 51.3-39-3:6',''),(3514,11,3,'','Pl. I. 647','',1,'','','','','0000-00-00','0000-00-00','','0000-00-00',NULL,'Blattina oeningensis HEER and Prionus granulosus, Pl. I. 647','Oehningen','Deutschland','- Unbekannt -','- Basisposition -','sedimentary','specimen',NULL,NULL,'','2007-11-14 09:29:10','Pika, Milena','NO-Z 51.3-39-3:6',''),(3515,11,3,'','Pl. I. 648','',1,'','','','','0000-00-00','0000-00-00','','0000-00-00',NULL,'Libellula atava HEER, Pl. I. 648','Oehningen','Deutschland','- Unbekannt -','- Basisposition -','sedimentary','specimen',NULL,NULL,'','2007-11-14 09:29:10','Pika, Milena','NO-Z 51.3-39-3:6',''),(3516,11,3,'','Pl. I. 649','',1,'','','','','0000-00-00','0000-00-00','','0000-00-00',NULL,'Libellula tincta HEER, Pl. I. 649','Oehningen','Deutschland','- Unbekannt -','- Basisposition -','sedimentary','specimen',NULL,NULL,'','2007-11-14 09:29:10','Pika, Milena','NO-Z 51.3-39-3:6',''),(3517,11,3,'','Pl. I. 650','',1,'','','','','0000-00-00','0000-00-00','','0000-00-00',NULL,'Libellula atava HEER, Pl. I. 650','Oehningen','Deutschland','- Unbekannt -','- Basisposition -','sedimentary','specimen',NULL,NULL,'','2007-11-14 09:29:10','Pika, Milena','NO-Z 51.3-39-3:6',''),(3518,11,3,'','Pl. I. 651','',1,'','','','','0000-00-00','0000-00-00','','0000-00-00',NULL,'Libellula eurynome, Pl. I. 651','Oehningen','Deutschland','- Unbekannt -','- Basisposition -','sedimentary','specimen',NULL,NULL,'','2007-11-14 09:29:10','Pika, Milena','NO-Z 51.3-39-3:6',''),(3519,11,3,'','Pl. I. 652','',3,'','','','','0000-00-00','0000-00-00','','0000-00-00',NULL,'Libellula doris HEER, Pl. I. 652','Oehningen','Deutschland','- Unbekannt -','- Basisposition -','sedimentary','specimen',NULL,NULL,'','2007-11-14 09:29:10','Pika, Milena','NO-Z 51.3-39-3:6',''),(3520,11,3,'','Pl. I. 653','',7,'','','','','0000-00-00','0000-00-00','','0000-00-00',NULL,'Libellula ventricosa HEER, Pl. I. 653','Oehningen','Deutschland','- Unbekannt -','- Basisposition -','sedimentary','specimen',NULL,NULL,'','2007-11-14 09:29:10','Pika, Milena','NO-Z 51.3-39-3:6',''),(3521,11,3,'','Pl. I. 654','',1,'','','','','0000-00-00','0000-00-00','','0000-00-00',NULL,'Libellula sp. (Imago) Pl. I. 654','Oehningen','Deutschland','- Unbekannt -','- Basisposition -','sedimentary','specimen',NULL,NULL,'Vier ausgebreitete Flügel und Kopf. Photo!','2007-11-14 09:29:10','Pika, Milena','NO-Z 51.3-39-3:6',''),(3522,11,3,'','Pl. I. 655','',1,'','','','','0000-00-00','0000-00-00','','0000-00-00',NULL,'Libellula calypso HEER, Pl. I. 655','Oehningen','Deutschland','- Unbekannt -','- Basisposition -','sedimentary','specimen',NULL,NULL,'','2007-11-14 09:29:10','Pika, Milena','NO-Z 51.3-39-3:6',''),(3523,11,3,'','Pl. I. 656','',1,'','','','','0000-00-00','0000-00-00','','0000-00-00',NULL,'Libellula Larve, Pl. I. 656','Oehningen','Deutschland','- Unbekannt -','- Basisposition -','sedimentary','specimen',NULL,NULL,'','2007-11-14 09:29:10','Pika, Milena','NO-Z 51.3-39-3:6',''),(3524,11,3,'','Pl. I. 657','',1,'','','','','0000-00-00','0000-00-00','','0000-00-00',NULL,'Aeschna eudore HEER, Pl. I. 657','Oehningen','Deutschland','- Unbekannt -','- Basisposition -','sedimentary','specimen',NULL,NULL,'','2007-11-14 09:29:10','Pika, Milena','NO-Z 51.3-39-3:6',''),(3525,11,3,'','Pl. I. 658','',1,'','','','','0000-00-00','0000-00-00','','0000-00-00',NULL,'Agrion peisinoe, Pl. I. 658','Oehningen','Deutschland','- Unbekannt -','- Basisposition -','sedimentary','specimen',NULL,NULL,'','2007-11-14 09:29:10','Pika, Milena','NO-Z 51.3-39-3:6',''),(3526,11,3,'','Pl. I. 659','',1,'','','','','0000-00-00','0000-00-00','','0000-00-00',NULL,'Agrion aglaope HEER, Pl. I. 659','Oehningen','Deutschland','- Unbekannt -','- Basisposition -','sedimentary','specimen',NULL,NULL,'','2007-11-14 09:29:10','Pika, Milena','NO-Z 51.3-39-3:6',''),(3534,11,3,'','Pl. I. 666','',1,'','','','','0000-00-00','0000-00-00','','0000-00-00',NULL,'Libellula fugax HEER, Pl. I. 666','Oehningen','Deutschland','- Unbekannt -','- Basisposition -','sedimentary','specimen',NULL,NULL,'','2007-11-14 09:29:10','Pika, Milena','NO-Z 51.3-39-3:7',''),(3528,11,3,'','Pl. I. 660','',1,'','','','','0000-00-00','0000-00-00','','0000-00-00',NULL,'Larve, Pl. I. 660','Oehningen','Deutschland','- Unbekannt -','- Basisposition -','sedimentary','specimen',NULL,NULL,'','2007-11-14 09:29:10','Pika, Milena','NO-Z 51.3-39-3:7',''),(3529,11,3,'','Pl. I. 661','',1,'','','','','0000-00-00','0000-00-00','','0000-00-00',NULL,'Phryganea, Pl. I. 661','Oehningen','Deutschland','- Unbekannt -','- Basisposition -','sedimentary','specimen',NULL,NULL,'','2007-11-14 09:29:10','Pika, Milena','NO-Z 51.3-39-3:7',''),(3530,11,3,'','Pl. I. 662','',1,'','','','','0000-00-00','0000-00-00','','0000-00-00',NULL,'Agrion parthenope HEER, Pl. I. 662','Oehningen','Deutschland','- Unbekannt -','- Basisposition -','sedimentary','specimen',NULL,NULL,'','2007-11-14 09:29:10','Pika, Milena','NO-Z 51.3-39-3:7',''),(3531,11,3,'','Pl. I. 663','',1,'','','','','0000-00-00','0000-00-00','','0000-00-00',NULL,'Libellula spec., Pl. I. 663','Oehningen','Deutschland','- Unbekannt -','- Basisposition -','sedimentary','specimen',NULL,NULL,'Vier ausgebreitete Flügel und Kopf. Photo!','2007-11-14 09:29:10','Pika, Milena','NO-Z 51.3-39-3:7',''),(3532,11,3,'','Pl. I. 665','',1,'','','','','0000-00-00','0000-00-00','','0000-00-00',NULL,'Libellula fugax HEER, Pl. I. 665','Oehningen','Deutschland','- Unbekannt -','- Basisposition -','sedimentary','specimen',NULL,NULL,'','2007-11-14 09:29:10','Pika, Milena','NO-Z 51.3-39-3:7',''),(3533,11,3,'','Pl. I. 664','',4,'','','','','0000-00-00','0000-00-00','','0000-00-00',NULL,'Libellula doris HEER, Pl. I. 664, 135','Oehningen','Deutschland','- Unbekannt -','- Basisposition -','sedimentary','specimen',NULL,NULL,'','2007-11-14 09:29:10','Pika, Milena','NO-Z 51.3-39-3:7',''),(3535,11,3,'','Pl. I. 667','',1,'','','','','0000-00-00','0000-00-00','','0000-00-00',NULL,'Libellula tincta Heer, Pl. I. 667','Oehningen','Deutschland','- Unbekannt -','- Basisposition -','sedimentary','specimen',NULL,NULL,'','2007-11-14 09:29:10','Pika, Milena','NO-Z 51.3-39-3:7',''),(3536,11,3,'','Pl. I. 668','',1,'','','','','0000-00-00','0000-00-00','','0000-00-00',NULL,'Agrion euryale HEER, Pl. I. 668','Oehningen','Deutschland','- Unbekannt -','- Basisposition -','sedimentary','specimen',NULL,NULL,'','2007-11-14 09:29:10','Pika, Milena','NO-Z 51.3-39-3:7',''),(3537,11,3,'','Pl. I. 669','',1,'','','','','0000-00-00','0000-00-00','','0000-00-00',NULL,'Agrion peisinoe HEER, Pl. I. 669','Oehningen','Deutschland','- Unbekannt -','- Basisposition -','sedimentary','specimen',NULL,NULL,'','2007-11-14 09:29:10','Pika, Milena','NO-Z 51.3-39-3:7',''),(3538,11,3,'','Pl. I. 676','',1,'','','','','0000-00-00','0000-00-00','','0000-00-00',NULL,'Phryganea gessneriana HEER, Pl. I. 676','Oehningen','Deutschland','- Unbekannt -','- Basisposition -','sedimentary','specimen',NULL,NULL,'','2007-11-14 09:29:10','Pika, Milena','NO-Z 51.3-39-3:7',''),(3539,11,3,'','Pl. I. 677','',1,'','','','','0000-00-00','0000-00-00','','0000-00-00',NULL,'Phryganea, Pl. I. 667','Oehningen','Deutschland','- Unbekannt -','- Basisposition -','sedimentary','specimen',NULL,NULL,'','2007-11-14 09:29:10','Pika, Milena','NO-Z 51.3-39-3:7',''),(3540,11,3,'','Pl. I. 694','',1,'','','','','0000-00-00','0000-00-00','','0000-00-00',NULL,'Formica lignitum, Pl. I. 694','Oehningen','Deutschland','- Unbekannt -','- Basisposition -','sedimentary','specimen',NULL,NULL,'','2007-11-14 09:29:10','Pika, Milena','NO-Z 51.3-39-3:7',''),(3541,11,3,'','Pl. I. 697','',1,'','','','','0000-00-00','0000-00-00','','0000-00-00',NULL,'Elateride ? Pl. I. 697','Oehningen','Deutschland','- Unbekannt -','- Basisposition -','sedimentary','specimen',NULL,NULL,'','2007-11-14 09:29:10','Pika, Milena','NO-Z 51.3-39-3:7',''),(3542,11,3,'','Pl. I. 704','',1,'','','','','0000-00-00','0000-00-00','','0000-00-00',NULL,'Formica heraclea HEER, Pl. I. 704','Oehningen','Deutschland','- Unbekannt -','- Basisposition -','sedimentary','specimen',NULL,NULL,'','2007-11-14 09:29:10','Pika, Milena','NO-Z 51.3-39-3:8',''),(3543,11,3,'','Pl. I. 713','',1,'','','','','0000-00-00','0000-00-00','','0000-00-00',NULL,'Anthophorites torsa HEER, Pl. I. 713','Oehningen','Deutschland','- Unbekannt -','- Basisposition -','sedimentary','specimen',NULL,NULL,'','2007-11-14 09:29:10','Pika, Milena','NO-Z 51.3-39-3:8',''),(3544,11,3,'','Pl. I. 714','',1,'','','','','0000-00-00','0000-00-00','','0000-00-00',NULL,'Osmia effossa HEER, Pl. I. 714','Oehningen','Deutschland','- Unbekannt -','- Basisposition -','sedimentary','specimen',NULL,NULL,'','2007-11-14 09:29:10','Pika, Milena','NO-Z 51.3-39-3:8',''),(3545,11,3,'','Pl. I. 715','',1,'','','','','0000-00-00','0000-00-00','','0000-00-00',NULL,'Pl. I. 715','Oehningen','Deutschland','- Unbekannt -','- Basisposition -','sedimentary','specimen',NULL,NULL,'','2007-11-14 09:29:10','Pika, Milena','NO-Z 51.3-39-3:8',''),(3546,11,3,'','Pl. I. 717','',1,'','','','','0000-00-00','0000-00-00','','0000-00-00',NULL,'Osmia immortua HEER, Pl. I. 717','Oehningen','Deutschland','- Unbekannt -','- Basisposition -','sedimentary','specimen',NULL,NULL,'','2007-11-14 09:29:10','Pika, Milena','NO-Z 51.3-39-3:8',''),(3547,11,3,'','Pl. I. 730','',2,'','','','','0000-00-00','0000-00-00','','0000-00-00',NULL,'Imhoffia grandis HEER, Pl. I. 730','Oehningen','Deutschland','- Unbekannt -','- Basisposition -','sedimentary','specimen',NULL,NULL,'','2007-11-14 09:29:10','Pika, Milena','NO-Z 51.3-39-3:8',''),(3548,11,3,'','Pl. I. 731','',2,'','','','','0000-00-00','0000-00-00','','0000-00-00',NULL,'Imhoffia nigra HEER, Pl. I. 731','Oehningen','Deutschland','- Unbekannt -','- Basisposition -','sedimentary','specimen',NULL,NULL,'Photographieren!','2007-11-14 09:29:10','Pika, Milena','NO-Z 51.3-39-3:8',''),(3549,11,3,'','Pl. I. 732','',1,'','','','','0000-00-00','0000-00-00','','0000-00-00',NULL,'Imhoffia pallida HEER, Pl. I. 732','Oehningen','Deutschland','- Unbekannt -','- Basisposition -','sedimentary','specimen',NULL,NULL,'','2007-11-14 09:29:10','Pika, Milena','NO-Z 51.3-39-3:8',''),(3550,11,3,'','Pl. I. 746','',1,'','','','','0000-00-00','0000-00-00','','0000-00-00',NULL,'Pl. I. 746','Oehningen','Deutschland','- Unbekannt -','- Basisposition -','sedimentary','specimen',NULL,NULL,'','2007-11-14 09:29:10','Pika, Milena','NO-Z 51.3-39-3:8',''),(3551,11,3,'','Pl. I. 747','',1,'','','','','0000-00-00','0000-00-00','','0000-00-00',NULL,'Pl. I. 747','Oehningen','Deutschland','- Unbekannt -','- Basisposition -','sedimentary','specimen',NULL,NULL,'','2007-11-14 09:29:10','Pika, Milena','NO-Z 51.3-39-3:8',''),(3552,11,3,'','Pl. 748','',1,'','','','','0000-00-00','0000-00-00','','0000-00-00',NULL,'Pl. I. 748','Oehningen','Deutschland','- Unbekannt -','- Basisposition -','sedimentary','specimen',NULL,NULL,'','2007-11-14 09:29:10','Pika, Milena','NO-Z 51.3-39-3:8',''),(3553,11,3,'','Pl. I. 749','',1,'','','','','0000-00-00','0000-00-00','','0000-00-00',NULL,'Pl. I. 749','Oehningen','Deutschland','- Unbekannt -','- Basisposition -','sedimentary','specimen',NULL,NULL,'','2007-11-14 09:29:10','Pika, Milena','NO-Z 51.3-39-3:8',''),(3554,11,3,'','Pl. I. 750','',1,'','','','','0000-00-00','0000-00-00','','0000-00-00',NULL,'Pl. I. 750','Oehningen','Deutschland','- Unbekannt -','- Basisposition -','sedimentary','specimen',NULL,NULL,'','2007-11-14 09:29:10','Pika, Milena','NO-Z 51.3-39-3:8',''),(3555,11,3,'','Pl. I. 752','',1,'','','','','0000-00-00','0000-00-00','','0000-00-00',NULL,'Pl. I. 752','Oehningen','Deutschland','- Unbekannt -','- Basisposition -','sedimentary','specimen',NULL,NULL,'','2007-11-14 09:29:10','Pika, Milena','NO-Z 51.3-39-3:8',''),(3556,11,3,'','Pl. I. 753','',1,'','','','','0000-00-00','0000-00-00','','0000-00-00',NULL,'Pl. I. 753','Oehningen','Deutschland','- Unbekannt -','- Basisposition -','sedimentary','specimen',NULL,NULL,'','2007-11-14 09:29:10','Pika, Milena','NO-Z 51.3-39-3:8',''),(3557,11,3,'','Pl. I. 756','',1,'','','','','0000-00-00','0000-00-00','','0000-00-00',NULL,'Pl. I. 756','Oehningen','Deutschland','- Unbekannt -','- Basisposition -','sedimentary','specimen',NULL,NULL,'','2007-11-14 09:29:10','Pika, Milena','NO-Z 51.3-39-3:8',''),(3558,11,3,'','Pl. I. 757','',1,'','','','','0000-00-00','0000-00-00','','0000-00-00',NULL,'Pl. I. 757','Oehningen','Deutschland','- Unbekannt -','- Basisposition -','sedimentary','specimen',NULL,NULL,'','2007-11-14 09:29:10','Pika, Milena','NO-Z 51.3-39-3:8',''),(3559,11,3,'','Pl. I. 758','',1,'','','','','0000-00-00','0000-00-00','','0000-00-00',NULL,'Pl. I. 758','Oehningen','Deutschland','- Unbekannt -','- Basisposition -','sedimentary','specimen',NULL,NULL,'','2007-11-14 09:29:10','Pika, Milena','NO-Z 51.3-39-3:8',''),(3560,11,3,'','Pl. I. 759','',1,'','','','','0000-00-00','0000-00-00','','0000-00-00',NULL,'Pl. I. 759','Oehningen','Deutschland','- Unbekannt -','- Basisposition -','sedimentary','specimen',NULL,NULL,'','2007-11-14 09:29:10','Pika, Milena','NO-Z 51.3-39-3:8',''),(3561,11,3,'','Pl. I. 760','',1,'','','','','0000-00-00','0000-00-00','','0000-00-00',NULL,'Pl. I. 760','Oehningen','Deutschland','- Unbekannt -','- Basisposition -','sedimentary','specimen',NULL,NULL,'','2007-11-14 09:29:10','Pika, Milena','NO-Z 51.3-39-3:8',''),(3563,10,4,'','B 8 (N.212)','',1,'','','','','0000-00-00','0000-00-00','','0000-00-00','Myrica sp.; Heer 1859, T 151, F 16: Quercus orionis HEER',NULL,NULL,'Deutschland','Geschenk/Legat','- Basisposition -','sedimentary','fossil','Blaetter',NULL,'Hypotypoid zu HANTKE, R. 1964, T 2, F 3','2007-11-14 09:29:10','Pika, Milena','NO-D24-40-2:6','Heer, O.-1855-GEOL KA 4043'),(3564,11,3,'','Pl. I. 761','',1,'','','','','0000-00-00','0000-00-00','','0000-00-00',NULL,'Imhoffia microgochrea ? microgaster ? microgactria? Pl. I. 761','Oehningen','Deutschland','- Unbekannt -','- Basisposition -','sedimentary','specimen',NULL,NULL,'','2007-11-14 09:29:10','Pika, Milena','NO-Z 51.3-39-3:8',''),(3565,11,3,'','Pl. I. 762','',1,'','','','','0000-00-00','0000-00-00','','0000-00-00',NULL,'Pl. I. 762','Oehningen','Deutschland','- Unbekannt -','- Basisposition -','sedimentary','specimen',NULL,NULL,'','2007-11-14 09:29:10','Pika, Milena','NO-Z 51.3-39-3:8',''),(3566,11,3,'','Pl. I. 764','',1,'','','','','0000-00-00','0000-00-00','','0000-00-00',NULL,'Pl. I. 764','Oehningen','Deutschland','- Unbekannt -','- Basisposition -','sedimentary','specimen',NULL,NULL,'','2007-11-14 09:29:10','Pika, Milena','NO-Z 51.3-39-3:8',''),(3567,11,3,'','Pl. I. 765','',1,'','','','','0000-00-00','0000-00-00','','0000-00-00',NULL,'Pl. I. 765','Oehningen','Deutschland','- Unbekannt -','- Basisposition -','sedimentary','specimen',NULL,NULL,'','2007-11-14 09:29:10','Pika, Milena','NO-Z 51.3-39-3:8',''),(3568,11,3,'','Pl. I. 766','',1,'','','','','0000-00-00','0000-00-00','','0000-00-00',NULL,'Pl. I. 766','Oehningen','Deutschland','- Unbekannt -','- Basisposition -','sedimentary','specimen',NULL,NULL,'','2007-11-14 09:29:10','Pika, Milena','NO-Z 51.3-39-3:8',''),(3569,10,4,'','B 236','',1,'','','','','0000-00-00','2007-05-20','','0000-00-00','Sapindus falcifolius; A. BRAUN, HEER 1859, T 120, F 9',NULL,NULL,'Deutschland','Geschenk/Legat','- Basisposition -','sedimentary','fossil','Blaetter',NULL,'Hypotypoid zu HEER 1859, T 120, F 9','2007-11-14 09:29:10','Pika, Milena','NO-D24-40-2:6','Heer, O.-1855-GEOL KA 4043'),(3570,10,4,'','B 709','N. 518',1,'','','','','0000-00-00','2007-05-20','','0000-00-00','Acer angustilobum HEER s. PAX; Heer 1859, T 155, F 13b: Acer rüminianum HEER',NULL,NULL,'Deutschland','Geschenk/Legat','- Basisposition -','sedimentary','fossil','Blaetter',NULL,'Hypotypoid zu Heer O., 1859, T 155, F 13b: Acer rüminianum HEER','2007-11-14 09:29:10','Pika, Milena','NO-D24-40-2:6','Heer, O.-1855-GEOL KA 4043'),(3571,11,3,'','Pl. I. 810','',1,'','','','','0000-00-00','0000-00-00','','0000-00-00',NULL,'Pl. I. 810','Oehningen','Deutschland','- Unbekannt -','- Basisposition -','sedimentary','specimen',NULL,NULL,'','2007-11-14 09:29:10','Pika, Milena','NO-Z 51.3-39-3:8',''),(3572,11,3,'','Pl. I. 811','',1,'','','','','0000-00-00','0000-00-00','','0000-00-00',NULL,'Chironomus atavinus HEER, Pl. I. 811','Oehningen','Deutschland','- Unbekannt -','- Basisposition -','sedimentary','specimen',NULL,NULL,'','2007-11-14 09:29:10','Pika, Milena','NO-Z 51.3-39-3:8',''),(3573,11,3,'','Pl. I. 824','',1,'','','','','0000-00-00','0000-00-00','','0000-00-00',NULL,'Pl. I. 824','Oehningen','Deutschland','- Unbekannt -','- Basisposition -','sedimentary','specimen',NULL,NULL,'\"Sehr lange Fühler\"','2007-11-14 09:29:10','Pika, Milena','NO-Z 51.3-39-3:8',''),(3574,11,3,'','Pl. I. 838','',1,'','','','','0000-00-00','0000-00-00','','0000-00-00',NULL,'Malachius sp. ? Pl. I. 838','Oehningen','Deutschland','- Unbekannt -','- Basisposition -','sedimentary','specimen',NULL,NULL,'','2007-11-14 09:29:10','Pika, Milena','NO-Z 51.3-39-3:8',''),(3575,11,3,'','Pl. I. 843','',1,'','','','','0000-00-00','0000-00-00','','0000-00-00',NULL,'Chironomus gaudini, Daphnia Eier, Pl. I. 843','Oehningen','Deutschland','- Unbekannt -','- Basisposition -','sedimentary','specimen',NULL,NULL,'','2007-11-14 09:29:10','Pika, Milena','NO-Z 51.3-39-3:8',''),(3576,11,3,'','Pl. I. 861','',1,'','','','','0000-00-00','0000-00-00','','0000-00-00',NULL,'Elater sp., Pl. I. 861','Oehningen','Deutschland','- Unbekannt -','- Basisposition -','sedimentary','specimen',NULL,NULL,'','2007-11-14 09:29:10','Pika, Milena','NO-Z 51.3-39-3:8',''),(3577,11,3,'','Pl. I. 866','',1,'','','','','0000-00-00','0000-00-00','','0000-00-00',NULL,'Pl. I. 866','Oehningen','Deutschland','- Unbekannt -','- Basisposition -','sedimentary','specimen',NULL,NULL,'','2007-11-14 09:29:10','Pika, Milena','NO-Z 51.3-39-3:8',''),(3578,11,3,'','Pl. I. 877','',1,'','','','','0000-00-00','0000-00-00','','0000-00-00',NULL,'Protomyia longipennis, Pl. I. 877','Oehningen','Deutschland','- Unbekannt -','- Basisposition -','sedimentary','specimen',NULL,NULL,'','2007-11-14 09:29:10','Pika, Milena','NO-Z 51.3-39-3:8',''),(3579,11,3,'','Pl. I. 883','',1,'','','','','0000-00-00','0000-00-00','','0000-00-00',NULL,'Xylophagus oeningensis, Pl. I. 883','Oehningen','Deutschland','- Unbekannt -','- Basisposition -','sedimentary','specimen',NULL,NULL,'','2007-11-14 09:29:10','Pika, Milena','NO-Z 51.3-39-3:8',''),(3580,11,3,'','Pl. I. 901','',3,'','','','','0000-00-00','0000-00-00','','0000-00-00',NULL,'Pachycoris burmeisteri, Pachycoris germani HEER, Pl. I. 901','Oehningen','Deutschland','- Unbekannt -','- Basisposition -','sedimentary','specimen',NULL,NULL,'','2007-11-14 09:29:10','Pika, Milena','NO-Z 51.3-39-3:9',''),(3581,11,3,'','Pl. I. 902','',3,'','','','','0000-00-00','0000-00-00','','0000-00-00',NULL,'Pachycoris escheri HEER, Pl. I. 902','Oehningen','Deutschland','- Unbekannt -','- Basisposition -','sedimentary','specimen',NULL,NULL,'','2007-11-14 09:29:10','Pika, Milena','NO-Z 51.3-39-3:9',''),(3582,11,3,'','Pl. i. 904','',1,'','','','','0000-00-00','0000-00-00','','0000-00-00',NULL,'Tetyra (or Tethyra) hassii HEER, Pl. I. 904','Oehningen','Deutschland','- Unbekannt -','- Basisposition -','sedimentary','specimen',NULL,NULL,'','2007-11-14 09:29:10','Pika, Milena','NO-Z 51.3-39-3:9',''),(3583,11,3,'','Pl. I. 906','',2,'','','','','0000-00-00','0000-00-00','','0000-00-00',NULL,'Cydnopsis punctulata HEER, Pl. I. 906','Oehningen','Deutschland','- Unbekannt -','- Basisposition -','sedimentary','specimen',NULL,NULL,'','2007-11-14 09:29:10','Pika, Milena','NO-Z 51.3-39-3:9',''),(3584,11,3,'','Pl. I. 909','',5,'','','','','0000-00-00','0000-00-00','','0000-00-00',NULL,'Cydnopsis tertiaria HEER, Pl. I. 909','Oehningen','Deutschland','- Unbekannt -','- Basisposition -','sedimentary','specimen',NULL,NULL,'','2007-11-14 09:29:10','Pika, Milena','NO-Z 51.3-39-3:9',''),(3585,11,3,'','Pl. I. 910','',5,'','','','','0000-00-00','0000-00-00','','0000-00-00',NULL,'Cydnopsis pygmaea var. minor HEER, Pl. I. 910','Oehningen','Deutschland','- Unbekannt -','- Basisposition -','sedimentary','specimen',NULL,NULL,'','2007-11-14 09:29:10','Pika, Milena','NO-Z 51.3-39-3:9',''),(3586,11,3,'','Pl. I. 911','',1,'','','','','0000-00-00','0000-00-00','','0000-00-00',NULL,'Cydnopsis brevicollis HEER, Pl. I. 911','Oehningen','Deutschland','- Unbekannt -','- Basisposition -','sedimentary','specimen',NULL,NULL,'','2007-11-14 09:29:10','Pika, Milena','NO-Z 51.3-39-3:9',''),(3587,11,3,'','Pl. I. 913','',1,'','','','','0000-00-00','0000-00-00','','0000-00-00',NULL,'Cydnopsis deleta HEER, Pl. I. 913','Oehningen','Deutschland','- Unbekannt -','- Basisposition -','sedimentary','specimen',NULL,NULL,'','2007-11-14 09:29:10','Pika, Milena','NO-Z 51.3-39-3:9',''),(3588,11,3,'','Pl. I. 914','',2,'','','','','0000-00-00','0000-00-00','','0000-00-00',NULL,'Cydnospis n. sp. ?, Pl. I. 914','Oehningen','Deutschland','- Unbekannt -','- Basisposition -','sedimentary','specimen',NULL,NULL,'','2007-11-14 09:29:10','Pika, Milena','NO-Z 51.3-39-3:9',''),(3589,11,3,'','Pl. I. 915','',1,'','','','','0000-00-00','0000-00-00','','0000-00-00',NULL,'Cydnopsis tertiaria HEER, Pl. I. 915','Oehningen','Deutschland','- Unbekannt -','- Basisposition -','sedimentary','specimen',NULL,NULL,'','2007-11-14 09:29:10','Pika, Milena','NO-Z 51.3-39-3:9',''),(3590,11,3,'','Pl. I. 915a','',1,'','','','','0000-00-00','0000-00-00','','0000-00-00',NULL,'Cydnopsis segittifera HEER, Pl. I. 915a','Oehningen','Deutschland','- Unbekannt -','- Basisposition -','sedimentary','specimen',NULL,NULL,'','2007-11-14 09:29:10','Pika, Milena','NO-Z 51.3-39-3:9',''),(3591,11,3,'','Pl. I. 916','',1,'','','','','0000-00-00','0000-00-00','','0000-00-00',NULL,'Cydnopsis longicornis HEER, Pl. I. 916','Oehningen','Deutschland','- Unbekannt -','- Basisposition -','sedimentary','specimen',NULL,NULL,'','2007-11-14 09:29:10','Pika, Milena','NO-Z 51.3-39-3:9',''),(3592,11,3,'','Pl. I. 920','',3,'','','','','0000-00-00','0000-00-00','','0000-00-00',NULL,'Cydnopsis deleta HEER, Pl. I. 920','Oehningen','Deutschland','- Unbekannt -','- Basisposition -','sedimentary','specimen',NULL,NULL,'','2007-11-14 09:29:10','Pika, Milena','NO-Z 51.3-39-3:9',''),(3593,11,3,'','Pl. I. 932','',1,'','','','','0000-00-00','0000-00-00','','0000-00-00',NULL,'Halys spectabilis HEER, Pl. I. 932','Oehningen','Deutschland','- Unbekannt -','- Basisposition -','sedimentary','specimen',NULL,NULL,'','2007-11-14 09:29:10','Pika, Milena','NO-Z 51.3-39-3:9',''),(3594,11,3,'','Pl. I. 933','',2,'','','','','0000-00-00','0000-00-00','','0000-00-00',NULL,'Halys bruckmanni HEER, Pl. I. 933','Oehningen','Deutschland','- Unbekannt -','- Basisposition -','sedimentary','specimen',NULL,NULL,'','2007-11-14 09:29:10','Pika, Milena','NO-Z 51.3-39-3:9',''),(3595,11,3,'','Pl. I. 937','',2,'','','','','0000-00-00','0000-00-00','','0000-00-00',NULL,'Aelia troglodytes HEER, Pl. I. 937','Oehningen','Deutschland','- Unbekannt -','- Basisposition -','sedimentary','specimen',NULL,NULL,'','2007-11-14 09:29:10','Pika, Milena','NO-Z 51.3-39-3:9',''),(3596,11,3,'','Pl. I. 942','',2,'','','','','0000-00-00','0000-00-00','','0000-00-00',NULL,'Pl. I. 942','Oehningen','Deutschland','- Unbekannt -','- Basisposition -','sedimentary','specimen',NULL,NULL,'','2007-11-14 09:29:10','Pika, Milena','NO-Z 51.3-39-3:9',''),(3597,11,3,'','Pl. I. 954','',1,'','','','','0000-00-00','0000-00-00','','0000-00-00',NULL,'Larva Pl. I. 954','Oehningen','Deutschland','- Unbekannt -','- Basisposition -','sedimentary','specimen',NULL,NULL,'','2007-11-14 09:29:10','Pika, Milena','NO-Z 51.3-39-3:9',''),(3598,11,3,'','Pl. I. 962','',1,'','','','','0000-00-00','0000-00-00','','0000-00-00',NULL,'Pachymerus morio HEER, Pl. I. 962','Oehningen','Deutschland','- Unbekannt -','- Basisposition -','sedimentary','specimen',NULL,NULL,'','2007-11-14 09:29:10','Pika, Milena','NO-Z 51.3-39-3:9',''),(3599,11,3,'','Pl. I. 964','',1,'','','','','0000-00-00','0000-00-00','','0000-00-00',NULL,'Pachymerus angustus HEER, Pl. I. 964','Oehningen','Deutschland','- Unbekannt -','- Basisposition -','sedimentary','specimen',NULL,NULL,'','2007-11-14 09:29:10','Pika, Milena','NO-Z 51.3-39-3:9',''),(3600,11,3,'','Pl. I. 965','',1,'','','','','0000-00-00','0000-00-00','','0000-00-00',NULL,'Pachymerus obsoletus var.? HEER, Pl. I. 965','Oehningen','Deutschland','- Unbekannt -','- Basisposition -','sedimentary','specimen',NULL,NULL,'','2007-11-14 09:29:10','Pika, Milena','NO-Z 51.3-39-3:9',''),(3601,11,3,'','Pl. I. 966','',1,'','','','','0000-00-00','0000-00-00','','0000-00-00',NULL,'Heterogaster tristis HEER, Pl. I. 966','Oehningen','Deutschland','- Unbekannt -','- Basisposition -','sedimentary','specimen',NULL,NULL,'','2007-11-14 09:29:10','Pika, Milena','NO-Z 51.3-39-3:9',''),(3602,11,3,'','Pl. I. 991','',1,'','','','','0000-00-00','0000-00-00','','0000-00-00',NULL,'Cercopis germari HEER, Pl. I. 991','Oehningen','Deutschland','- Unbekannt -','- Basisposition -','sedimentary','specimen',NULL,NULL,'','2007-11-14 09:29:10','Pika, Milena','NO-Z 51.3-39-3:9',''),(3603,11,3,'','Pl. I. 993','',1,'','','','','0000-00-00','0000-00-00','','0000-00-00',NULL,'Aphrophora speciosa HEER, Pl. I. 993','Oehningen','Deutschland','- Unbekannt -','- Basisposition -','sedimentary','specimen',NULL,NULL,'','2007-11-14 09:29:10','Pika, Milena','NO-Z 51.3-39-3:9',''),(3604,11,3,'','Pl. I. 943','',1,'','','','','0000-00-00','0000-00-00','','0000-00-00',NULL,'Syromastes coloratus HEER, Pl. I. 943','Oehningen','Deutschland','- Unbekannt -','- Basisposition -','sedimentary','specimen',NULL,NULL,'','2007-11-14 09:29:10','Pika, Milena','NO-Z 51.3-39-3:9',''),(3618,11,3,'','Pl. I. 1086','',1,'','','','','0000-00-00','0000-00-00','','0000-00-00',NULL,'Galeruca aemula HEER, Pl. 1086','Oehningen','Deutschland','- Unbekannt -','- Basisposition -','sedimentary','specimen',NULL,NULL,'','2007-11-14 09:29:10','Pika, Milena','NO-Z 51.3-39-3:10',''),(3606,11,3,'','Pl. I. 1006','',2,'','','','','0000-00-00','0000-00-00','','0000-00-00',NULL,'Cimicites sp. Pl. I. 1006','Oehningen','Deutschland','- Unbekannt -','- Basisposition -','sedimentary','specimen',NULL,NULL,'','2007-11-14 09:29:10','Pika, Milena','NO-Z 51.3-39-3:10',''),(3607,10,4,'','B 708','N. 153',1,'','','','','0000-00-00','2007-05-21','','0000-00-00','Populus balsamoides GOEPPERT s. HANTKE; Heer 1856: T 54, F 7a',NULL,NULL,'Deutschland','Geschenk/Legat','- Basisposition -','sedimentary','fossil','Blaetter',NULL,'Hypotypoid zu Heer O. 1856:  T 54, F 7a','2007-11-14 09:29:10','Pika, Milena','NO-D24-40-2:6','Heer, O.-1855-GEOL KA 4043'),(3608,11,3,'','Pl. I. 1003','',1,'','','','','0000-00-00','0000-00-00','','0000-00-00',NULL,'Cimicites sp. Pl. I. 1003','Oehningen','Deutschland','- Unbekannt -','- Basisposition -','sedimentary','specimen',NULL,NULL,'','2007-11-14 09:29:10','Pika, Milena','NO-Z 51.3-39-3:10',''),(3609,11,3,'','Pl. I. 1004','',1,'','','','','0000-00-00','0000-00-00','','0000-00-00',NULL,'Cimicites sp. Pl. I. 1004','Oehningen','Deutschland','- Unbekannt -','- Basisposition -','sedimentary','specimen',NULL,NULL,'','2007-11-14 09:29:10','Pika, Milena','NO-Z 51.3-39-3:10',''),(3610,11,3,'','Pl. I. 1007','',1,'','','','','0000-00-00','0000-00-00','','0000-00-00',NULL,'Cimicites sp. Pl. I. 1007','Oehningen','Deutschland','- Unbekannt -','- Basisposition -','sedimentary','specimen',NULL,NULL,'','2007-11-14 09:29:10','Pika, Milena','NO-Z 51.3-39-3:10',''),(3611,11,3,'','Pl. I. 1009','',1,'','','','','0000-00-00','0000-00-00','','0000-00-00',NULL,'Pentatoma insignis HEER, Pl. I. 1009','Oehningen','Deutschland','- Unbekannt -','- Basisposition -','sedimentary','specimen',NULL,NULL,'Photographieren','2007-11-14 09:29:10','Pika, Milena','NO-Z 51.3-39-3:10',''),(3612,10,4,'','B 707','N. 234',1,'','','','','0000-00-00','2007-05-21','','0000-00-00','Ulmus longifolia UNGER s. HANTKE,  Heer, 1859: T 151, F 31',NULL,NULL,'Deutschland','Geschenk/Legat','- Basisposition -','sedimentary','fossil','Blaetter',NULL,'Hypotypoid zu Heer, 1859: T 151, F 31','2007-11-14 09:29:10','Pika, Milena','NO-D24-40-2:6','Heer, O.-1855-GEOL KA 4043'),(3613,10,4,'','B 711','N. 510',1,'','','','','0000-00-00','2007-05-21','','0000-00-00','Acer angustilobum HEER s. PAX; Heer 1859, T 155, F 13: Acer rüminianum HEER',NULL,NULL,'Deutschland','Geschenk/Legat','- Basisposition -','sedimentary','fossil','Blaetter',NULL,'Hypotypoyd zu O.Heer 1859, T 155, F 13: Acer rüminianum HEER','2007-11-14 09:29:10','Pika, Milena','NO-D24-40-2:6','Heer, O.-1855-GEOL KA 4043'),(3614,11,3,'','Pl. I. 1010','',1,'','','','','0000-00-00','0000-00-00','','0000-00-00',NULL,'Pachymerus cruciatus HEER, Pl. I. 1010','Oehningen','Deutschland','- Unbekannt -','- Basisposition -','sedimentary','specimen',NULL,NULL,'','2007-11-14 09:29:10','Pika, Milena','NO-Z 51.3-39-3:10',''),(3615,11,3,'','Pl. I. 1012','',1,'','','','','0000-00-00','0000-00-00','','0000-00-00',NULL,'Acanthosoma grande HEER, Pl. I. 1012','Oehningen','Deutschland','- Unbekannt -','- Basisposition -','sedimentary','specimen',NULL,NULL,'','2007-11-14 09:29:10','Pika, Milena','NO-Z 51.3-39-3:10',''),(3617,11,3,'','Pl. I. 1040','',1,'','','','','0000-00-00','0000-00-00','','0000-00-00',NULL,'Pl. I. 1040','Oehningen','Deutschland','- Unbekannt -','- Basisposition -','sedimentary','specimen',NULL,NULL,'','2007-11-14 09:29:10','Pika, Milena','NO-Z 51.3-39-3:10',''),(3619,11,3,'','Pl. I. 1087','',1,'','','','','0000-00-00','0000-00-00','','0000-00-00',NULL,'Coccinella ? Pl. I. 1087','Oehningen','Deutschland','- Unbekannt -','- Basisposition -','sedimentary','specimen',NULL,NULL,'','2007-11-14 09:29:10','Pika, Milena','NO-Z 51.3-39-3:10',''),(3620,11,3,'','Pl. I. 1107','',1,'','','','','0000-00-00','0000-00-00','','0000-00-00',NULL,'Hydrophilus giganteus HEER, Pl. I. 1107','Oehningen','Deutschland','- Unbekannt -','- Basisposition -','sedimentary','specimen',NULL,NULL,'','2007-11-14 09:29:10','Pika, Milena','NO-Z 51.3-39-3:10',''),(3621,11,3,'','Pl. I. 1113','',1,'','','','','0000-00-00','0000-00-00','','0000-00-00',NULL,'Pl. I. 1113','Oehningen','Deutschland','- Unbekannt -','- Basisposition -','sedimentary','specimen',NULL,NULL,'','2007-11-14 09:29:10','Pika, Milena','NO-Z 51.3-39-3:10',''),(3622,11,3,'','Pl. I. 1114','',2,'','','','','0000-00-00','0000-00-00','','0000-00-00',NULL,'Pl. I. 1114','Oehningen','Deutschland','- Unbekannt -','- Basisposition -','sedimentary','specimen',NULL,NULL,'','2007-11-14 09:29:10','Pika, Milena','NO-Z 51.3-39-3:10',''),(3623,11,3,'','Pl. I. 1116','',1,'','','','','0000-00-00','0000-00-00','','0000-00-00',NULL,'Pl. I. 1116','Oehningen','Deutschland','- Unbekannt -','- Basisposition -','sedimentary','specimen',NULL,NULL,'','2007-11-14 09:29:10','Pika, Milena','NO-Z 51.3-39-3:10',''),(3624,11,3,'','Pl. I. 1117','',1,'','','','','0000-00-00','0000-00-00','','0000-00-00',NULL,'Pl. I. 1117','Oehningen','Deutschland','- Unbekannt -','- Basisposition -','sedimentary','specimen',NULL,NULL,'','2007-11-14 09:29:10','Pika, Milena','NO-Z 51.3-39-3:10',''),(3625,11,3,'','Pl. I. 1119','',1,'','','','','0000-00-00','0000-00-00','','0000-00-00',NULL,'Pl. I. 1119','Oehningen','Deutschland','- Unbekannt -','- Basisposition -','sedimentary','specimen',NULL,NULL,'','2007-11-14 09:29:10','Pika, Milena','NO-Z 51.3-39-3:10',''),(3626,11,3,'','Pl. I. 1127','',1,'','','','','0000-00-00','0000-00-00','','0000-00-00',NULL,'Coleoptera dubia, Pl. I. 1127','Oehningen','Deutschland','- Unbekannt -','- Basisposition -','sedimentary','specimen',NULL,NULL,'','2007-11-14 09:29:10','Pika, Milena','NO-Z 51.3-39-3:10',''),(3627,11,3,'','Pl. I. 1128','',1,'','','','','0000-00-00','0000-00-00','','0000-00-00',NULL,'Coleopt. dub., Pl. I. 1128','Oehningen','Deutschland','- Unbekannt -','- Basisposition -','sedimentary','specimen',NULL,NULL,'','2007-11-14 09:29:10','Pika, Milena','NO-Z 51.3-39-3:10',''),(3628,11,3,'','Pl. I. 1131','',1,'','','','','0000-00-00','0000-00-00','','0000-00-00',NULL,'Coleopt. dub. Pl. I. 1131','Oehningen','Deutschland','- Unbekannt -','- Basisposition -','sedimentary','specimen',NULL,NULL,'','2007-11-14 09:29:10','Pika, Milena','NO-Z 51.3-39-3:10',''),(3629,11,3,'','Pl. I. 1135','',2,'','','','','0000-00-00','0000-00-00','','0000-00-00',NULL,'Coleopt. dub. Pl. I. 1135','Oehningen','Deutschland','- Unbekannt -','- Basisposition -','sedimentary','specimen',NULL,NULL,'','2007-11-14 09:29:10','Pika, Milena','NO-Z 51.3-39-3:10',''),(3630,11,3,'','Pl. I. 1143','',1,'','','','','0000-00-00','0000-00-00','','0000-00-00',NULL,'Coleopt. dub. Pl. I. 1143','Oehningen','Deutschland','- Unbekannt -','- Basisposition -','sedimentary','specimen',NULL,NULL,'','2007-11-14 09:29:10','Pika, Milena','NO-Z 51.3-39-3:10',''),(3631,11,3,'','Pl. I. 1145','',1,'','','','','0000-00-00','0000-00-00','','0000-00-00',NULL,'Coleopt. dub. Pl. I. 1145','Oehningen','Deutschland','- Unbekannt -','- Basisposition -','sedimentary','specimen',NULL,NULL,'','2007-11-14 09:29:10','Pika, Milena','NO-Z 51.3-39-3:10',''),(3632,11,3,'','Pl. I. 1148','',2,'','','','','0000-00-00','0000-00-00','','0000-00-00',NULL,'Coleopt. dub. Pl. I. 1148','Oehningen','Deutschland','- Unbekannt -','- Basisposition -','sedimentary','specimen',NULL,NULL,'','2007-11-14 09:29:10','Pika, Milena','NO-Z 51.3-39-3:10',''),(3633,11,3,'','Pl. I. 1149','',1,'','','','','0000-00-00','0000-00-00','','0000-00-00',NULL,'Coleopt. dub. Pl. I. 1149','Oehningen','Deutschland','- Unbekannt -','- Basisposition -','sedimentary','specimen',NULL,NULL,'','2007-11-14 09:29:10','Pika, Milena','NO-Z 51.3-39-3:10',''),(3634,11,3,'','Pl. I. 1150','',1,'','','','','0000-00-00','0000-00-00','','0000-00-00',NULL,'Coleopt. dub. Pl. I. 1150','Oehningen','Deutschland','- Unbekannt -','- Basisposition -','sedimentary','specimen',NULL,NULL,'','2007-11-14 09:29:10','Pika, Milena','NO-Z 51.3-39-3:10',''),(3635,11,3,'','Pl. I. 1153','',1,'','','','','0000-00-00','0000-00-00','','0000-00-00',NULL,'Coleopt. dub. Pl. I. 1153','Oehningen','Deutschland','- Unbekannt -','- Basisposition -','sedimentary','specimen',NULL,NULL,'','2007-11-14 09:29:10','Pika, Milena','NO-Z 51.3-39-3:10',''),(3636,11,3,'','Pl. I. 1154','',1,'','','','','0000-00-00','0000-00-00','','0000-00-00',NULL,'Coleopt. dub. Pl. I. 1154','Oehningen','Deutschland','- Unbekannt -','- Basisposition -','sedimentary','specimen',NULL,NULL,'','2007-11-14 09:29:10','Pika, Milena','NO-Z 51.3-39-3:10',''),(3637,11,3,'','Pl. I. 1155','',1,'','','','','0000-00-00','0000-00-00','','0000-00-00',NULL,'Coleopt. dub. Pl. I. 1155','Oehningen','Deutschland','- Unbekannt -','- Basisposition -','sedimentary','specimen',NULL,NULL,'Photo','2007-11-14 09:29:10','Pika, Milena','NO-Z 51.3-39-3:10',''),(3638,11,3,'','Pl. I. 1156','',1,'','','','','0000-00-00','0000-00-00','','0000-00-00',NULL,'Coleopt. dub. Larve Pl. I. 1156','Oehningen','Deutschland','- Unbekannt -','- Basisposition -','sedimentary','specimen',NULL,NULL,'','2007-11-14 09:29:10','Pika, Milena','NO-Z 51.3-39-3:10',''),(3639,11,3,'','Pl. I. 1158','',1,'','','','','0000-00-00','0000-00-00','','0000-00-00',NULL,'Coleopt. dub. Pl. I. 1158','Oehningen','Deutschland','- Unbekannt -','- Basisposition -','sedimentary','specimen',NULL,NULL,'','2007-11-14 09:29:10','Pika, Milena','NO-Z 51.3-39-3:10',''),(3640,11,3,'','Pl. I. 1147','',1,'','','','','0000-00-00','0000-00-00','','0000-00-00',NULL,'Coleopt. dub. Pl. I. 1147','Oehningen','Deutschland','- Unbekannt -','- Basisposition -','sedimentary','specimen',NULL,NULL,'','2007-11-14 09:29:10','Pika, Milena','NO-Z 51.3-39-3:10',''),(3641,11,3,'','Pl. I. 1159','',1,'','','','','0000-00-00','0000-00-00','','0000-00-00',NULL,'Coleopt. dub. Pl. I. 1159','Oehningen','Deutschland','- Unbekannt -','- Basisposition -','sedimentary','specimen',NULL,NULL,'','2007-11-14 09:29:10','Pika, Milena','NO-Z 51.3-39-3:10',''),(3671,11,3,'','Pl. I. 223','',1,'','','','','0000-00-00','0000-00-00','','0000-00-00',NULL,'Brachys crassa HEER, Pl. I. 223','Oehningen','Deutschland','- Unbekannt -','- Basisposition -','sedimentary','specimen',NULL,NULL,'','2007-11-14 09:29:10','Pika, Milena','NO-Z 51.3-39-4:6',''),(3643,11,3,'','Pl. I. 1160','',1,'','','','','0000-00-00','0000-00-00','','0000-00-00',NULL,'Coleopt. dub. Pl. I. 1160','Oehningen','Deutschland','- Unbekannt -','- Basisposition -','sedimentary','specimen',NULL,NULL,'','2007-11-14 09:29:10','Pika, Milena','NO-Z 51.3-39-3:10',''),(3644,11,3,'','Pl. I. 1161','',1,'','','','','0000-00-00','0000-00-00','','0000-00-00',NULL,'Coleopt. dub. Pl. I. 1161','Oehningen','Deutschland','- Unbekannt -','- Basisposition -','sedimentary','specimen',NULL,NULL,'','2007-11-14 09:29:10','Pika, Milena','NO-Z 51.3-39-3:10',''),(3645,11,3,'','Pl. I. 1162','',1,'','','','','0000-00-00','0000-00-00','','0000-00-00',NULL,'Coleopt. dub. Pl. I. 1162','Oehningen','Deutschland','- Unbekannt -','- Basisposition -','sedimentary','specimen',NULL,NULL,'','2007-11-14 09:29:10','Pika, Milena','NO-Z 51.3-39-3:10',''),(3646,11,3,'','Pl. I. 1163','',1,'','','','','0000-00-00','0000-00-00','','0000-00-00',NULL,'Coleopt. dub. Pl. I. 1163','Oehningen','Deutschland','- Unbekannt -','- Basisposition -','sedimentary','specimen',NULL,NULL,'','2007-11-14 09:29:10','Pika, Milena','NO-Z 51.3-39-3:10',''),(3647,11,3,'','Pl. I. 1164','',1,'','','','','0000-00-00','0000-00-00','','0000-00-00',NULL,'Coleopt. dub. Pl. I. 1164','Oehningen','Deutschland','- Unbekannt -','- Basisposition -','sedimentary','specimen',NULL,NULL,'','2007-11-14 09:29:10','Pika, Milena','NO-Z 51.3-39-3:10',''),(3648,11,3,'','Pl. I. 1165','',1,'','','','','0000-00-00','0000-00-00','','0000-00-00',NULL,'Coleopt. dub. Pl. I. 1165','Oehningen','Deutschland','- Unbekannt -','- Basisposition -','sedimentary','specimen',NULL,NULL,'','2007-11-14 09:29:10','Pika, Milena','NO-Z 51.3-39-3:10',''),(3649,11,3,'','Pl. I. 1167','',1,'','','','','0000-00-00','0000-00-00','','0000-00-00',NULL,'Coleopt. dub. Pl. I. 1167','Oehningen','Deutschland','- Unbekannt -','- Basisposition -','sedimentary','specimen',NULL,NULL,'','2007-11-14 09:29:10','Pika, Milena','NO-Z 51.3-39-3:10',''),(3650,11,3,'','Pl. I. 1168','',1,'','','','','0000-00-00','0000-00-00','','0000-00-00',NULL,'Coleopt. dub. Pl. I. 1168','Oehningen','Deutschland','- Unbekannt -','- Basisposition -','sedimentary','specimen',NULL,NULL,'','2007-11-14 09:29:10','Pika, Milena','NO-Z 51.3-39-3:10',''),(3651,11,3,'','Pl. I. 1151','',1,'','','','','0000-00-00','0000-00-00','','0000-00-00',NULL,'Coleopt. dub. Pl. I. 1151','Oehningen','Deutschland','- Unbekannt -','- Basisposition -','sedimentary','specimen',NULL,NULL,'','2007-11-14 09:29:10','Pika, Milena','NO-Z 51.3-39-3:10',''),(3652,11,3,'','Pl. I. 1169','',1,'','','','','0000-00-00','0000-00-00','','0000-00-00',NULL,'Coleopt. dub. Pl. I. 1169','Oehningen','Deutschland','- Unbekannt -','- Basisposition -','sedimentary','specimen',NULL,NULL,'','2007-11-14 09:29:10','Pika, Milena','NO-Z 51.3-39-3:10',''),(3653,11,3,'','Pl. I. 1172','',1,'','','','','0000-00-00','0000-00-00','','0000-00-00',NULL,'Coleopt. dub. Pl. I. 1172','Oehningen','Deutschland','- Unbekannt -','- Basisposition -','sedimentary','specimen',NULL,NULL,'','2007-11-14 09:29:10','Pika, Milena','NO-Z 51.3-39-3:10',''),(3654,11,3,'','Pl. I. 1171','',1,'','','','','0000-00-00','0000-00-00','','0000-00-00',NULL,'Coleopt. dub. Pl. I. 1171','Oehningen','Deutschland','- Unbekannt -','- Basisposition -','sedimentary','specimen',NULL,NULL,'','2007-11-14 09:29:10','Pika, Milena','NO-Z 51.3-39-3:10',''),(3655,11,3,'','Pl. I. 1172','',1,'','','','','0000-00-00','0000-00-00','','0000-00-00',NULL,'Coleopt. dub. Pl. I. 1172','Oehningen','Deutschland','- Unbekannt -','- Basisposition -','sedimentary','specimen',NULL,NULL,'','2007-11-14 09:29:10','Pika, Milena','NO-Z 51.3-39-3:10',''),(3656,11,3,'','Pl. I. 1173','',1,'','','','','0000-00-00','0000-00-00','','0000-00-00',NULL,'Coleopt. dub. Pl. I. 1173','Oehningen','Deutschland','- Unbekannt -','- Basisposition -','sedimentary','specimen',NULL,NULL,'','2007-11-14 09:29:10','Pika, Milena','NO-Z 51.3-39-3:10',''),(3657,11,3,'','Pl. I. 1174','',1,'','','','','0000-00-00','0000-00-00','','0000-00-00',NULL,'Coleopt. dub. Pl. I. 1174','Oehningen','Deutschland','- Unbekannt -','- Basisposition -','sedimentary','specimen',NULL,NULL,'','2007-11-14 09:29:10','Pika, Milena','NO-Z 51.3-39-3:10',''),(3658,11,3,'','Pl. I. 1176','',1,'','','','','0000-00-00','0000-00-00','','0000-00-00',NULL,'Coleopt. dub. Pl. I. 1176','Oehningen','Deutschland','- Unbekannt -','- Basisposition -','sedimentary','specimen',NULL,NULL,'','2007-11-14 09:29:10','Pika, Milena','NO-Z 51.3-39-3:10',''),(3659,11,3,'','Pl. I. 1177','',1,'','','','','0000-00-00','0000-00-00','','0000-00-00',NULL,'Coleopt. dub. Pl. I. 1177','Oehningen','Deutschland','- Unbekannt -','- Basisposition -','sedimentary','specimen',NULL,NULL,'','2007-11-14 09:29:10','Pika, Milena','NO-Z 51.3-39-3:10',''),(3660,11,3,'','Pl. I. 1178','',1,'','','','','0000-00-00','0000-00-00','','0000-00-00',NULL,'Coleopt. dub. Pl. I. 1178','Oehningen','Deutschland','- Unbekannt -','- Basisposition -','sedimentary','specimen',NULL,NULL,'','2007-11-14 09:29:10','Pika, Milena','NO-Z 51.3-39-3:10',''),(3661,11,3,'','Pl. I. 1179','',1,'','','','','0000-00-00','0000-00-00','','0000-00-00',NULL,'Coleopt. dub. Pl. I. 1179','Oehningen','Deutschland','- Unbekannt -','- Basisposition -','sedimentary','specimen',NULL,NULL,'','2007-11-14 09:29:10','Pika, Milena','NO-Z 51.3-39-3:10',''),(3662,11,3,'','Pl. I. 1180','',1,'','','','','0000-00-00','0000-00-00','','0000-00-00',NULL,'Coleopt. dub. Pl. I. 1180','Oehningen','Deutschland','- Unbekannt -','- Basisposition -','sedimentary','specimen',NULL,NULL,'','2007-11-14 09:29:10','Pika, Milena','NO-Z 51.3-39-3:10',''),(3663,11,3,'','Pl. I. 1181','',1,'','','','','0000-00-00','0000-00-00','','0000-00-00',NULL,'Coleopt. dub. Pl. I. 1181','Oehningen','Deutschland','- Unbekannt -','- Basisposition -','sedimentary','specimen',NULL,NULL,'','2007-11-14 09:29:10','Pika, Milena','NO-Z 51.3-39-3:10',''),(3664,11,3,'','Pl. I. 1184','',1,'','','','','0000-00-00','0000-00-00','','0000-00-00',NULL,'Coleopt. dub. Pl. I. 1184','Oehningen','Deutschland','- Unbekannt -','- Basisposition -','sedimentary','specimen',NULL,NULL,'','2007-11-14 09:29:10','Pika, Milena','NO-Z 51.3-39-3:10',''),(3665,11,3,'','Pl. I. 1186','',1,'','','','','0000-00-00','0000-00-00','','0000-00-00',NULL,'Coleopt. dub. Pl. I. 1186','Oehningen','Deutschland','- Unbekannt -','- Basisposition -','sedimentary','specimen',NULL,NULL,'','2007-11-14 09:29:10','Pika, Milena','NO-Z 51.3-39-3:10',''),(3666,11,3,'','Pl. I. 1188','',1,'','','','','0000-00-00','0000-00-00','','0000-00-00',NULL,'Coleopt. dub. Pl. I. 1188','Oehningen','Deutschland','- Unbekannt -','- Basisposition -','sedimentary','specimen',NULL,NULL,'','2007-11-14 09:29:10','Pika, Milena','NO-Z 51.3-39-3:10',''),(3667,11,3,'','Pl. I. 1189','',1,'','','','','0000-00-00','0000-00-00','','0000-00-00',NULL,'Coleopt. dub. Pl. I. 1189','Oehningen','Deutschland','- Unbekannt -','- Basisposition -','sedimentary','specimen',NULL,NULL,'','2007-11-14 09:29:10','Pika, Milena','NO-Z 51.3-39-3:10',''),(3668,11,3,'','Pl. I. 1192','',1,'','','','','0000-00-00','0000-00-00','','0000-00-00',NULL,'Coleopt. dub. Pl. I. 1192','Oehningen','Deutschland','- Unbekannt -','- Basisposition -','sedimentary','specimen',NULL,NULL,'','2007-11-14 09:29:10','Pika, Milena','NO-Z 51.3-39-3:10',''),(3669,11,3,'','Pl. I. 1193','',1,'','','','','0000-00-00','0000-00-00','','0000-00-00',NULL,'Coleopt. dub. Pl. I. 1193','Oehningen','Deutschland','- Unbekannt -','- Basisposition -','sedimentary','specimen',NULL,NULL,'','2007-11-14 09:29:10','Pika, Milena','NO-Z 51.3-39-3:10',''),(3670,11,3,'','Pl. I. 853','',1,'','','','','0000-00-00','0000-00-00','','0000-00-00',NULL,'Protomyia macilenta HEER, Pl. I. 853','Oehningen','Deutschland','- Unbekannt -','- Basisposition -','sedimentary','specimen',NULL,NULL,'','2007-11-14 09:29:10','Pika, Milena','NO-Z 51.3-39-3:8',''),(3672,11,3,'','Pl. I. 855','',1,'','','','','0000-00-00','0000-00-00','','0000-00-00',NULL,'Bibio spectabilis HEER, Pl. I. 855','Oehningen','Deutschland','- Unbekannt -','- Basisposition -','sedimentary','specimen',NULL,NULL,'','2007-11-14 09:29:10','Pika, Milena','NO-Z 51.3-39-3:8',''),(3673,11,3,'','Pl. I. 871','',1,'','','','','0000-00-00','0000-00-00','','0000-00-00',NULL,'Protomyia amoena HEER, Pl. I. 871','Oehningen','Deutschland','- Unbekannt -','- Basisposition -','sedimentary','specimen',NULL,NULL,'','2007-11-14 09:29:10','Pika, Milena','NO-Z 51.3-39-3:8',''),(3674,11,3,'','Pl. I. 575','',1,'','','','','0000-00-00','0000-00-00','','0000-00-00',NULL,'Coccinella mulsanti HEER, Pl. I. 575','Oehningen','Deutschland','- Unbekannt -','- Basisposition -','sedimentary','specimen',NULL,NULL,'','2007-11-14 09:29:10','Pika, Milena','NO-Z 51.3-39-4:11',''),(3675,11,3,'','Pl. I. 576','',1,'','','','','0000-00-00','0000-00-00','','0000-00-00',NULL,'Coccinella colorata HEER, Pl. I. 576','Oehningen','Deutschland','- Unbekannt -','- Basisposition -','sedimentary','specimen',NULL,NULL,'','2007-11-14 09:29:10','Pika, Milena','NO-Z 51.3-39-4:11','');

--
-- Table structure for table `adresse`
--

CREATE TABLE `adresse` (
  `id_adresse` int(10) unsigned NOT NULL auto_increment,
  `name` varchar(80) collate latin1_german2_ci NOT NULL default '',
  `strasse` varchar(40) collate latin1_german2_ci default NULL,
  `ort` varchar(40) collate latin1_german2_ci NOT NULL default '',
  `land` varchar(40) collate latin1_german2_ci default NULL,
  `fax` varchar(20) collate latin1_german2_ci default NULL,
  `telefon` varchar(20) collate latin1_german2_ci default NULL,
  `lastdate` timestamp NOT NULL default CURRENT_TIMESTAMP on update CURRENT_TIMESTAMP,
  `id_benutzer` int(11) default NULL,
  PRIMARY KEY  (`id_adresse`)
) ENGINE=MyISAM AUTO_INCREMENT=6 DEFAULT CHARSET=latin1 COLLATE=latin1_german2_ci;

--
-- Dumping data for table `adresse`
--

INSERT INTO `adresse` VALUES (2,'Pika, Milena','Reinacherstrasse 3','8032 Zürich','Schweiz','-','044 383 90 65','2007-01-24 15:09:59',NULL),(5,'Ungricht, Stefan','Forchstrasse 238','8032 Zürich','Schweiz','-','-','2007-01-24 15:09:00',NULL);

--
-- Table structure for table `ausleihe`
--

CREATE TABLE `ausleihe` (
  `id_ausleihe` int(11) unsigned NOT NULL auto_increment,
  `id_adresse` int(11) unsigned NOT NULL default '0',
  `id_objekt` int(11) unsigned default NULL,
  `id_schublade` int(11) unsigned default NULL,
  `ausleihe_datum` date NOT NULL default '2005-03-15',
  `rueckgabe_soll` date default NULL,
  `rueckgabe_ist` date default NULL,
  `lastdate` timestamp NOT NULL default CURRENT_TIMESTAMP on update CURRENT_TIMESTAMP,
  `id_benutzer` int(11) default NULL,
  PRIMARY KEY  (`id_ausleihe`)
) ENGINE=MyISAM AUTO_INCREMENT=9 DEFAULT CHARSET=latin1 COLLATE=latin1_german2_ci;

--
-- Dumping data for table `ausleihe`
--

INSERT INTO `ausleihe` VALUES (3,4,NULL,850,'2005-09-27','2005-10-23',NULL,'2005-09-27 07:54:33',NULL),(4,4,NULL,854,'2005-09-27','2005-10-22',NULL,'2005-09-27 07:55:26',NULL),(5,5,NULL,4389,'2005-09-30','2005-09-30',NULL,'2005-09-30 13:44:45',NULL),(6,4,NULL,4391,'2005-09-30','2005-09-30',NULL,'2005-09-30 13:45:28',NULL),(7,4,NULL,1222,'2005-10-04','2005-10-04',NULL,'2005-10-04 07:03:02',NULL),(8,6,NULL,1223,'2005-10-04','2005-10-04',NULL,'2005-10-04 07:03:37',NULL);

--
-- Table structure for table `basis_position`
--

CREATE TABLE `basis_position` (
  `id_basis_position` int(11) unsigned NOT NULL auto_increment,
  `id_raum` int(11) unsigned NOT NULL default '0',
  `abteil` char(3) collate latin1_german2_ci NOT NULL default '',
  `kolonne` int(11) default NULL,
  `lastdate` timestamp NOT NULL default CURRENT_TIMESTAMP on update CURRENT_TIMESTAMP,
  `id_benutzer` int(11) default NULL,
  PRIMARY KEY  (`id_basis_position`)
) ENGINE=MyISAM AUTO_INCREMENT=988 DEFAULT CHARSET=latin1 COLLATE=latin1_german2_ci;

--
-- Dumping data for table `basis_position`
--

INSERT INTO `basis_position` VALUES (2,1,'39',5,'2005-03-22 16:51:45',NULL),(5,1,'32',4,'2005-03-22 16:51:45',NULL),(8,1,'32',1,'2005-03-22 16:51:45',NULL),(9,1,'32',2,'2005-03-22 16:51:45',NULL),(10,1,'32',6,'2005-03-22 16:51:45',NULL),(11,1,'32',3,'2005-03-22 16:51:45',NULL),(14,1,'32',5,'2005-03-22 16:51:45',NULL),(35,1,'47',1,'2005-03-22 16:51:45',NULL),(38,1,'47',2,'2005-03-22 16:51:45',NULL),(39,1,'47',3,'2005-03-22 16:51:45',NULL),(40,1,'47',4,'2005-03-22 16:51:45',NULL),(41,1,'47',5,'2005-03-22 16:51:45',NULL),(42,1,'47',6,'2005-03-22 16:51:45',NULL),(43,1,'47',7,'2005-03-22 16:51:45',NULL),(44,1,'47',8,'2005-03-22 16:51:45',NULL),(45,1,'47',8,'2005-03-22 16:51:45',NULL),(46,1,'47',9,'2005-03-22 16:51:45',NULL),(47,1,'47',10,'2005-03-22 16:51:45',NULL),(48,1,'48',7,'2005-03-22 16:51:45',NULL),(49,1,'48',2,'2005-03-22 16:51:45',NULL),(51,1,'48',6,'2005-03-22 16:51:45',NULL),(52,1,'48',5,'2005-03-22 16:51:45',NULL),(53,1,'48',10,'2005-03-22 16:51:45',NULL),(54,1,'48',3,'2005-03-22 16:51:45',NULL),(76,1,'48',8,'2005-03-22 16:51:45',NULL),(77,1,'48',9,'2005-03-22 16:51:45',NULL),(78,1,'48',4,'2005-03-22 16:51:45',NULL),(79,1,'48',1,'2005-03-22 16:51:45',NULL),(80,1,'49',2,'2005-03-22 16:51:45',NULL),(81,1,'49',7,'2005-03-22 16:51:45',NULL),(82,1,'49',9,'2005-03-22 16:51:45',NULL),(84,1,'49',5,'2005-03-22 16:51:45',NULL),(85,1,'49',3,'2005-03-22 16:51:45',NULL),(86,1,'49',1,'2005-03-22 16:51:45',NULL),(87,1,'49',6,'2005-03-22 16:51:45',NULL),(88,1,'49',10,'2005-03-22 16:51:45',NULL),(89,1,'49',8,'2005-03-22 16:51:45',NULL),(91,1,'49',4,'2005-03-22 16:51:45',NULL),(100,1,'50',3,'2005-03-22 16:51:45',NULL),(101,1,'50',10,'2005-03-22 16:51:45',NULL),(102,1,'50',9,'2005-03-22 16:51:45',NULL),(103,1,'50',5,'2005-03-22 16:51:45',NULL),(104,1,'50',7,'2005-03-22 16:51:45',NULL),(105,1,'50',8,'2005-03-22 16:51:45',NULL),(106,1,'50',4,'2005-03-22 16:51:45',NULL),(107,1,'50',6,'2005-03-22 16:51:45',NULL),(122,1,'50',2,'2005-03-22 16:51:45',NULL),(142,1,'50',1,'2005-03-22 16:51:45',NULL),(143,1,'51',8,'2005-03-22 16:51:45',NULL),(144,1,'51',5,'2005-03-22 16:51:45',NULL),(145,1,'51',1,'2005-03-22 16:51:45',NULL),(146,1,'51',2,'2005-03-22 16:51:45',NULL),(148,1,'51',6,'2005-03-22 16:51:45',NULL),(149,1,'51',10,'2005-03-22 16:51:45',NULL),(150,1,'51',7,'2005-03-22 16:51:45',NULL),(151,1,'51',9,'2005-03-22 16:51:45',NULL),(152,1,'51',3,'2005-03-22 16:51:45',NULL),(153,1,'51',4,'2005-03-22 16:51:45',NULL),(154,1,'52',9,'2005-03-22 16:51:45',NULL),(155,1,'52',10,'2005-03-22 16:51:45',NULL),(156,1,'52',6,'2005-03-22 16:51:45',NULL),(157,1,'52',7,'2005-03-22 16:51:45',NULL),(158,1,'52',8,'2005-03-22 16:51:45',NULL),(159,1,'52',4,'2005-03-22 16:51:45',NULL),(161,1,'52',1,'2005-03-22 16:51:45',NULL),(162,1,'52',3,'2005-03-22 16:51:45',NULL),(163,1,'52',5,'2005-03-22 16:51:45',NULL),(164,1,'52',2,'2005-03-22 16:51:45',NULL),(165,1,'53',10,'2005-03-22 16:51:45',NULL),(166,1,'53',3,'2005-03-22 16:51:45',NULL),(167,1,'53',6,'2005-03-22 16:51:45',NULL),(168,1,'53',8,'2005-03-22 16:51:45',NULL),(169,1,'53',5,'2005-03-22 16:51:45',NULL),(170,1,'53',4,'2005-03-22 16:51:45',NULL),(171,1,'53',1,'2005-03-22 16:51:45',NULL),(173,1,'39',1,'2005-03-22 16:51:45',NULL),(177,2,'A7',2,'2005-03-22 16:51:45',NULL),(180,1,'34',7,'2005-03-22 16:51:45',NULL),(202,1,'53',2,'2005-03-22 16:51:45',NULL),(203,2,'A6',1,'2005-03-22 16:51:45',NULL),(205,1,'54',8,'2005-03-22 16:51:45',NULL),(206,2,'A6',2,'2005-03-22 16:51:45',NULL),(207,1,'26',9,'2005-03-22 16:51:45',NULL),(209,1,'26',2,'2005-03-22 16:51:45',NULL),(210,1,'26',10,'2005-03-22 16:51:45',NULL),(211,1,'27',7,'2005-03-22 16:51:45',NULL),(221,1,'29',1,'2005-03-22 16:51:45',NULL),(243,2,'68',1,'2005-03-22 16:51:45',NULL),(244,2,'68',2,'2005-03-22 16:51:45',NULL),(245,2,'68',3,'2005-03-22 16:51:45',NULL),(246,2,'A7',3,'2005-03-22 16:51:45',NULL),(247,2,'A6',3,'2005-03-22 16:51:45',NULL),(248,2,'A6',4,'2005-03-22 16:51:45',NULL),(249,2,'A7',1,'2005-03-22 16:51:45',NULL),(269,2,'69',1,'2005-03-22 16:51:45',NULL),(270,2,'69',2,'2005-03-22 16:51:45',NULL),(272,2,'69',3,'2005-03-22 16:51:45',NULL),(273,2,'70',1,'2005-03-22 16:51:45',NULL),(274,2,'70',2,'2005-03-22 16:51:45',NULL),(276,2,'70',3,'2005-03-22 16:51:45',NULL),(277,2,'70',4,'2005-03-22 16:51:45',NULL),(278,2,'71',1,'2005-03-22 16:51:45',NULL),(280,2,'71',2,'2005-03-22 16:51:45',NULL),(281,2,'71',3,'2005-03-22 16:51:45',NULL),(283,2,'71',4,'2005-03-22 16:51:45',NULL),(284,2,'72',1,'2005-03-22 16:51:45',NULL),(285,2,'72',2,'2005-03-22 16:51:45',NULL),(287,2,'72',3,'2005-03-22 16:51:45',NULL),(288,2,'72',4,'2005-03-22 16:51:45',NULL),(289,2,'73',1,'2005-03-22 16:51:45',NULL),(290,2,'73',2,'2005-03-22 16:51:45',NULL),(291,2,'73',3,'2005-03-22 16:51:45',NULL),(292,2,'73',4,'2005-03-22 16:51:45',NULL),(322,4,'0',0,'2005-03-22 16:51:45',NULL),(325,4,'1',0,'2005-03-22 16:51:45',NULL),(326,4,'2',0,'2005-03-22 16:51:45',NULL),(327,4,'3',0,'2005-03-22 16:51:45',NULL),(329,4,'4',0,'2005-03-22 16:51:45',NULL),(330,4,'5',0,'2005-03-22 16:51:45',NULL),(331,4,'6',0,'2005-03-22 16:51:45',NULL),(333,4,'7',0,'2005-03-22 16:51:45',NULL),(334,4,'8',0,'2005-03-22 16:51:45',NULL),(335,4,'9',0,'2005-03-22 16:51:45',NULL),(336,4,'10',0,'2005-03-22 16:51:45',NULL),(337,4,'11',0,'2005-03-22 16:51:45',NULL),(338,4,'12',0,'2005-03-22 16:51:45',NULL),(339,4,'13',0,'2005-03-22 16:51:45',NULL),(340,4,'14',0,'2005-03-22 16:51:45',NULL),(341,4,'15',0,'2005-03-22 16:51:45',NULL),(342,4,'16',0,'2005-03-22 16:51:45',NULL),(343,4,'17',0,'2005-03-22 16:51:45',NULL),(344,4,'18',0,'2005-03-22 16:51:45',NULL),(345,4,'19',0,'2005-03-22 16:51:45',NULL),(346,4,'20',0,'2005-03-22 16:51:45',NULL),(347,4,'21',0,'2005-03-22 16:51:45',NULL),(979,27,'30',9,'2007-05-25 10:12:22',1),(349,4,'23',0,'2005-03-22 16:51:45',NULL),(350,4,'24',0,'2005-03-22 16:51:45',NULL),(351,4,'25',0,'2005-03-22 16:51:45',NULL),(352,4,'26',0,'2005-03-22 16:51:45',NULL),(353,4,'27',0,'2005-03-22 16:51:45',NULL),(354,4,'28',0,'2005-03-22 16:51:45',NULL),(355,4,'29',0,'2005-03-22 16:51:45',NULL),(360,1,'33',1,'2005-03-22 16:51:45',NULL),(362,1,'33',2,'2005-03-22 16:51:45',NULL),(380,1,'33',3,'2005-03-22 16:51:45',NULL),(400,5,'33',3,'2005-03-22 16:51:45',NULL),(401,1,'33',4,'2005-03-22 16:51:45',NULL),(404,2,'A7',4,'2005-03-22 16:51:45',NULL),(424,1,'34',6,'2005-03-22 16:51:45',NULL),(425,1,'34',5,'2005-03-22 16:51:45',NULL),(426,1,'35',1,'2005-03-22 16:51:45',NULL),(427,1,'35',2,'2005-03-22 16:51:45',NULL),(429,1,'35',3,'2005-03-22 16:51:45',NULL),(430,1,'35',4,'2005-03-22 16:51:45',NULL),(445,1,'35',5,'2005-03-22 16:51:45',NULL),(447,1,'35',6,'2005-03-22 16:51:45',NULL),(448,1,'35',7,'2005-03-22 16:51:45',NULL),(449,2,'A8',1,'2005-03-22 16:51:45',NULL),(451,1,'37',1,'2005-03-22 16:51:45',NULL),(452,1,'37',2,'2005-03-22 16:51:45',NULL),(453,1,'37',3,'2005-03-22 16:51:45',NULL),(454,1,'37',4,'2005-03-22 16:51:45',NULL),(456,1,'37',6,'2005-03-22 16:51:45',NULL),(457,1,'37',7,'2005-03-22 16:51:45',NULL),(458,1,'37',8,'2005-03-22 16:51:45',NULL),(459,1,'37',9,'2005-03-22 16:51:45',NULL),(460,1,'37',10,'2005-03-22 16:51:45',NULL),(461,1,'37',5,'2005-03-22 16:51:45',NULL),(465,1,'40',1,'2005-03-22 16:51:45',NULL),(467,2,'A8',2,'2005-03-22 16:51:45',NULL),(510,2,'A8',3,'2005-03-22 16:51:45',NULL),(515,1,'40',2,'2005-03-22 16:51:45',NULL),(532,1,'36',3,'2005-03-22 16:51:45',NULL),(556,6,'6',3,'2005-03-22 16:51:45',NULL),(557,1,'45',10,'2005-03-22 16:51:45',NULL),(561,7,'H1',NULL,'2005-03-22 16:51:45',NULL),(564,7,'H2',NULL,'2005-03-22 16:51:45',NULL),(565,7,'H3',NULL,'2005-03-22 16:51:45',NULL),(566,7,'H4',NULL,'2005-03-22 16:51:45',NULL),(568,7,'H5',NULL,'2005-03-22 16:51:45',NULL),(569,2,'A8',4,'2005-03-22 16:51:45',NULL),(570,1,'30',4,'2005-03-22 16:51:45',NULL),(571,8,'8',6,'2005-03-22 16:51:45',NULL),(572,9,'7',6,'2005-03-22 16:51:45',NULL),(574,1,'45',1,'2005-03-22 16:51:45',NULL),(576,10,'D15',NULL,'2005-03-22 16:51:45',NULL),(593,8,'9',3,'2005-03-22 16:51:45',NULL),(594,2,'A9',2,'2005-03-22 16:51:45',NULL),(595,6,'1',1,'2005-03-22 16:51:45',NULL),(596,6,'1',2,'2005-03-22 16:51:45',NULL),(598,6,'1',3,'2005-03-22 16:51:45',NULL),(599,6,'1',4,'2005-03-22 16:51:45',NULL),(619,2,'A9',1,'2005-03-22 16:51:45',NULL),(621,6,'6',1,'2005-03-22 16:51:45',NULL),(626,11,'6',1,'2005-03-22 16:51:45',NULL),(628,6,'6',2,'2005-03-22 16:51:45',NULL),(629,12,'0',0,'2005-03-22 16:51:45',NULL),(630,12,'O',0,'2005-03-22 16:51:45',NULL),(661,1,'30',1,'2005-03-22 16:51:45',NULL),(662,1,'30',10,'2005-03-22 16:51:45',NULL),(663,1,'30',2,'2005-03-22 16:51:45',NULL),(664,1,'30',3,'2005-03-22 16:51:45',NULL),(665,1,'30',5,'2005-03-22 16:51:45',NULL),(667,1,'30',6,'2005-03-22 16:51:45',NULL),(668,1,'30',7,'2005-03-22 16:51:45',NULL),(669,1,'30',8,'2005-03-22 16:51:45',NULL),(670,1,'30',9,'2005-03-22 16:51:45',NULL),(671,13,'',NULL,'2005-03-22 16:51:45',NULL),(672,2,'A10',4,'2005-08-29 13:30:16',1),(714,1,'45',6,'2005-11-08 08:01:19',211),(674,1,'29',2,'2005-08-30 11:08:17',212),(675,1,'29',3,'2005-08-30 11:38:59',212),(676,1,'29',4,'2005-08-30 12:04:21',212),(713,1,'45',5,'2005-11-08 07:52:16',211),(678,1,'29',5,'2005-08-30 12:39:40',212),(679,1,'29',6,'2005-08-30 13:01:25',212),(680,1,'29',7,'2005-08-30 13:57:36',212),(681,1,'46',1,'2005-08-31 08:25:45',1),(682,1,'29',8,'2005-08-31 10:48:03',211),(683,1,'29',9,'2005-08-31 10:49:55',212),(684,1,'34',1,'2005-08-31 11:44:11',211),(685,1,'34',2,'2005-08-31 12:27:58',211),(686,1,'34',3,'2005-08-31 13:04:25',211),(687,1,'34',4,'2005-08-31 13:32:50',211),(688,1,'46',2,'2005-08-31 14:30:16',1),(689,1,'46',3,'2005-09-06 12:27:26',1),(690,1,'45',3,'2005-09-08 13:37:43',1),(691,1,'46',4,'2005-09-09 12:40:34',1),(692,1,'46',5,'2005-09-09 13:33:24',1),(693,1,'46',6,'2005-09-19 10:09:27',1),(694,1,'46',7,'2005-09-19 11:57:34',1),(695,1,'46',8,'2005-09-20 11:27:27',1),(696,1,'46',9,'2005-09-21 13:47:08',1),(712,1,'45',4,'2005-11-08 07:23:53',211),(698,1,'3',1,'2005-09-28 12:21:48',1),(699,1,'39',2,'2005-09-28 12:48:56',1),(702,2,'A9',3,'2005-10-03 14:14:10',1),(706,2,'A10',2,'2005-10-07 07:17:44',1),(703,2,'A9',4,'2005-10-03 14:44:14',1),(704,1,'45',2,'2005-10-06 09:23:54',1),(705,2,'A10',3,'2005-10-06 14:15:33',1),(707,2,'A10',1,'2005-10-07 07:33:51',1),(708,1,'28',6,'2005-10-11 11:52:21',211),(709,1,'28',5,'2005-10-11 11:59:29',211),(710,1,'28',2,'2005-10-11 13:19:31',1),(711,1,'28',1,'2005-10-11 13:59:53',211),(715,1,'45',7,'2005-11-08 08:25:13',211),(716,1,'45',8,'2005-11-08 08:35:26',211),(717,1,'45',9,'2005-11-08 08:41:45',211),(718,1,'22',3,'2005-11-13 22:03:54',1),(719,1,'22',5,'2005-11-13 22:09:19',1),(720,1,'25',4,'2005-11-14 15:48:48',1),(721,1,'54',10,'2005-11-14 20:32:59',1),(722,1,'23',3,'2005-11-14 20:46:09',1),(723,1,'44',1,'2005-11-15 07:54:42',211),(724,1,'44',2,'2005-11-15 08:03:43',211),(725,1,'44',3,'2005-11-15 08:12:21',211),(726,1,'44',4,'2005-11-15 08:18:41',211),(727,1,'44',5,'2005-11-15 08:26:42',211),(728,1,'44',6,'2005-11-15 08:34:06',211),(729,1,'23',2,'2005-11-15 12:17:06',1),(730,1,'25',1,'2005-11-15 12:29:39',1),(731,1,'25',2,'2005-11-15 13:47:14',1),(732,1,'54',6,'2005-11-15 19:51:35',1),(733,1,'54',5,'2005-11-15 20:27:10',1),(734,1,'25',3,'2005-11-15 20:41:25',1),(917,24,'E',10,'2006-10-27 10:39:12',1),(736,2,'A12',1,'2005-11-17 20:55:22',1),(737,2,'A12',2,'2005-11-17 21:04:33',1),(738,1,'A12',2,'2005-11-17 21:07:18',1),(739,2,'A12',3,'2005-11-17 21:14:44',1),(740,2,'A12',4,'2005-11-17 21:28:01',1),(741,1,'23',4,'2005-11-25 08:04:16',1),(742,1,'44',7,'2005-11-30 12:29:16',211),(743,1,'44',8,'2005-11-30 12:49:13',211),(744,1,'44',9,'2005-11-30 13:00:49',1),(745,1,'44',10,'2005-11-30 13:15:42',1),(746,1,'43',10,'2005-11-30 13:52:21',1),(747,1,'43',9,'2005-11-30 14:13:56',1),(748,1,'43',8,'2005-11-30 14:23:40',1),(749,1,'43',7,'2005-11-30 14:41:56',1),(750,1,'43',6,'2005-11-30 15:13:01',1),(751,1,'43',5,'2005-11-30 15:40:52',1),(752,1,'43',1,'2005-12-09 11:24:30',1),(753,1,'43',2,'2005-12-09 11:38:48',1),(754,24,'D',4,'2005-12-09 14:00:07',1),(755,24,'D',5,'2005-12-09 14:43:22',1),(756,24,'D',6,'2005-12-09 15:06:22',1),(757,24,'D',7,'2005-12-09 15:25:18',1),(758,1,'36',10,'2005-12-19 14:44:42',1),(759,1,'36',9,'2005-12-19 14:59:38',1),(760,1,'36',8,'2005-12-20 12:16:01',1),(761,1,'36',7,'2005-12-20 13:29:36',1),(762,1,'43',3,'2005-12-21 09:22:30',1),(763,1,'43',4,'2005-12-21 09:39:24',1),(764,24,'D',8,'2005-12-23 08:18:09',1),(943,27,'27',7,'2007-02-08 12:51:52',1),(766,24,'D',9,'2005-12-23 08:54:58',1),(767,24,'D',10,'2005-12-23 09:54:15',1),(768,24,'E',1,'2006-01-11 12:47:59',1),(769,24,'D',11,'2006-01-13 09:17:44',1),(770,24,'D',12,'2006-01-13 10:09:10',1),(771,24,'D',13,'2006-01-13 10:22:44',1),(772,1,'36',6,'2006-01-18 12:48:03',1),(773,1,'36',5,'2006-01-18 13:24:38',1),(774,24,'D',14,'2006-01-20 08:25:02',1),(775,1,'42',2,'2006-02-02 08:41:43',1),(776,1,'42',1,'2006-02-02 09:33:56',1),(777,1,'42',4,'2006-02-02 09:53:56',1),(778,1,'42',5,'2006-02-02 10:37:05',1),(779,1,'42',6,'2006-02-02 10:47:56',1),(780,1,'42',7,'2006-02-02 11:11:23',1),(781,1,'42',3,'2006-02-02 15:05:53',1),(782,1,'42',8,'2006-02-08 08:38:16',1),(783,1,'42',9,'2006-02-08 09:07:22',1),(784,1,'42',10,'2006-02-08 09:31:32',1),(785,1,'41',10,'2006-02-08 10:04:49',1),(786,1,'41',9,'2006-02-08 10:44:20',1),(787,1,'41',8,'2006-02-08 11:02:10',1),(788,1,'41',7,'2006-02-08 11:15:26',1),(789,1,'41',6,'2006-02-08 11:26:02',1),(790,1,'41',5,'2006-02-08 11:51:59',1),(977,27,'31',1,'2007-05-25 09:03:47',1),(981,27,'30',7,'2007-05-25 11:03:13',1),(978,27,'30',10,'2007-05-25 09:44:59',1),(983,27,'44',1,'2007-06-11 08:18:32',0),(795,1,'29',10,'2006-03-09 11:14:12',1),(796,1,'39',3,'2006-03-09 13:50:54',1),(797,1,'40',3,'2006-03-09 14:52:33',1),(798,1,'40',6,'2006-03-09 15:10:49',1),(799,1,'40',7,'2006-03-09 15:12:57',1),(800,1,'4',10,'2006-03-09 15:21:33',1),(801,1,'40',10,'2006-03-09 15:24:52',1),(802,1,'22',1,'2006-03-10 08:36:37',1),(803,1,'22',2,'2006-03-10 08:58:29',1),(804,1,'22',4,'2006-03-10 09:42:42',1),(805,24,'111',1,'2006-03-10 12:45:08',1),(806,1,'22',6,'2006-03-10 12:58:55',1),(807,1,'22',8,'2006-03-10 13:15:13',1),(808,1,'22',7,'2006-03-10 13:25:47',1),(809,1,'40',4,'2006-03-10 13:55:27',1),(810,1,'40',5,'2006-03-10 14:22:29',1),(811,1,'40',8,'2006-03-13 08:42:00',1),(812,1,'40',9,'2006-03-13 09:00:25',1),(813,1,'33',5,'2006-03-13 09:44:16',1),(814,1,'33',6,'2006-03-14 07:24:38',1),(815,1,'33',7,'2006-03-14 08:14:12',1),(980,27,'30',8,'2007-05-25 10:44:48',1),(982,27,'30',6,'2007-06-11 08:11:03',0),(818,1,'31',2,'2006-03-14 13:53:53',1),(819,1,'31',3,'2006-03-14 14:33:32',1),(820,1,'41',1,'2006-03-15 09:09:57',1),(821,1,'41',2,'2006-03-15 09:24:48',1),(822,1,'41',3,'2006-03-15 09:37:53',1),(823,1,'41',4,'2006-03-15 09:51:58',1),(824,1,'20',1,'2006-03-17 09:30:59',1),(825,1,'22',10,'2006-03-17 10:57:00',1),(826,1,'20',7,'2006-03-17 11:16:26',1),(827,1,'20',9,'2006-03-17 12:44:31',1),(828,1,'20',8,'2006-03-17 13:00:34',1),(829,1,'20',10,'2006-03-17 13:02:41',1),(830,1,'20',3,'2006-03-17 13:48:47',1),(831,1,'20',2,'2006-03-17 13:52:30',1),(832,1,'20',5,'2006-03-17 13:56:38',1),(833,1,'20',4,'2006-03-17 13:57:31',1),(834,1,'31',8,'2006-03-20 13:51:24',1),(835,1,'31',4,'2006-03-20 14:12:12',1),(836,1,'31',5,'2006-03-20 15:03:00',1),(837,1,'20',6,'2006-03-21 10:39:11',1),(838,1,'32',7,'2006-03-21 12:12:45',1),(839,1,'32',9,'2006-03-21 12:24:16',1),(840,1,'32',10,'2006-03-21 13:05:32',1),(841,1,'39',4,'2006-03-22 08:19:30',1),(842,1,'39',6,'2006-03-22 09:29:02',1),(843,1,'39',7,'2006-03-22 09:50:22',1),(844,1,'39',8,'2006-03-22 10:05:00',1),(845,1,'39',9,'2006-03-22 10:15:31',1),(846,1,'39',10,'2006-03-22 10:36:34',1),(847,1,'34',9,'2006-03-27 08:06:41',1),(848,1,'34',8,'2006-03-27 08:13:28',1),(849,1,'28',3,'2006-03-27 13:47:50',1),(850,24,'D',3,'2006-04-12 14:00:27',212),(851,24,'D',1,'2006-04-12 14:07:52',212),(852,24,'D',2,'2006-04-19 08:20:38',212),(853,24,'C',1,'2006-04-19 08:38:05',212),(854,24,'C',2,'2006-04-19 09:27:25',212),(855,24,'C',3,'2006-04-19 11:27:26',212),(856,24,'C',5,'2006-04-19 12:16:49',212),(857,24,'C',6,'2006-04-26 09:33:53',212),(858,26,'39',4,'2006-05-05 12:03:35',1),(859,24,'C',7,'2006-05-10 08:53:29',212),(860,24,'C',8,'2006-05-10 09:46:05',212),(861,24,'C',9,'2006-05-10 10:26:43',212),(862,24,'C',10,'2006-05-24 11:41:59',1),(863,24,'C',11,'2006-05-24 12:47:26',1),(864,24,'C',12,'2006-05-31 07:34:46',1),(865,24,'C',13,'2006-05-31 09:20:05',1),(866,24,'C',14,'2006-06-07 08:56:11',1),(867,24,'E',2,'2006-06-07 10:37:31',1),(868,24,'E',3,'2006-06-07 10:48:37',1),(869,24,'E',4,'2006-06-07 11:00:30',1),(870,24,'E',5,'2006-06-14 07:58:14',1),(871,24,'E',6,'2006-06-14 08:37:09',1),(872,24,'E',7,'2006-06-14 08:58:20',1),(873,24,'E',8,'2006-06-14 09:10:43',1),(874,24,'E',9,'2006-06-14 09:29:50',1),(875,24,'F',12,'2006-06-27 08:17:01',1),(876,24,'F',11,'2006-06-28 09:45:17',1),(877,24,'F',7,'2006-06-28 10:25:19',1),(878,24,'F',10,'2006-06-29 12:28:29',1),(879,24,'F',9,'2006-06-30 08:33:12',1),(880,24,'F',8,'2006-06-30 11:22:25',1),(881,26,'39',3,'2006-07-05 08:59:04',1),(893,1,'55',55,'2006-07-06 11:26:43',210),(883,24,'F',6,'2006-07-05 10:42:23',1),(904,24,'A',12,'2006-09-15 14:28:35',1),(986,27,'30',4,'2007-06-11 09:41:35',0),(987,27,'30',5,'2007-06-11 10:02:10',0),(985,27,'30',3,'2007-06-11 09:26:09',0),(984,27,'30',2,'2007-06-11 09:00:49',0),(901,26,'39',2,'2006-07-07 07:19:29',1),(896,24,'F',5,'2006-07-06 11:58:03',1),(897,24,'F',4,'2006-07-06 12:42:25',1),(898,26,'39',1,'2006-07-06 14:18:55',210),(902,24,'A',14,'2006-09-15 13:09:18',1),(903,24,'A',13,'2006-09-15 13:34:09',1),(905,24,'A',11,'2006-09-15 15:10:17',1),(906,24,'A',5,'2006-09-18 12:37:40',1),(907,24,'A',7,'2006-09-18 12:44:32',1),(908,24,'A',6,'2006-09-18 13:06:04',1),(909,24,'A',10,'2006-09-19 09:57:45',1),(910,24,'A',9,'2006-09-19 10:50:02',1),(911,24,'A',8,'2006-09-19 12:16:07',1),(912,24,'B',1,'2006-09-20 12:53:09',1),(913,24,'B',2,'2006-09-20 14:05:56',1),(914,24,'B',3,'2006-09-20 15:38:06',1),(915,24,'B',4,'2006-09-21 14:42:20',1),(916,24,'B',5,'2006-09-29 10:32:08',1),(918,24,'E',11,'2006-10-27 11:36:29',1),(919,24,'E',12,'2006-10-27 12:17:22',1),(920,24,'B',6,'2006-10-30 11:11:55',1),(921,24,'B',7,'2006-10-30 12:59:28',1),(922,24,'B',8,'2006-10-30 14:21:50',1),(923,24,'B',9,'2006-10-31 08:16:04',1),(924,24,'E',13,'2006-11-10 13:50:15',1),(925,24,'E',14,'2006-11-10 14:28:54',1),(926,24,'A',4,'2006-11-22 15:30:33',1),(934,27,'32',5,'2007-01-25 14:21:14',1),(929,27,'26',2,'2007-01-08 21:38:50',216),(930,27,'26',3,'2007-01-08 21:39:14',216),(931,27,'26',4,'2007-01-08 21:39:38',216),(932,27,'26',5,'2007-01-08 21:39:53',216),(933,27,'27',5,'2007-01-08 13:56:27',1),(935,27,'32',6,'2007-01-25 15:00:28',1),(936,26,'25',1,'2007-01-31 15:12:18',1),(937,27,'25',1,'2007-01-31 15:13:01',1),(938,27,'25',2,'2007-01-31 15:31:23',1),(939,27,'25',3,'2007-02-05 14:30:34',1),(940,27,'27',6,'2007-02-05 15:01:55',1),(941,27,'27',4,'2007-02-05 15:20:57',1),(942,27,'27',3,'2007-02-05 15:43:48',1),(944,27,'27',8,'2007-02-08 13:21:30',1),(945,27,'27',9,'2007-02-08 14:41:34',1),(946,27,'28',3,'2007-02-12 13:10:40',1),(947,27,'28',2,'2007-02-12 13:20:55',1),(948,27,'28',1,'2007-03-05 14:52:23',1),(960,27,'29',3,'2007-04-02 08:14:48',1),(950,27,'28',4,'2007-03-12 13:35:04',1),(951,27,'28',5,'2007-03-12 13:46:24',1),(976,27,'31',2,'2007-05-25 08:30:59',1),(953,27,'28',6,'2007-03-12 15:16:22',1),(954,27,'28',7,'2007-03-30 08:18:32',218),(969,27,'26',6,'2007-04-11 11:31:16',1),(956,27,'28',8,'2007-03-30 08:51:11',1),(957,27,'29',1,'2007-03-30 09:45:56',1),(958,27,'29',2,'2007-03-30 09:58:59',1),(959,0,'29',2,'2007-03-30 10:08:39',1),(961,27,'29',4,'2007-04-02 08:40:06',1),(962,27,'29',8,'2007-04-02 09:33:20',1),(963,27,'29',5,'2007-04-02 10:38:47',1),(964,27,'29',6,'2007-04-02 11:20:41',1),(965,27,'27',2,'2007-04-04 11:01:14',1),(966,27,'29',7,'2007-04-10 12:45:01',1),(967,27,'29',9,'2007-04-10 13:49:05',1),(968,27,'30',1,'2007-04-10 14:49:57',1),(970,27,'26',7,'2007-04-11 11:51:34',1),(971,24,'B',10,'2007-05-11 07:49:49',1),(972,27,'31',4,'2007-05-11 09:49:46',1),(973,27,'31',5,'2007-05-11 09:59:10',1),(975,27,'31',3,'2007-05-11 10:39:57',1);

--
-- Table structure for table `benutzer`
--

CREATE TABLE `benutzer` (
  `id_benutzer` int(11) unsigned NOT NULL auto_increment,
  `name` varchar(40) collate latin1_german2_ci NOT NULL default '',
  `username` varchar(20) collate latin1_german2_ci NOT NULL default '',
  `passwort` varchar(20) collate latin1_german2_ci NOT NULL default '',
  `aktiv` tinyint(1) unsigned default '0',
  `lastdate` timestamp NOT NULL default CURRENT_TIMESTAMP on update CURRENT_TIMESTAMP,
  `email` varchar(100) collate latin1_german2_ci default NULL,
  `userrole` varchar(100) collate latin1_german2_ci default NULL,
  PRIMARY KEY  (`id_benutzer`)
) ENGINE=MyISAM AUTO_INCREMENT=220 DEFAULT CHARSET=latin1 COLLATE=latin1_german2_ci;

--
-- Dumping data for table `benutzer`
--

INSERT INTO `benutzer` VALUES (1,'Pika, Milena','pikam','pikam',0,'2005-08-29 07:22:51','milena@erdw.ethz.ch','admin'),(219,'Mietta Petronio','mietta','mietta',0,'2007-09-04 12:27:48','mietta@bluewin.ch','admin'),(218,'Sterba Gabriela','gabriela','541956',0,'2007-03-30 07:58:44','','assistent'),(209,'Behr, Daniel','dbe','merlin',0,'2005-06-13 09:04:51',NULL,'admin'),(210,'Burla, Stefan','stefan','test',0,'2005-06-13 09:06:28','','admin'),(213,'Stefan Ungricht','ungrichts','Stefan',0,'2006-04-28 11:23:51','sungricht@hotmail.com','assistent');

--
-- Table structure for table `content`
--

CREATE TABLE `content` (
  `id_content` int(10) NOT NULL auto_increment,
  `id_navigation` int(10) default NULL,
  `position` int(10) default '0',
  `typ` varchar(10) collate latin1_german2_ci default NULL,
  `form_action` varchar(150) collate latin1_german2_ci default NULL,
  `last_update` timestamp NOT NULL default CURRENT_TIMESTAMP on update CURRENT_TIMESTAMP,
  PRIMARY KEY  (`id_content`),
  KEY `id_navigation` (`id_navigation`)
) ENGINE=MyISAM AUTO_INCREMENT=37 DEFAULT CHARSET=latin1 COLLATE=latin1_german2_ci;

--
-- Dumping data for table `content`
--

INSERT INTO `content` VALUES (1,8,1,'text','','2005-04-12 17:48:00'),(2,24,1,'text','','2005-04-12 17:48:00'),(3,33,1,'text','','2005-04-12 17:48:00'),(4,32,1,'text','','2005-04-12 17:48:00'),(5,29,1,'text','','2005-04-12 17:48:00'),(6,52,1,'text','','2005-04-12 17:48:00'),(7,52,2,'formular','a.chiavi.ch','2005-04-12 17:48:00'),(9,118,1,'text','','2005-04-12 17:48:00'),(10,116,1,'text','','2005-04-12 17:48:00'),(32,119,1,'text','','2005-04-12 17:48:00'),(12,89,1,'text','','2005-04-12 17:48:00'),(13,90,1,'text','','2005-04-12 17:48:00'),(14,15,1,'text','','2005-04-12 17:48:00'),(15,93,1,'text','','2005-04-12 17:48:00'),(18,134,1,'text','','2005-04-12 17:48:00'),(22,115,1,'text','','2005-04-12 17:48:00'),(24,120,1,'text','','2005-04-12 17:48:00'),(25,51,1,'text','','2005-04-12 17:48:00'),(26,1,1,'text','','2005-04-12 17:48:00'),(27,88,1,'text','','2005-04-12 17:48:00'),(29,137,1,'text','','2005-04-12 17:48:00'),(30,140,1,'text','','2005-04-12 17:48:00'),(31,117,2,'text','','2005-04-12 17:48:00'),(36,148,1,'text','','2005-04-12 17:48:00');

--
-- Table structure for table `content_formular`
--

CREATE TABLE `content_formular` (
  `id_content_formular` int(10) NOT NULL auto_increment,
  `id_content` int(10) default NULL,
  `id_formular` int(10) default NULL,
  `must_field` tinyint(10) default NULL,
  `position` int(10) default '0',
  `last_update` timestamp NOT NULL default CURRENT_TIMESTAMP on update CURRENT_TIMESTAMP,
  PRIMARY KEY  (`id_content_formular`),
  KEY `id_content` (`id_content`),
  KEY `id_formular` (`id_formular`)
) ENGINE=MyISAM AUTO_INCREMENT=18 DEFAULT CHARSET=latin1 COLLATE=latin1_german2_ci;

--
-- Dumping data for table `content_formular`
--

INSERT INTO `content_formular` VALUES (1,7,1,0,1,'2005-04-12 17:48:00'),(2,7,8,0,2,'2005-04-12 17:48:00'),(3,7,7,1,3,'2005-04-12 17:48:00'),(4,17,1,0,1,'2005-04-12 17:48:00'),(5,17,2,0,2,'2005-04-12 17:48:00'),(6,17,7,1,3,'2005-04-12 17:48:00'),(7,17,8,1,4,'2005-04-12 17:48:00'),(8,17,11,0,8,'2005-04-12 17:48:00'),(9,17,4,0,5,'2005-04-12 17:48:00'),(10,17,5,0,6,'2005-04-12 17:48:00'),(11,17,6,0,7,'2005-04-12 17:48:00'),(12,23,1,0,1,'2005-04-12 17:48:00'),(13,34,1,0,1,'2005-04-12 17:48:00'),(14,35,1,0,1,'2005-04-12 17:48:00'),(15,37,1,0,1,'2005-04-12 17:48:00'),(16,38,1,0,2,'2005-04-12 17:48:00'),(17,38,3,0,1,'2005-04-12 17:48:00');

--
-- Table structure for table `content_text`
--

CREATE TABLE `content_text` (
  `id_content_text` int(10) NOT NULL auto_increment,
  `id_content` int(10) default NULL,
  `titel_de` varchar(150) collate latin1_german2_ci default NULL,
  `titel_fr` varchar(150) collate latin1_german2_ci default NULL,
  `titel_en` varchar(150) collate latin1_german2_ci default NULL,
  `text_de` text collate latin1_german2_ci,
  `text_fr` text collate latin1_german2_ci,
  `text_en` text collate latin1_german2_ci,
  `last_update` timestamp NOT NULL default CURRENT_TIMESTAMP on update CURRENT_TIMESTAMP,
  `titel_it` varchar(150) collate latin1_german2_ci default NULL,
  `text_it` text collate latin1_german2_ci,
  PRIMARY KEY  (`id_content_text`),
  KEY `id_content` (`id_content`)
) ENGINE=MyISAM AUTO_INCREMENT=33 DEFAULT CHARSET=latin1 COLLATE=latin1_german2_ci;

--
-- Dumping data for table `content_text`
--

INSERT INTO `content_text` VALUES (1,1,'Impressum',NULL,NULL,'\r\n<h2>Gesamtverantwortung\r\n<br></h2>\r\n<p>\r\n<br>\r\nSIU - Schweizerisches Institut f?r Unternehmerschulung\r\n<br>\r\nVerena Conzett-Strasse 23\r\n\r\n<br>\r\nPostfach 8419\r\n\r\n<br>\r\nCH-8036 Z?rich \r\n\r\n<br>\r\nTel. +41 (0) 44 242 44 87 \r\n\r\n<br>\r\nFax +41 (0) 44 242 49 10\r\n<br></p>\r\n<h2>Design und Programmierung\r\n<br></h2>\r\n<p>Graviton Gmbh\r\n<br>\r\nSpalenvorstadt 16\r\n<br>\r\n4003 Basel\r\n<br></p>\r\n<p>Tel. +41 (0) 61 261 20 90\r\n<br><a href=\"mailto:info@graviton.ch\">info@graviton.ch</a>\r\n<br><a href=\"http://www.graviton.ch\" target=\"_blank\" title=\"\">www.graviton.ch</a>\r\n<br></p>\r\n<p>geopublic\r\n<br>\r\nStefan Burla\r\n<br>\r\nFriedrichstrasse 15\r\n<br>\r\n4055 Basel\r\n<br></p>\r\n<p>Tel. +41 (0) 79 205 93 14\r\n<br><a href=\"mailto:info@geopublic.ch\">info@geopublic.ch</a>\r\n<br><a href=\"http://www.geopublic.ch\" target=\"_blank\">www.geopublic.ch</a>\r\n<br></p>',NULL,NULL,'2005-04-12 17:48:00',NULL,NULL),(27,30,'Neuer Titel adsf',NULL,NULL,'\r\n<p>Neuer Text adsf</p>',NULL,NULL,'2005-04-12 17:48:00',NULL,NULL),(2,2,'Disclaimer',NULL,NULL,'\r\n\r\n<p>Das SIU (Schweizerisches Institut f?r Unternehmerschulung) unternimmt alles, \r\num die Angaben in dieser Homepage\r\naktuell, korrekt, vollst?ndig und zuverl?ssig zu halten.\r\n\r\n<br> \r\n\r\n<br>Es kann daf?r aber keine Gew?hr geben. Eine Haftung des SIU\r\nf?r Sch?den, welche auf Angaben in diesen Seiten zur?ckgef?hrt werden, wird\r\ndaher soweit rechtlich zul?ssig ausgeschlossen.\r\n\r\n<br> \r\n\r\n<br> Der gesamte\r\nInhalt dieser Website ist als Eigentum des SIU urheberrechtlich\r\ngesch?tzt. Alle Rechte sind vorbehalten.\r\n\r\n<br></p>',NULL,NULL,'2005-04-12 17:48:00',NULL,NULL),(3,3,'Organigramm','Organigramme',NULL,'\r\n<p align=\"center\">\r\n<br><img title=\"Organigramm\" alt=\"Organigramm\" src=\"/images/organigramm.gif\"> </p>\r\n<p align=\"center\">\r\n<br></p>\r\n<p align=\"center\">\r\n<br></p>\r\n<p align=\"center\">\r\n<br></p>\r\n<p align=\"center\">\r\n<br></p>\r\n<p align=\"left\">\r\n<table style=\"border-collapse: separate;\" bordercolor=\"#000000\" cellspacing=\"0\" cellpadding=\"5\" width=\"100%\" border=\"0\">\r\n<tbody>\r\n<tr>\r\n<td valign=\"top\" width=\"23%\">\r\n<p><img title=\"\" height=\"326\" alt=\"\" src=\"/images/personen_organigramm/chiavi.jpg\" width=\"250\"></p></td>\r\n<td valign=\"top\" width=\"77%\">\r\n<p><strong>Attilia Chiavi </strong>\r\n<br>\r\n<br>Gesch?ftsleiterin \r\n<br></p>\r\n<p>E-Mail: <a href=\"mailto:a.chiavi@siu.ch\">a.chiavi@siu.ch</a> \r\n<br></p></td></tr>\r\n<tr>\r\n<td valign=\"top\" width=\"23%\">\r\n<p><img title=\"\" height=\"326\" alt=\"\" src=\"/images/personen_organigramm/pfenninger.jpg\" width=\"250\"></p></td>\r\n<td valign=\"top\" width=\"77%\">\r\n<p><strong>Monika Pfenninger </strong>\r\n<br>\r\n<br>Assistentin Gesch?ftsleiterin \r\n<br></p>\r\n<p>E-Mail: <a href=\"mailto:m.pfenninger@siu.ch\">m.pfenninger@siu.ch</a> \r\n<br></p></td></tr>\r\n<tr>\r\n<td valign=\"top\" width=\"23%\">\r\n<p><img title=\"\" height=\"285\" alt=\"\" src=\"/images/personen_organigramm/voegeli.jpg\" width=\"250\"></p></td>\r\n<td valign=\"top\" width=\"77%\">\r\n<p><strong>Heidi V?geli </strong>\r\n<br>\r\n<br>Leiterin Sekretariat Z?rich, Kurswesen \r\n<br></p>\r\n<p>E-Mail: <a href=\"mailto:h.voegeli@siu.ch\">h.voegeli@siu.ch</a> \r\n<br></p></td></tr>\r\n<tr>\r\n<td valign=\"top\" width=\"23%\">\r\n<p><img title=\"\" height=\"326\" alt=\"\" src=\"/images/personen_organigramm/tschaeppaet.jpg\" width=\"250\"></p></td>\r\n<td valign=\"top\" width=\"77%\"><strong>B?atrice Tsch?pp?t \r\n<br></strong>\r\n<br>Leiterin Sekretariat Lausanne, Kurswesen \r\n<br>\r\n<br>E-Mail: <a href=\"mailto:b.tschaeppaet@siu.ch\">b.tschaeppaet@siu.ch</a> \r\n<br></td></tr>\r\n<tr>\r\n<td valign=\"top\" width=\"23%\">\r\n<p><img title=\"\" height=\"326\" alt=\"\" src=\"/images/personen_organigramm/schwyter.jpg\" width=\"250\"></p></td>\r\n<td valign=\"top\" width=\"77%\">\r\n<p><strong>Maja Schwyter </strong>\r\n<br>\r\n<br>Sekretariat Bern, Kurswesen \r\n<br>\r\n<br>E-Mail: <a href=\"mailto:m.schwyter@siu.ch\">m.schwyter@siu.ch</a> \r\n<br>\r\n<br></p></td></tr>\r\n<tr>\r\n<td valign=\"top\" width=\"23%\">\r\n<p><img title=\"\" height=\"272\" alt=\"\" src=\"/images/personen_organigramm/koehli.jpg\" width=\"250\"></p></td>\r\n<td valign=\"top\" width=\"77%\"><strong>Nadja K?hli</strong> \r\n<br>\r\n<br>Sekretariat Z?rich, Kurswesen \r\n<br>\r\n<br>E-Mail: <a href=\"mailto:n.koehli@siu.ch\">n.koehli@siu.ch</a> \r\n<br></td></tr>\r\n<tr>\r\n<td valign=\"top\" width=\"23%\">\r\n<p><img title=\"\" height=\"300\" alt=\"\" src=\"/images/personen_organigramm/bamert.jpg\" width=\"250\"></p></td>\r\n<td valign=\"top\" width=\"77%\">\r\n<p><strong>Karin Bamert</strong> \r\n<br></p>\r\n<br>Sekretariat Z?rich, Kurswesen \r\n<br>\r\n<br>E-Mail: <a href=\"mailto:k.bamert@siu.ch\">k.bamert@siu.ch</a> \r\n<br></td></tr>\r\n<tr>\r\n<td valign=\"top\" width=\"23%\">\r\n<p><img title=\"\" height=\"326\" alt=\"\" src=\"/images/personen_organigramm/kappler.jpg\" width=\"250\"></p></td>\r\n<td valign=\"top\" width=\"77%\">\r\n<p><strong>Anita Kappler</strong> \r\n<br></p>\r\n<p>Sekretariat, ?berbetriebliche Kurse</p>\r\n<p>E-Mail: <a href=\"mailto:a.kappler@siu.ch\">a.kappler@siu.ch</a> \r\n<br></p></td></tr>\r\n<tr>\r\n<td valign=\"top\" width=\"23%\">\r\n<p><img title=\"\" height=\"326\" alt=\"\" src=\"/images/personen_organigramm/kunz.jpg\" width=\"250\"></p></td>\r\n<td valign=\"top\" width=\"77%\">\r\n<p><strong>Franziska Kunz</strong> \r\n<br></p>\r\n<p>Buchhaltung, Kurswesen \r\n<br></p>\r\n<p>E-mail: <a href=\"mailto:f.kunz@siu.ch\">f.kunz@siu.ch</a> \r\n<br></p>\r\n<br></td></tr></tbody></table>\r\n<br></p>\r\n<br>\r\n<p align=\"center\">&nbsp;</p>','\r\n<p align=\"center\">\r\n<br><img title=\"Organigramm\" alt=\"Organigramm\" src=\"/images/organigramm.gif\"> </p>\r\n<p align=\"center\">\r\n<br></p>\r\n<p align=\"center\">\r\n<br></p>\r\n<p align=\"center\">\r\n<br></p>\r\n<p align=\"center\">\r\n<br></p>\r\n<p align=\"left\">\r\n<table style=\"border-collapse: separate;\" bordercolor=\"#000000\" cellspacing=\"0\" cellpadding=\"5\" width=\"100%\" border=\"0\">\r\n<tbody>\r\n<tr>\r\n<td valign=\"top\" width=\"23%\">\r\n<p><img title=\"\" height=\"326\" alt=\"\" src=\"/images/personen_organigramm/chiavi.jpg\" width=\"250\"></p></td>\r\n<td valign=\"top\" width=\"77%\">\r\n<p><strong>Attilia Chiavi </strong>\r\n<br>\r\n<br>Gesch?ftsleiterin \r\n<br></p>\r\n<p>E-Mail: <a href=\"mailto:a.chiavi@siu.ch\">a.chiavi@siu.ch</a> \r\n<br></p></td></tr>\r\n<tr>\r\n<td valign=\"top\" width=\"23%\">\r\n<p><img title=\"\" height=\"326\" alt=\"\" src=\"/images/personen_organigramm/pfenninger.jpg\" width=\"250\"></p></td>\r\n<td valign=\"top\" width=\"77%\">\r\n<p><strong>Monika Pfenninger </strong>\r\n<br>\r\n<br>Assistentin Gesch?ftsleiterin \r\n<br></p>\r\n<p>E-Mail: <a href=\"mailto:m.pfenninger@siu.ch\">m.pfenninger@siu.ch</a> \r\n<br></p></td></tr>\r\n<tr>\r\n<td valign=\"top\" width=\"23%\">\r\n<p><img title=\"\" height=\"285\" alt=\"\" src=\"/images/personen_organigramm/voegeli.jpg\" width=\"250\"></p></td>\r\n<td valign=\"top\" width=\"77%\">\r\n<p><strong>Heidi V?geli </strong>\r\n<br>\r\n<br>Leiterin Sekretariat Z?rich, Kurswesen \r\n<br></p>\r\n<p>E-Mail: <a href=\"mailto:h.voegeli@siu.ch\">h.voegeli@siu.ch</a> \r\n<br></p></td></tr>\r\n<tr>\r\n<td valign=\"top\" width=\"23%\">\r\n<p><img title=\"\" height=\"326\" alt=\"\" src=\"/images/personen_organigramm/tschaeppaet.jpg\" width=\"250\"></p></td>\r\n<td valign=\"top\" width=\"77%\"><strong>B?atrice Tsch?pp?t \r\n<br></strong>\r\n<br>Leiterin Sekretariat Lausanne, Kurswesen \r\n<br>\r\n<br>E-Mail: <a href=\"mailto:b.tschaeppaet@siu.ch\">b.tschaeppaet@siu.ch</a> \r\n<br></td></tr>\r\n<tr>\r\n<td valign=\"top\" width=\"23%\">\r\n<p><img title=\"\" height=\"326\" alt=\"\" src=\"/images/personen_organigramm/schwyter.jpg\" width=\"250\"></p></td>\r\n<td valign=\"top\" width=\"77%\">\r\n<p><strong>Maja Schwyter </strong>\r\n<br>\r\n<br>Sekretariat Bern, Kurswesen \r\n<br>\r\n<br>E-Mail: <a href=\"mailto:m.schwyter@siu.ch\">m.schwyter@siu.ch</a> \r\n<br>\r\n<br></p></td></tr>\r\n<tr>\r\n<td valign=\"top\" width=\"23%\">\r\n<p><img title=\"\" height=\"272\" alt=\"\" src=\"/images/personen_organigramm/koehli.jpg\" width=\"250\"></p></td>\r\n<td valign=\"top\" width=\"77%\"><strong>Nadja K?hli</strong> \r\n<br>\r\n<br>Sekretariat Z?rich, Kurswesen \r\n<br>\r\n<br>E-Mail: <a href=\"mailto:n.koehli@siu.ch\">n.koehli@siu.ch</a> \r\n<br></td></tr>\r\n<tr>\r\n<td valign=\"top\" width=\"23%\">\r\n<p><img title=\"\" height=\"300\" alt=\"\" src=\"/images/personen_organigramm/bamert.jpg\" width=\"250\"></p></td>\r\n<td valign=\"top\" width=\"77%\">\r\n<p><strong>Karin Bamert</strong> \r\n<br></p>\r\n<br>Sekretariat Z?rich, Kurswesen \r\n<br>\r\n<br>E-Mail: <a href=\"mailto:k.bamert@siu.ch\">k.bamert@siu.ch</a> \r\n<br></td></tr>\r\n<tr>\r\n<td valign=\"top\" width=\"23%\">\r\n<p><img title=\"\" height=\"326\" alt=\"\" src=\"/images/personen_organigramm/kappler.jpg\" width=\"250\"></p></td>\r\n<td valign=\"top\" width=\"77%\">\r\n<p><strong>Anita Kappler</strong> \r\n<br></p>\r\n<p>Sekretariat, ?berbetriebliche Kurse</p>\r\n<p>E-Mail: <a href=\"mailto:a.kappler@siu.ch\">a.kappler@siu.ch</a> \r\n<br></p></td></tr>\r\n<tr>\r\n<td valign=\"top\" width=\"23%\">\r\n<p><img title=\"\" height=\"326\" alt=\"\" src=\"/images/personen_organigramm/kunz.jpg\" width=\"250\"></p></td>\r\n<td valign=\"top\" width=\"77%\">\r\n<p><strong>Franziska Kunz</strong> \r\n<br></p>\r\n<p>Buchhaltung, Kurswesen \r\n<br></p>\r\n<p>E-mail: <a href=\"mailto:f.kunz@siu.ch\">f.kunz@siu.ch</a> \r\n<br></p>\r\n<br></td></tr></tbody></table>\r\n<br></p>\r\n<br>\r\n<p align=\"center\">&nbsp;</p>',NULL,'2000-05-04 03:12:00',NULL,NULL),(4,4,'Leitbild','Notre philosophie',NULL,'\r\n<p><a href=\"/downloads/docs/leitbild.pdf\" target=\"_blank\">Laden Sie unser Leitbild als pdf-Datei herunter.</a> </p>\r\n<h2>Unser Ziel</h2>\r\n<p>Wir begeistern m?glichst viele Menschen im Gewerbe und im Detailhandel f?r die \r\nbetriebswirtschaftliche Weiterbildung, indem wir ihnen die F?lle beruflicher Chancen \r\nund Entwicklungsm?glichkeiten aufzeigen und ihnen das notwendigeWissen dazu vermitteln. \r\n\r\n<br>\r\n<br></p>\r\n<h2>Unser Qualit?tsbeweis</h2>\r\n<p>Das SIUIFCAM ist eine Marke mit einem sehr hohen Bekanntheitsgrad innerhalb des \r\nGewerbes und des Detailhandels und ist zugleich einzertifiziertes Qualit?tssiegel. \r\n\r\n<br>\r\n<br></p>\r\n<h2>Unser Programm</h2>\r\n<p>Wir verbessern laufend unsere bestehenden Kurse und entwickeln neue, zukunftsweisende \r\nAngebote. \r\n<br>\r\n<br></p>\r\n<h2>Unsere Preise</h2>\r\n<p>Wir bieten unseren Kursteilnehmern eine maximale Leistung zu angemessenen Preisen. \r\n\r\n<br>\r\n<br></p>\r\n<h2>Unser Kursangebot</h2>\r\n<p>Wir bieten unsere Kurse in verschiedenen Regionen an, um unseren Kursteilnehmern \r\nweite Wege zu ersparen. Damit erleichtern wir m?glichst vielen Menschen die Weiterbildung. \r\n\r\n<br>\r\n<br></p>\r\n<h2>Unser Kurskonzept</h2>\r\n<p>Unsere Kurse sind in hohem Masse auf die Berufspraxis und auf die jeweiligen \r\nPr?fungsanforderungen ausgerichtet. Deshalb liegt die Quote der bestandenen Pr?fungen \r\nbei den Teilnehmern der SIUIFCAM-Vorbereitungskurse markant ?ber dem Durchschnitt. \r\n\r\n<br>\r\n<br></p>\r\n<h2>Unsere Unabh?ngigkeit</h2>\r\n<p>Wir bewahren unsere Unabh?ngigkeit, indem wir gen?gend liquide Mittel erarbeiten, \r\num ohne Fremdfinanzierung unsere Leistungen erbringen zu k?nnen. \r\n<br>\r\n<br></p>\r\n<h2>Wir f?rdern den Menschen</h2>\r\n<p>Wir glauben an die Entfaltungsm?glichkeiten des Menschen und tun alles, um unsere \r\nKursteilnehmer/-innen und Mitarbeiter/-innen in ihrer Pers?nlichkeitsentwicklung \r\nzu unterst?tzen und f?rdern. \r\n<br>\r\n<br></p>\r\n<h2>Wir verhelfen zum Pr?fungserfolg</h2>\r\n<p>Wir werden die ?berdurchschnittlich hohe Erfolgsquote unserer Kursteilnehmer \r\nbei den Pr?fungen weiter verbessern, indem wir die \r\n<br>Pr?fungsvorbereitungen laufend optimieren und regelm?ssig den sich ?ndernden \r\nAnforderungen anpassen. \r\n<br>\r\n<br></p>\r\n<h2>Wir bieten Referenten aus der Praxis \r\n<br></h2>\r\n<p>Wir rekrutieren unsere Referenten unter den Fachleuten aus der Praxis, die f?r \r\naktuelle Probleme praktikable L?sungen bieten. \r\n<br>Wir bilden unsere Referenten regelm?ssig in methodisch-didaktischen Belangen \r\nweiter. \r\n<br>\r\n<br></p>\r\n<h2>Wir vermitteln Wissen f?r die Praxis \r\n<br></h2>\r\n<p>Wir vermitteln in der Praxis erprobtes Wissen, welches unsere Kursteilnehmer \r\nsofort anwenden k?nnen. \r\n<br>\r\n<br></p>\r\n<h2>Wir verbessern uns laufend</h2>\r\n<p>Wir sind im st?ndigen Kontakt mit unseren Kursteilnehmern, die uns mit ihren \r\nAnregungen und mit offener Kritik helfen, die Kurse laufend zu verbessern und \r\nden neuesten Entwicklungen und Erkenntnissen anzupassen. \r\n<br>\r\n<br></p>\r\n<h2>Wir sind zertifiziert</h2>\r\n<p>Wir stellen uns der ?berpr?fung durch aussenstehende Fachleute und lassen die \r\nverschiedenen Zertifikate (ISO, EduQua) regelm?ssig erneuern. Die Rezertifizierung \r\nunserer Kurse und der Administration garantieren Effizienz und Effektivit?tauf \r\nallen Ebenen. \r\n<br></p>','\r\n<h2>Nos objectifs</h2>\r\n<p>Enthousiasmer le plus possible de personnes, engag?es dans les arts et m?tiers \r\net le commerce de d?tail, ? suivre des formations continues en relation directe \r\navec l??conomie ! Elles d?couvriront la richesse des possibilit?s, les chances \r\nde d?veloppement professionnel en y obtenant les connaissances n?cessaires. </p>\r\n<h2>Notre preuve de qualit?</h2>\r\n<p>La notori?t? de la marque SIUIFCAM est tr?s ?lev?e dans les arts et m?tiers et \r\nle commerce de d?tail. Elle est ?galement certifi?e par un label de qualit?.</p>\r\n<h2>Notre programme </h2>\r\n<p>Les cours existants sont r?guli?rement am?lior?s et d?veloppent de nouvelles \r\noffres r?solument port?es vers l?avenir. </p>\r\n<h2>Nos prix</h2>\r\n<p>Nous offrons une performance maximale ? des prix appropri?s. </p>\r\n<h2>Notre offre de formation</h2>\r\n<p>En vue de faciliter la formation continue, nos formations se d?roulent dans diff?rentes \r\nr?gions, ?vitant ainsi ? nos participants de devoir assumer de longs trajets.</p>\r\n<h2>Notre concept de cours</h2>\r\n<p>Nos cours sont orient?s dans une large mesure vers la pratique professionnelle, \r\ntout en tenant compte des exigences de l\'examen respectif. La part de r?ussite \r\naux examens des participants au cours pr?paratoire du SIUIFCAM se situe au-dessus \r\nde la moyenne. </p>\r\n<h2>Notre ind?pendance </h2>\r\n<p>Notre ind?pendance est assur?e par l??laboration de liquidit?s suffisantes, finan?ant \r\nnos performances sans capitaux ?trangers.</p>\r\n<h2>Nous encourageons les personnes</h2>\r\n<p>Ayant foi dans les possibilit?s de d?veloppement de l\'?tre humain, nous soutenons \r\nles participants ? nos cours et nos collaborateurs et les encourageons dans leur \r\nd?veloppement personnel.</p>\r\n<h2>Nous contribuons ? la r?ussite des examens </h2>\r\n<p>En optimisant et en adaptant r?guli?rement les pr?parations aux exigences des \r\nexamens, nous am?liorons le taux de r?ussite aux examens, qui demeure sup?rieur \r\n? la moyenne. </p>\r\n<h2>Nos charg?s de cours, ax?s sur la pratique professionnelle </h2>\r\n<p>Nous choisissons nos charg?s de cours parmi les sp?cialistes de la pratique offrant \r\ndes solutions pragmatiques des probl?mes actuels. Ils se perfectionnent r?guli?rement \r\nsur les plans m?thodiques et didactiques. </p>\r\n<h2>Nous transmettons des connaissances pratiques </h2>\r\n<p>Les connaissances que nous transmettons ont fait leurs preuves en pratique ; \r\nelles sont imm?diatement applicables par nos participants.</p>\r\n<h2>Nous nous am?liorons constamment </h2>\r\n<p>En contact permanent avec nos participants, nous les incitons aux suggestions \r\net critiques, afin d?am?liorer r?guli?rement nos cours et les adapter aux connaissances \r\net d?veloppements r?cents. </p>\r\n<h2>Nous sommes certifi?s </h2>\r\n<p>Nous faisons contr?ler notre Institut par des organes ext?rieurs et nous soumettons \r\n? diff?rents certificats (ISO, EduQua), r?guli?rement renouvel?s. Ces approbations \r\nde nos cours et de notre administration garantissent une efficience ? tous les \r\nniveaux. </p>\r\n<p>&nbsp;</p>',NULL,'2000-05-04 03:13:00',NULL,NULL),(5,5,'Kurse nach Ort','Nos cours selon lieu',NULL,'\r\n<p>Klicken Sie auf den gew?nschten Ort, um zu den dort angebotenen Kursen zu gelangen. \r\n</p>\r\n<p>&nbsp;</p>\r\n<p><img height=\"456\" alt=\"\" src=\"/images/kartegif.gif\" width=\"712\" usemap=\"#Map\" border=\"0\"> \r\n<map name=\"Map\">\r\n<area shape=\"rect\" alt=\"\" coords=\"252,59,294,77\" href=\"/index.php?target=table/kurse.php&amp;id_kursort=19\">\r\n<area shape=\"rect\" alt=\"\" coords=\"384,66,456,86\" href=\"/index.php?target=table/kurse.php&amp;id_kursort=18\">\r\n<area shape=\"rect\" alt=\"\" coords=\"371,17,456,37\" href=\"/index.php?target=table/kurse.php&amp;id_kursort=30\">\r\n<area shape=\"rect\" alt=\"\" coords=\"477,71,546,92\" href=\"/index.php?target=table/kurse.php&amp;id_kursort=17\">\r\n<area shape=\"rect\" alt=\"\" coords=\"367,98,420,114\" href=\"/index.php?target=table/kurse.php&amp;id_kursort=5\">\r\n<area shape=\"rect\" alt=\"\" coords=\"276,101,325,114\" href=\"/index.php?target=table/kurse.php&amp;id_kursort=24\">\r\n<area shape=\"rect\" alt=\"\" coords=\"325,168,381,188\" href=\"/index.php?target=table/kurse.php&amp;id_kursort=20\">\r\n<area shape=\"rect\" alt=\"\" coords=\"233,188,280,203\" href=\"/index.php?target=table/kurse.php&amp;id_kursort=8\">\r\n<area shape=\"rect\" alt=\"\" coords=\"551,219,585,239\" href=\"/index.php?target=table/kurse.php&amp;id_kursort=16\">\r\n<area shape=\"rect\" alt=\"\" coords=\"597,257,642,277\" href=\"/index.php?target=table/kurse.php&amp;id_kursort=26\">\r\n<area shape=\"rect\" alt=\"\" coords=\"455,385,505,415\" href=\"/index.php?target=table/kurse.php&amp;id_kursort=25\">\r\n<area shape=\"rect\" alt=\"\" coords=\"110,278,174,300\" href=\"/index.php?target=table/kurse.php&amp;id_kursort=23\">\r\n<area shape=\"poly\" alt=\"\" coords=\"295,84,329,83,331,90,340,96,338,101,316,92,295,93,294,84\" href=\"/index.php?target=table/kurse.php&amp;id_kursort=22\"></map></p>','\r\n<p>Cliquez sur le lieu d?sir? pour afficher les cours offerts. </p>\r\n<p><img height=\"456\" alt=\"\" src=\"/images/kartegif.gif\" width=\"712\" usemap=\"#Map\" border=\"0\"> \r\n<map name=\"Map\">\r\n<area shape=\"rect\" alt=\"\" coords=\"252,59,294,77\" href=\"/index.php?target=table/kurse.php&amp;id_kursort=19\">\r\n<area shape=\"rect\" alt=\"\" coords=\"384,66,456,86\" href=\"/index.php?target=table/kurse.php&amp;id_kursort=18\">\r\n<area shape=\"rect\" alt=\"\" coords=\"371,17,456,37\" href=\"/index.php?target=table/kurse.php&amp;id_kursort=30\">\r\n<area shape=\"rect\" alt=\"\" coords=\"477,71,546,92\" href=\"/index.php?target=table/kurse.php&amp;id_kursort=17\">\r\n<area shape=\"rect\" alt=\"\" coords=\"367,98,420,114\" href=\"/index.php?target=table/kurse.php&amp;id_kursort=5\">\r\n<area shape=\"rect\" alt=\"\" coords=\"276,101,325,114\" href=\"/index.php?target=table/kurse.php&amp;id_kursort=24\">\r\n<area shape=\"rect\" alt=\"\" coords=\"325,168,381,188\" href=\"/index.php?target=table/kurse.php&amp;id_kursort=20\">\r\n<area shape=\"rect\" alt=\"\" coords=\"233,188,280,203\" href=\"/index.php?target=table/kurse.php&amp;id_kursort=8\">\r\n<area shape=\"rect\" alt=\"\" coords=\"551,219,585,239\" href=\"/index.php?target=table/kurse.php&amp;id_kursort=16\">\r\n<area shape=\"rect\" alt=\"\" coords=\"597,257,642,277\" href=\"/index.php?target=table/kurse.php&amp;id_kursort=26\">\r\n<area shape=\"rect\" alt=\"\" coords=\"455,385,505,415\" href=\"/index.php?target=table/kurse.php&amp;id_kursort=25\">\r\n<area shape=\"rect\" alt=\"\" coords=\"110,278,174,300\" href=\"/index.php?target=table/kurse.php&amp;id_kursort=23\">\r\n<area shape=\"poly\" alt=\"\" coords=\"295,84,329,83,331,90,340,96,338,101,316,92,295,93,294,84\" href=\"/index.php?target=table/kurse.php&amp;id_kursort=22\"></map></p>',NULL,'2000-05-04 05:15:00',NULL,NULL),(6,6,'Mecker-Ecke','Vos suggestions',NULL,'<p>\r\n<table style=\"border-collapse: separate;\" bordercolor=\"#000000\" cellspacing=\"0\" cellpadding=\"0\" width=\"100%\" border=\"0\">\r\n<tbody>\r\n<tr>\r\n<td valign=\"top\" width=\"70%\">\r\n<p>Hier k?nnen Sie Ihre pers?nliche Meinung kundtun. W?nschen Sie eine Antwort auf \r\nIhre Anregung/Meinung, so geben Sie bitte Ihre Kontaktadresse an.</p></td>\r\n<td valign=\"top\" width=\"50%\">\r\n<p align=\"right\"><img title=\"\" height=\"100\" alt=\"\" src=\"images/mecker_ziege.jpg\" width=\"150\"></p></td></tr></tbody></table></p>','\r\n<p>\r\n<table style=\"border-collapse: separate;\" bordercolor=\"#000000\" cellspacing=\"0\" cellpadding=\"0\" width=\"100%\" border=\"0\">\r\n<tbody>\r\n<tr>\r\n<td valign=\"top\" width=\"70%\">\r\n<p>Nous sommes ravi de recevoir vos suggestions. </p></td>\r\n<td valign=\"top\" width=\"50%\">\r\n<p align=\"right\">&nbsp;</p></td></tr></tbody></table></p>',NULL,'2000-05-04 03:13:00',NULL,NULL),(7,8,'',NULL,NULL,'\r\n<p>Vielen Dank f?r Ihre Mithilfe.</p>',NULL,NULL,'2005-04-12 17:49:00',NULL,NULL),(8,9,'UP','UP',NULL,'\r\n<table width=\"71%\" cellspacing=\"0\" cellpadding=\"0\" border=\"0\"><tbody><tr><td valign=\"middle\" align=\"left\"><strong>Aktuelle Ausgabe Winter 2004 \r\n\r\n<br>\r\n<br></strong></td></tr><tr><td><a target=\"_blank\" href=\"/downloads/up/2004_02_up.pdf\" title=\"\"><img style=\"margin: 0px;\" width=\"140\" height=\"173\" border=\"0\" src=\"/images/up_2004_02_front_g.jpg\" alt=\"\" title=\"\"> \r\n\r\n<br></a></td></tr><tr><td>\r\n<p><a target=\"_blank\" href=\"/downloads/up/2004_02_up.pdf\" title=\"\">\r\n<br>[ Lesen ]</a> \r\n\r\n<br>\r\n<br>\r\n<br></p></td></tr></tbody></table>\r\n<table width=\"80%\" cellspacing=\"0\" cellpadding=\"5\" border=\"0\"><tbody><tr><td valign=\"top\">\r\n<p>&nbsp;</p></td><td valign=\"top\">\r\n<p>&nbsp;</p></td><td valign=\"top\">\r\n<p>&nbsp;</p></td><td valign=\"top\">\r\n<p>&nbsp;</p></td><td valign=\"top\">\r\n<p>&nbsp;<img style=\"margin: 0px;\" width=\"50\" height=\"62\" src=\"/images/up/up_2004_02_front_k.jpg\" alt=\"\" title=\"\"></p></td></tr><tr><td valign=\"top\">\r\n<p>&nbsp;</p></td><td valign=\"top\">\r\n<p>&nbsp;</p></td><td valign=\"top\">\r\n<p>&nbsp;</p></td><td valign=\"top\">\r\n<p>&nbsp;</p></td><td valign=\"top\">\r\n<p>&nbsp;<a target=\"_blank\" href=\"/downloads/up/2004_02_up.pdf\" title=\"\">Ausgabe 2/ 2004</a></p></td></tr><tr><td><a target=\"_blank\" href=\"/downloads/up/2004_01_up.pdf\"><img width=\"50\" height=\"62\" border=\"0\" src=\"/images/up/up_2004_01_front_k.jpg\" alt=\"\"></a></td><td><a href=\"/downloads/up/2003_02_up.pdf\"><img width=\"50\" height=\"62\" border=\"0\" src=\"/images/up/up_3_03_1_klein.jpg\" alt=\"\"></a></td><td><a target=\"_blank\" href=\"/downloads/up/2003_02_up.pdf\"><img width=\"50\" height=\"62\" border=\"0\" src=\"/images/up/up_2_03.jpg\" alt=\"\"></a></td><td><a target=\"_blank\" href=\"/downloads/up/2003_01_up.pdf\"><img width=\"50\" height=\"62\" border=\"0\" src=\"/images/up/up_2_03_1.jpg\" alt=\"\"></a></td><td><a href=\"/downloads/up/2002_03_up.pdf\"><img width=\"50\" height=\"62\" border=\"0\" src=\"/images/up/up_1_03_1.jpg\" alt=\"\"></a></td></tr><tr><td>\r\n<p><a target=\"_blank\" href=\"/downloads/up/2004_01_up.pdf\">Ausgabe 1/ 2004</a></p></td><td>\r\n<p>Ausgabe 3 / 2003</p></td><td>\r\n<p><a target=\"_blank\" href=\"/downloads/up/2003_02_up.pdf\">Ausgabe 2 / 2003</a></p></td><td>\r\n<p><a target=\"_blank\" href=\"/downloads/up/2003_01_up.pdf\">Ausgabe 1 / 2003</a></p></td><td>\r\n<p><a href=\"/downloads/up/2002_03_up.pdf\">Ausgabe 3 / 2002</a> </p></td></tr><tr><td><a target=\"_blank\" href=\"/downloads/up/2002_02_up.pdf\"><img width=\"50\" height=\"62\" border=\"0\" src=\"/images/up/up_2_02_1.jpg\" alt=\"\"></a></td><td><a target=\"_blank\" href=\"/downloads/up/2002_01_up.pdf\"><img width=\"50\" height=\"62\" border=\"0\" src=\"/images/up/up_1_02_1.gif\" alt=\"\"></a></td><td><a target=\"_blank\" href=\"/downloads/up/2001_03_up.pdf\"><img width=\"50\" height=\"62\" border=\"0\" src=\"/images/up/up_3_01_1.jpg\" alt=\"\"></a></td><td><a target=\"_blank\" href=\"/downloads/up/2001_02_up.pdf\"><img width=\"50\" height=\"62\" border=\"0\" src=\"/images/up/up_2_01_1.jpg\" alt=\"\"></a></td><td><a target=\"_blank\" href=\"/downloads/up/2001_01_up.pdf\"><img width=\"50\" height=\"62\" border=\"0\" src=\"/images/up/up_1_01_1.jpg\" alt=\"\"></a></td></tr><tr><td>\r\n<p><a target=\"_blank\" href=\"/downloads/up/2002_02_up.pdf\">Ausgabe 2 / 2002</a></p></td><td>\r\n<p><a target=\"_blank\" href=\"/downloads/up/2002_01_up.pdf\">Ausgabe 1/ 2002</a></p></td><td>\r\n<p><a target=\"_blank\" href=\"/downloads/up/2001_03_up.pdf\">Ausgabe 3/ 2001</a></p></td><td>\r\n<p><a target=\"_blank\" href=\"/downloads/up/2001_02_up.pdf\">Ausgabe 2 / 2001</a></p></td><td>\r\n<p><a target=\"_blank\" href=\"/downloads/up/2001_01_up.pdf\">Ausgabe 1 / 2001</a></p></td></tr><tr><td><a target=\"_blank\" href=\"/downloads/up/2000_03_up.pdf\"><img width=\"50\" height=\"62\" border=\"0\" src=\"/images/up/up_3_00_1.jpg\" alt=\"\"></a></td><td><img width=\"50\" height=\"62\" src=\"/images/up/up_2_00_1.jpg\" alt=\"\"></td><td><a target=\"_blank\" href=\"/downloads/up/2000_01_up.pdf\"><img width=\"50\" height=\"62\" border=\"0\" src=\"/images/up/up_1_00_1.jpg\" alt=\"\"></a></td><td><a target=\"_blank\" href=\"/downloads/up/1999_02_up.pdf\"><img width=\"50\" height=\"62\" border=\"0\" src=\"/images/up/up_2_99_1.jpg\" alt=\"\"></a></td><td><a href=\"/downloads/up/1999_01_up.pdf\"><img width=\"50\" height=\"62\" border=\"0\" src=\"/images/up/up_1_99_1.jpg\" alt=\"\"></a></td></tr><tr><td>\r\n<p><a target=\"_blank\" href=\"/downloads/up/2000_03_up.pdf\">Ausgabe 3 / 2000</a></p></td><td>\r\n<p>Ausgabe 2 / 2000</p></td><td>\r\n<p><a target=\"_blank\" href=\"/downloads/up/2000_01_up.pdf\">Ausgabe 1 / 2000</a></p></td><td>\r\n<p><a target=\"_blank\" href=\"/downloads/up/1999_02_up.pdf\">Ausgabe 2 / 1999</a></p></td><td>\r\n<p><a target=\"_blank\" href=\"/downloads/up/1999_01_up.pdf\">Ausgabe 1 / 1999</a></p></td></tr></tbody></table>\r\n<p>&nbsp;</p>\r\n<p>&nbsp;</p>','\r\n<table cellspacing=\"0\" cellpadding=\"0\" width=\"71%\" border=\"0\">\r\n<tbody>\r\n<tr>\r\n<td valign=\"middle\" align=\"left\">\r\n<p>A pr?sent seulement en allemand.</p>\r\n<p><strong>Aktuelle Ausgabe Winter 2004 \r\n<br>\r\n<br></strong></p></td></tr>\r\n<tr>\r\n<td><a title=\"\" href=\"/downloads/up/2004_02_up.pdf\" target=\"_blank\"><img style=\"margin: 0px;\" title=\"\" height=\"173\" alt=\"\" src=\"/images/up_2004_02_front_g.jpg\" width=\"140\" border=\"0\"> \r\n<br></a></td></tr>\r\n<tr>\r\n<td>\r\n<p><a title=\"\" href=\"/downloads/up/2004_02_up.pdf\" target=\"_blank\">\r\n<br>[ Lesen ]</a> \r\n<br>\r\n<br>\r\n<br></p></td></tr></tbody></table>\r\n<table cellspacing=\"0\" cellpadding=\"5\" width=\"80%\" border=\"0\">\r\n<tbody>\r\n<tr>\r\n<td valign=\"top\">\r\n<p>&nbsp;</p></td>\r\n<td valign=\"top\">\r\n<p>&nbsp;</p></td>\r\n<td valign=\"top\">\r\n<p>&nbsp;</p></td>\r\n<td valign=\"top\">\r\n<p>&nbsp;</p></td>\r\n<td valign=\"top\">\r\n<p> <img style=\"margin: 0px;\" title=\"\" height=\"62\" alt=\"\" src=\"/images/up/up_2004_02_front_k.jpg\" width=\"50\"></p></td></tr>\r\n<tr>\r\n<td valign=\"top\">\r\n<p>&nbsp;</p></td>\r\n<td valign=\"top\">\r\n<p>&nbsp;</p></td>\r\n<td valign=\"top\">\r\n<p>&nbsp;</p></td>\r\n<td valign=\"top\">\r\n<p>&nbsp;</p></td>\r\n<td valign=\"top\">\r\n<p> <a title=\"\" href=\"/downloads/up/2004_02_up.pdf\" target=\"_blank\">Ausgabe 2/ 2004</a></p></td></tr>\r\n<tr>\r\n<td><a href=\"/downloads/up/2004_01_up.pdf\" target=\"_blank\"><img height=\"62\" alt=\"\" src=\"/images/up/up_2004_01_front_k.jpg\" width=\"50\" border=\"0\"></a></td>\r\n<td><a href=\"/downloads/up/2003_02_up.pdf\"><img height=\"62\" alt=\"\" src=\"/images/up/up_3_03_1_klein.jpg\" width=\"50\" border=\"0\"></a></td>\r\n<td><a href=\"/downloads/up/2003_02_up.pdf\" target=\"_blank\"><img height=\"62\" alt=\"\" src=\"/images/up/up_2_03.jpg\" width=\"50\" border=\"0\"></a></td>\r\n<td><a href=\"/downloads/up/2003_01_up.pdf\" target=\"_blank\"><img height=\"62\" alt=\"\" src=\"/images/up/up_2_03_1.jpg\" width=\"50\" border=\"0\"></a></td>\r\n<td><a href=\"/downloads/up/2002_03_up.pdf\"><img height=\"62\" alt=\"\" src=\"/images/up/up_1_03_1.jpg\" width=\"50\" border=\"0\"></a></td></tr>\r\n<tr>\r\n<td>\r\n<p><a href=\"/downloads/up/2004_01_up.pdf\" target=\"_blank\">Ausgabe 1/ 2004</a></p></td>\r\n<td>\r\n<p>Ausgabe 3 / 2003</p></td>\r\n<td>\r\n<p><a href=\"/downloads/up/2003_02_up.pdf\" target=\"_blank\">Ausgabe 2 / 2003</a></p></td>\r\n<td>\r\n<p><a href=\"/downloads/up/2003_01_up.pdf\" target=\"_blank\">Ausgabe 1 / 2003</a></p></td>\r\n<td>\r\n<p><a href=\"/downloads/up/2002_03_up.pdf\">Ausgabe 3 / 2002</a> </p></td></tr>\r\n<tr>\r\n<td><a href=\"/downloads/up/2002_02_up.pdf\" target=\"_blank\"><img height=\"62\" alt=\"\" src=\"/images/up/up_2_02_1.jpg\" width=\"50\" border=\"0\"></a></td>\r\n<td><a href=\"/downloads/up/2002_01_up.pdf\" target=\"_blank\"><img height=\"62\" alt=\"\" src=\"/images/up/up_1_02_1.gif\" width=\"50\" border=\"0\"></a></td>\r\n<td><a href=\"/downloads/up/2001_03_up.pdf\" target=\"_blank\"><img height=\"62\" alt=\"\" src=\"/images/up/up_3_01_1.jpg\" width=\"50\" border=\"0\"></a></td>\r\n<td><a href=\"/downloads/up/2001_02_up.pdf\" target=\"_blank\"><img height=\"62\" alt=\"\" src=\"/images/up/up_2_01_1.jpg\" width=\"50\" border=\"0\"></a></td>\r\n<td><a href=\"/downloads/up/2001_01_up.pdf\" target=\"_blank\"><img height=\"62\" alt=\"\" src=\"/images/up/up_1_01_1.jpg\" width=\"50\" border=\"0\"></a></td></tr>\r\n<tr>\r\n<td>\r\n<p><a href=\"/downloads/up/2002_02_up.pdf\" target=\"_blank\">Ausgabe 2 / 2002</a></p></td>\r\n<td>\r\n<p><a href=\"/downloads/up/2002_01_up.pdf\" target=\"_blank\">Ausgabe 1/ 2002</a></p></td>\r\n<td>\r\n<p><a href=\"/downloads/up/2001_03_up.pdf\" target=\"_blank\">Ausgabe 3/ 2001</a></p></td>\r\n<td>\r\n<p><a href=\"/downloads/up/2001_02_up.pdf\" target=\"_blank\">Ausgabe 2 / 2001</a></p></td>\r\n<td>\r\n<p><a href=\"/downloads/up/2001_01_up.pdf\" target=\"_blank\">Ausgabe 1 / 2001</a></p></td></tr>\r\n<tr>\r\n<td><a href=\"/downloads/up/2000_03_up.pdf\" target=\"_blank\"><img height=\"62\" alt=\"\" src=\"/images/up/up_3_00_1.jpg\" width=\"50\" border=\"0\"></a></td>\r\n<td><img height=\"62\" alt=\"\" src=\"/images/up/up_2_00_1.jpg\" width=\"50\"></td>\r\n<td><a href=\"/downloads/up/2000_01_up.pdf\" target=\"_blank\"><img height=\"62\" alt=\"\" src=\"/images/up/up_1_00_1.jpg\" width=\"50\" border=\"0\"></a></td>\r\n<td><a href=\"/downloads/up/1999_02_up.pdf\" target=\"_blank\"><img height=\"62\" alt=\"\" src=\"/images/up/up_2_99_1.jpg\" width=\"50\" border=\"0\"></a></td>\r\n<td><a href=\"/downloads/up/1999_01_up.pdf\"><img height=\"62\" alt=\"\" src=\"/images/up/up_1_99_1.jpg\" width=\"50\" border=\"0\"></a></td></tr>\r\n<tr>\r\n<td>\r\n<p><a href=\"/downloads/up/2000_03_up.pdf\" target=\"_blank\">Ausgabe 3 / 2000</a></p></td>\r\n<td>\r\n<p>Ausgabe 2 / 2000</p></td>\r\n<td>\r\n<p><a href=\"/downloads/up/2000_01_up.pdf\" target=\"_blank\">Ausgabe 1 / 2000</a></p></td>\r\n<td>\r\n<p><a href=\"/downloads/up/1999_02_up.pdf\" target=\"_blank\">Ausgabe 2 / 1999</a></p></td>\r\n<td>\r\n<p><a href=\"/downloads/up/1999_01_up.pdf\" target=\"_blank\">Ausgabe 1 / 1999</a></p></td></tr></tbody></table>\r\n<p>&nbsp;</p>\r\n<p>&nbsp;</p>',NULL,'2000-05-04 03:13:00',NULL,NULL),(9,10,'Zertifikate','Certification',NULL,'\r\n<p align=\"center\"><a target=\"_blank\" href=\"/images/zertifikat_3.gif\"><img style=\"margin: 0px;\" width=\"77\" height=\"120\" border=\"0\" src=\"/images/zertifikat_3_kl.gif\" alt=\"H?here Fachpr?fung im Detailhandel\" title=\"H?here Fachpr?fung im Detailhandel\"></a> </p>\r\n<p align=\"center\"><a target=\"_blank\" href=\"/images/zertifikat_3.gif\">H?here Fachpr?fung im Detailhandel</a> \r\n\r\n<br></p>\r\n<p align=\"center\"><a target=\"_blank\" href=\"/downloads/docs/zertifikat_sqs.pdf\"><img style=\"margin: 0px;\" width=\"77\" height=\"130\" border=\"0\" src=\"/images/zertifikat_4_kl.gif\" alt=\"SQS ISO-Zertifikat\" title=\"SQS ISO-Zertifikat\"></a></p>\r\n<p align=\"center\"><a target=\"_blank\" href=\"/downloads/docs/zertifikat_sqs.pdf\">SQS ISO-Zertifikat</a></p>\r\n<p align=\"center\"><a target=\"_blank\" href=\"/downloads/docs/zertifikat_eduqua.pdf\"><img style=\"margin: 0px;\" width=\"78\" height=\"120\" border=\"0\" src=\"/images/zertifikat_5_kl.gif\" alt=\"EDUQUA-Zertifikat\" title=\"EDUQUA-Zertifikat\"></a></p>\r\n<p align=\"center\"><a target=\"_blank\" href=\"/downloads/docs/zertifikat_eduqua.pdf\">EDUQUA-Zertifikat</a></p>','\r\n<p align=\"center\"><a href=\"/images/zertifikat_3.gif\" target=\"_blank\"><img style=\"margin: 0px;\" title=\"H?here Fachpr?fung im Detailhandel\" height=\"120\" alt=\"H?here Fachpr?fung im Detailhandel\" src=\"/images/zertifikat_3_kl.gif\" width=\"77\" border=\"0\"></a> </p>\r\n<p align=\"center\"><a href=\"/images/zertifikat_3.gif\" target=\"_blank\">H?here Fachpr?fung im Detailhandel</a> \r\n<br></p>\r\n<p align=\"center\"><a href=\"/downloads/docs/zertifikat_sqs.pdf\" target=\"_blank\"><img style=\"margin: 0px;\" title=\"SQS ISO-Zertifikat\" height=\"130\" alt=\"SQS ISO-Zertifikat\" src=\"/images/zertifikat_4_kl.gif\" width=\"77\" border=\"0\"></a></p>\r\n<p align=\"center\"><a href=\"/downloads/docs/zertifikat_sqs.pdf\" target=\"_blank\">SQS ISO-Zertifikat</a></p>\r\n<p align=\"center\"><a href=\"/downloads/docs/zertifikat_eduqua.pdf\" target=\"_blank\"><img style=\"margin: 0px;\" title=\"EDUQUA-Zertifikat\" height=\"120\" alt=\"EDUQUA-Zertifikat\" src=\"/images/zertifikat_5_kl.gif\" width=\"78\" border=\"0\"></a></p>\r\n<p align=\"center\"><a href=\"/downloads/docs/zertifikat_eduqua.pdf\" target=\"_blank\">EDUQUA-Zertifikat</a></p>',NULL,'2000-05-04 05:18:00',NULL,NULL),(10,11,'Archiv',NULL,NULL,'\r\n<p>\r\n<table style=\"border-collapse: separate;\" height=\"892\" cellspacing=\"0\" cellpadding=\"2\" width=\"476\" border=\"0\">\r\n<tbody>\r\n<tr>\r\n<td width=\"26%\">Nr. 116 \r\n<br>08. Januar 2003</td>\r\n<td valign=\"bottom\" width=\"26%\" colspan=\"2\">SIU-downloads/pressedienst f?r den Detailhandel</td></tr>\r\n<tr>\r\n<td>&nbsp;</td>\r\n<td valign=\"bottom\"><a href=\"/downloads/presse/januar_03.pdf\" target=\"_blank\"><img height=\"32\" alt=\"\" src=\"/images/pdf2.gif\" width=\"32\" border=\"0\"></a></td>\r\n<td valign=\"bottom\"><a href=\"/downloads/presse/januar_03.doc\" target=\"_blank\"><img height=\"32\" alt=\"\" src=\"/images/word2.gif\" width=\"32\" border=\"0\"></a></td></tr>\r\n<tr>\r\n<td colspan=\"3\"><img height=\"1\" alt=\"\" src=\"/images/black.gif\" width=\"476\"></td></tr>\r\n<tr>\r\n<td>Nr. 117 \r\n<br>06. Februar 2003</td>\r\n<td valign=\"bottom\" colspan=\"2\">SIU-downloads/pressedienst f?r den Detailhandel</td></tr>\r\n<tr>\r\n<td>&nbsp;</td>\r\n<td valign=\"bottom\"><a href=\"/downloads/presse/februar_03.pdf\"><img height=\"32\" alt=\"\" src=\"/images/pdf2.gif\" width=\"32\" border=\"0\"></a></td>\r\n<td valign=\"bottom\"><a href=\"/downloads/presse/februar_03.doc\"><img height=\"32\" alt=\"\" src=\"/images/word2.gif\" width=\"32\" border=\"0\"></a></td></tr>\r\n<tr>\r\n<td colspan=\"3\"><img height=\"1\" alt=\"\" src=\"/images/black.gif\" width=\"476\"></td></tr>\r\n<tr>\r\n<td>Nr. 118 \r\n<br>05. M?rz 2003</td>\r\n<td valign=\"bottom\" colspan=\"2\">SIU-downloads/pressedienst f?r den Detailhandel</td></tr>\r\n<tr>\r\n<td>&nbsp;</td>\r\n<td valign=\"bottom\"><a href=\"/downloads/presse/maerz_03.pdf\"><img height=\"32\" alt=\"\" src=\"/images/pdf2.gif\" width=\"32\" border=\"0\"></a></td>\r\n<td valign=\"bottom\"><a href=\"/downloads/presse/maerz_03.doc\"><img height=\"32\" alt=\"\" src=\"/images/word2.gif\" width=\"32\" border=\"0\"></a></td></tr>\r\n<tr>\r\n<td colspan=\"3\"><img height=\"1\" alt=\"\" src=\"/images/black.gif\" width=\"476\"></td></tr>\r\n<tr>\r\n<td>Nr. 119 \r\n<br>07. April 2003</td>\r\n<td valign=\"bottom\" colspan=\"2\">SIU-downloads/pressedienst f?r den Detailhandel</td></tr>\r\n<tr>\r\n<td>&nbsp;</td>\r\n<td valign=\"bottom\"><a href=\"/downloads/presse/april_03.pdf\"><img height=\"32\" alt=\"\" src=\"/images/pdf2.gif\" width=\"32\" border=\"0\"></a></td>\r\n<td valign=\"bottom\"><a href=\"/downloads/presse/april_03.doc\"><img height=\"32\" alt=\"\" src=\"/images/word2.gif\" width=\"32\" border=\"0\"></a></td></tr>\r\n<tr>\r\n<td colspan=\"3\"><img height=\"1\" alt=\"\" src=\"/images/black.gif\" width=\"476\"></td></tr>\r\n<tr>\r\n<td>Nr. 120 \r\n<br>07. Mai 2003</td>\r\n<td valign=\"bottom\" colspan=\"2\">SIU-downloads/pressedienst f?r den Detailhandel</td></tr>\r\n<tr>\r\n<td>&nbsp;</td>\r\n<td valign=\"bottom\"><a href=\"/downloads/presse/mai_03.pdf\"><img height=\"32\" alt=\"\" src=\"/images/pdf2.gif\" width=\"32\" border=\"0\"></a></td>\r\n<td valign=\"bottom\"><a href=\"/downloads/presse/mai_03.doc\"><img height=\"32\" alt=\"\" src=\"/images/word2.gif\" width=\"32\" border=\"0\"></a></td></tr>\r\n<tr>\r\n<td colspan=\"3\"><img height=\"1\" alt=\"\" src=\"/images/black.gif\" width=\"476\"></td></tr>\r\n<tr>\r\n<td>Nr. 121 \r\n<br>10. Juni 2003</td>\r\n<td valign=\"bottom\" colspan=\"2\">SIU-downloads/pressedienst f?r den Detailhandel</td></tr>\r\n<tr>\r\n<td>&nbsp;</td>\r\n<td valign=\"bottom\"><a href=\"/downloads/presse/juni_03.pdf\"><img height=\"32\" alt=\"\" src=\"/images/pdf2.gif\" width=\"32\" border=\"0\"></a></td>\r\n<td valign=\"bottom\"><a href=\"/downloads/presse/juni_03.doc\"><img height=\"32\" alt=\"\" src=\"/images/word2.gif\" width=\"32\" border=\"0\"></a></td></tr>\r\n<tr>\r\n<td colspan=\"3\"><img height=\"1\" alt=\"\" src=\"/images/black.gif\" width=\"476\"></td></tr>\r\n<tr>\r\n<td>Nr. 122 \r\n<br>01. Juli 2003</td>\r\n<td valign=\"bottom\" colspan=\"2\">SIU-downloads/pressedienst f?r den Detailhandel</td></tr>\r\n<tr>\r\n<td>&nbsp;</td>\r\n<td valign=\"bottom\"><a href=\"/downloads/presse/juli_03.pdf\"><img height=\"32\" alt=\"\" src=\"/images/pdf2.gif\" width=\"32\" border=\"0\"></a></td>\r\n<td valign=\"bottom\"><a href=\"/downloads/presse/juli_03.doc\"><img height=\"32\" alt=\"\" src=\"/images/word2.gif\" width=\"32\" border=\"0\"></a></td></tr>\r\n<tr>\r\n<td colspan=\"3\"><img height=\"1\" alt=\"\" src=\"/images/black.gif\" width=\"476\"></td></tr>\r\n<tr>\r\n<td>Nr. 123 \r\n<br>06. August 2003</td>\r\n<td valign=\"bottom\" colspan=\"2\">SIU-downloads/pressedienst f?r den Detailhandel</td></tr>\r\n<tr>\r\n<td>&nbsp;</td>\r\n<td valign=\"bottom\"><a href=\"/downloads/presse/august_03.pdf\"><img height=\"32\" alt=\"\" src=\"/images/pdf2.gif\" width=\"32\" border=\"0\"></a></td>\r\n<td valign=\"bottom\"><a href=\"/downloads/presse/august_03.doc\"><img height=\"32\" alt=\"\" src=\"/images/word2.gif\" width=\"32\" border=\"0\"></a></td></tr>\r\n<tr>\r\n<td colspan=\"3\"><img height=\"1\" alt=\"\" src=\"/images/black.gif\" width=\"476\"></td></tr>\r\n<tr>\r\n<td>Nr. 124 \r\n<br>01. September 2003</td>\r\n<td valign=\"bottom\" colspan=\"2\">SIU-downloads/pressedienst f?r den Detailhandel</td></tr>\r\n<tr>\r\n<td>&nbsp;</td>\r\n<td valign=\"bottom\"><a href=\"/downloads/presse/september_03.pdf\"><img height=\"32\" alt=\"\" src=\"/images/pdf2.gif\" width=\"32\" border=\"0\"></a></td>\r\n<td valign=\"bottom\"><a href=\"/downloads/presse/september_03.doc\"><img height=\"32\" alt=\"\" src=\"/images/word2.gif\" width=\"32\" border=\"0\"></a></td></tr></tbody></table></p>',NULL,NULL,'2005-04-12 17:49:00',NULL,NULL),(16,18,'Adressen','Nos adresses',NULL,'\r\n<p><strong>SIU im Detailhandel </strong>\r\n<br>Verena Conzett-Strasse 23 \r\n<br>Postfach 8419 \r\n<br>CH-8036 Z?rich \r\n<br>Tel. +41 (0) 44 242 44 87 \r\n<br>Fax +41 (0) 44 242 49 10 \r\n<br><a href=\"mailto:detailhandel-zh@siu.ch\">detailhandel-zh@siu.ch</a></p>\r\n<p><strong>SIU im Detailhandel \r\n<br></strong>Falkenplatz 1 \r\n<br>Postfach 8166 \r\n<br>CH-3001 Bern \r\n<br>Tel. +41 (0) 31 302 37 47 \r\n<br>Fax +41 (0) 31 302 82 42 \r\n<br><a href=\"mailto:detailhandel-be@siu.ch\">detailhandel-be@siu.ch</a></p>\r\n<p><strong>IFCAM Commerce de d?tail \r\n<br></strong>Route du Lac 2 \r\n<br>Case postale 1215 \r\n<br>CH-1001 Lausanne \r\n<br>Tel. +41 (0) 21 796 33 25 \r\n<br>Fax +41 (0) 848 888 456 \r\n<br><a href=\"mailto:beatrice.tschappat@romandieformation.ch\">beatrice.tschappat@romandieformation.ch</a></p>\r\n<p><strong>IFCAM Commercio al dettaglio \r\n<br></strong>Corso Elvezia 16 \r\n<br>6901 Lugano \r\n<br>Tel. +41 (0) 91 923 50 31 \r\n<br>Fax +41 (0) 91 922 03 41 \r\n<br><a href=\"mailto:corsi@cci.ch\">corsi@cci.ch</a></p>\r\n<p>&nbsp;</p>','\r\n<p><strong>SIU im Detailhandel </strong>\r\n<br>Verena Conzett-Strasse 23 \r\n<br>Postfach 8419 \r\n<br>CH-8036 Z?rich \r\n<br>Tel. +41 (0) 44 242 44 87 \r\n<br>Fax +41 (0) 44 242 49 10 \r\n<br><a href=\"mailto:detailhandel-zh@siu.ch\">detailhandel-zh@siu.ch</a></p>\r\n<p><strong>SIU im Detailhandel \r\n<br></strong>Falkenplatz 1 \r\n<br>Postfach 8166 \r\n<br>CH-3001 Bern \r\n<br>Tel. +41 (0) 31 302 37 47 \r\n<br>Fax +41 (0) 31 302 82 42 \r\n<br><a href=\"mailto:detailhandel-be@siu.ch\">detailhandel-be@siu.ch</a></p>\r\n<p><strong>IFCAM Commerce de d?tail \r\n<br></strong>Route du Lac 2 \r\n<br>Case postale 1215 \r\n<br>CH-1001 Lausanne \r\n<br>Tel. +41 (0) 21 796 33 25 \r\n<br>Fax +41 (0) 848 888 456 \r\n<br><a href=\"mailto:beatrice.tschappat@romandieformation.ch\">beatrice.tschappat@romandieformation.ch</a></p>\r\n<p><strong>IFCAM Commercio al dettaglio \r\n<br></strong>Corso Elvezia 16 \r\n<br>6901 Lugano \r\n<br>Tel. +41 (0) 91 923 50 31 \r\n<br>Fax +41 (0) 91 922 03 41 \r\n<br><a href=\"mailto:corsi@cci.ch\">corsi@cci.ch</a></p>\r\n<p>&nbsp;</p>',NULL,'2000-05-04 03:15:00',NULL,NULL),(11,12,'Stellenb?rse','Emploi',NULL,'\r\n<p>Hier stellen wir Links zu verschiedenen Stellenb?rsen zur Verf?gung:\r\n<br></p>\r\n<p>\r\n<br><a href=\"http://www.jobs.ch\" target=\"_blank\">www.jobs.ch</a>\r\n<br></p>','\r\n<p>Ici, quelques liens pour la recherche d?emploi :\r\n<br></p>\r\n<p>\r\n<br><a href=\"http://www.jobs.ch/\" target=\"_blank\">www.jobs.ch</a> \r\n<br></p>',NULL,'2000-05-04 03:13:00',NULL,NULL),(12,13,'Links','Liens',NULL,'\r\n<p>Hier ein paar wenige Links:\r\n\r\n<br></p>\r\n<p>\r\n<br></p>\r\n<p><span class=\"content-title\"> ECR - Schweiz (</span>Efficient Consumer Response)\r\n\r\n<br><a href=\"http://www.ecr-schweiz.ch/\">http://www.ecr-schweiz.ch/</a>\r\n<br></p>','\r\n<p>Quelques liens :</p>\r\n<p>ECR ? Schweiz (Efficient Consumer Response)\r\n<br><a href=\"http://www.ecr-schweiz.ch\">http://www.ecr-schweiz.ch</a></p>\r\n<p>Romandie Formation, Lausanne-Paudex\r\n<br><a href=\"http://www.romandieformation.ch\">http://www.romandieformation.ch</a></p>',NULL,'2000-05-04 05:18:00',NULL,NULL),(13,14,'Allgemeine Gesch?ftsbedingungen','Conditions g?n?rales',NULL,'\r\n<h2>Gesch?ftsbedingungen\r\n\r\n<br></h2>\r\n<p>\r\n<br>\r\nHier finden Sie unsere AGB als <a href=\"/downloads/docs/agb.pdf\" target=\"_blank\">pdf-Brosch?re</a>.\r\n\r\n<br></p>\r\n\r\n<h2>\r\nWir schaffen klare Verh?ltnisse</h2>\r\n<br>\r\n<h3>Ausbildungsziel</h3>\r\n<p>Dem Ausbildungsziel liegt das jeweils g?ltige Pr?fungsreglement zu\r\nGrunde. ?nderungen im Reglement werden so-fort in den Lehrplan\r\n?bernommen. Um die Pr?fung erfolgreich zu bestehen, ist ein\r\nregelm?ssiger Kursbesuch unabdingbar.</p>\r\n<h3>Zulassungsbedingungen\r\n\r\n<br></h3>\r\n<p>Zu den Kursen ist zugelassen, wer die geforderten Bedingungen\r\nerf?llt. (siehe Weiterbildungs?bersicht Seite 12 und die\r\nKursbeschreibungen.) F?r die Anmeldung oder auch eine Abkl?rung\r\nben?tigen wir das F?higkeitszeugnis, die Abschlusszeugnisse,\r\nKursdiplome und Arbeitsbest?tigungen. Bei Unklarheiten hilft Ihnen\r\nunser Sekretariat gerne weiter.</p>\r\n<h3>Hausaufgaben</h3>\r\n<p>Nebst dem Besuch der Lektionen ist mit einem Zeitaufwand von 4 bis 6 Stunden \r\nw?chentlich f?r Hausaufgaben zu rechnen.</p>\r\n<h3>Pers?nlicher Lehrplan</h3>\r\n<p>Innerhalb eines Kurses k?nnen auch einzelne F?cher belegt werden.\r\nKurs-teilnehmer/-innen erhalten damit die M?glichkeit, sich ein\r\nindividuelles Lehrprogramm zusammenzustellen. Das SIU-Sekretariat gibt\r\ngerne weitere Ausk?nfte.</p>\r\n<h3>Kursanmeldung</h3>\r\n<p>Benutzen Sie f?r die Kursanmeldung bitte die Karte aus der Heftmitte\r\nund senden Sie diese zusammen mit den notwendigen Unterlagen an das SIU\r\nim Detailhandel in Z?rich oder Bern.\r\n\r\n<br></p>\r\n<h3>Kursdurchf?hrung</h3>\r\n<p>Bei ungen?gender Teilnehmerzahl beh?lt sich das SIU im Detailhandel vor, einen \r\nKurs zu annullieren.</p>\r\n<h3>Best?tigung</h3>\r\n<p>Die Teilnehmer/-innen erhalten vor Kursbeginn eine schriftliche Best?tigung.\r\n\r\n<br></p>\r\n<h3>Kursgeld</h3>\r\n<p>Im Kursgeld sind enthalten: ? Lehrmittel ? Kursmaterial ?\r\nInstruktion Diplom-/Projektarbeit ?Tests ? Zwischenpr?fungen inkl.\r\nKorrekturen und Benotung ? Auswertungen und ERFA-Gespr?che</p>\r\n<h3>Pr?fungsvorbereitungen</h3>\r\n<p>(Repetitorien) ? SIU-Attest</p>\r\n<h3>Zahlungsfristen</h3>\r\n<p>Mit der Anmeldung verpflichten sich die Teilnehmer/-innen, das\r\nKursgeld oder den ersten Teilbetrag 30 Tage vor Kursbeginn zu bezahlen\r\nund f?r weitere allf?llige Zahlungen die vorgegebenen Fristen\r\neinzuhalten.</p>\r\n<h3>Spezialkonditionen f?r Repetenten</h3>\r\n<p>F?r SIU-Repetenten gelten spezielle, verg?nstigte Tarife. Das SIU-Sekretariat \r\ngibt dazu gerne Auskunft.\r\n\r\n<br></p>\r\n<h3>Zahlungskonditionen</h3>\r\n<p>Die erste Rate ist 30 Tage vor Kursbeginn zu bezahlen, weitere Raten\r\njeweils 30 Tage vor Beginn des folgenden Halbjahres. Andere\r\nRatenzahlungen gem?ss separater Vereinbarung.</p>\r\n<h3>Vorzeitiger Austritt</h3>\r\n<p>Der Austritt aus einem laufenden Kurs ist nur auf Ende des Semester\r\nm?glich und dem SIU-Sekretariat schriftlich mitzuteilen. Auf die\r\nR?ckzahlung des Kursgeldes besteht kein Anspruch.</p>\r\n<h3>Kursbest?tigungen</h3>\r\n<p>Kursbest?tigungen zu Steuerzwecken, f?r Milit?r, ?mter, Arbeitgeber usw. sind \r\nkostenlos.</p>\r\n<h3>Attest</h3>\r\n<p>Die Kursteilnehmer/-innen erhalten nach Abschluss automatisch und\r\nungeachtet des Pr?fungserfolges den SIU-Kursattest. Voraussetzung ist\r\nallerdings eine Kurspr?senz von mindestens 80 %.</p>\r\n<h3>Interne Pr?fungen\r\n\r\n<br></h3>\r\n<p>Das SIU im Detailhandel f?hrt w?hrend der Kurse regelm?ssig Tests\r\nund Zwischenpr?fungen durch. Diese sind f?r alle Teilnehmer/-innen\r\nobligatorisch.</p>\r\n<h3>Copyright</h3>\r\n<p>Mit der Anmeldung verpflichtet sich der Kursteilnehmer/-in,\r\nKursunterlagen und im Kurs abgegebene Unterlagen weder zu kopieren noch\r\nzu reproduzieren oder kommerziell zu verwenden. Die Unterrichtsmittel\r\nsind ausschliesslich f?r den pers?nlichen Gebrauch bestimmt.</p>\r\n<h3>Pr?fungen</h3>\r\n<p>Zu den eidgen?ssischen Pr?fungen ist zugelassen, wer die\r\nentsprechenden Zulassungsbedingungen erf?llt. Bei Unklarheiten und\r\nFragen gibt das Sekretariat der Pr?fungskommission gerne weitere\r\nAuskunft.</p>\r\n<h3>Pr?fungsanmeldung</h3>\r\n<p>Die Pr?fungsanmeldung hat direkt an das Pr?fungssekretariat zu\r\nerfolgen. Bei Fra-gen zur Anmeldung hilft das Sekretariat der\r\nPr?fungskommission gerne weiter.</p>\r\n<h3>Pr?fungsgeb?hren</h3>\r\n<p>Die Pr?fungsgeb?hren werden bei der Anmeldung zu den eidgen?ssischen\r\nBerufs- und H?heren Fachpr?fungen direkt vom Sekretariat der\r\nPr?fungskommission erhoben. </p>','\r\n<div>Ici, nos conditions g?n?rales en pdf.</div>\r\n<div>&nbsp;</div>\r\n<div>Nous cr?ons des relations transparentes.</div>',NULL,'2000-05-04 05:18:00',NULL,NULL),(14,15,'Die Schule im Test','L\'?cole en test',NULL,'\r\n<p>Papier ist geduldig, sagt eine alte Volksweisheit. Oder anders rum: In der Praxis \r\nwird oft nicht gehalten, was Prospekte versprechen. Deshalb tut man gut daran, \r\nvor einer gr?sseren Weiterbildung sowohl den Kurs als auch das Weiterbildungsinstitut \r\nzu pr?fen. </p>\r\n<p>Sie haben sich noch nicht f?r eine bestimmte Schule entschieden? Stellen Sie \r\ndie Schulen auf Probe: Unsere <strong><a href=\"/downloads/Die_Schule_im_Test_-_Checkliste.pdf\" target=\"_blank\">Checkliste</a></strong> deckt wichtige Punkte ab, die f?r die Qualit?t Ihrer Ausbildung ausschlaggebend \r\nsind.</p>','\r\n<p>A pr?sent seulement en allemand.</p>',NULL,'2000-05-04 03:13:00',NULL,NULL),(15,16,'Adressen',NULL,NULL,'\r\n<p>Hier kommen alle Adressen hin.</p>',NULL,NULL,'2005-04-12 17:49:00',NULL,NULL),(17,19,'Wir stellen uns vor',NULL,NULL,'\r\n<p>Hier stellt sich das SIU vor.</p>\r\n<p>&nbsp;</p>\r\n<p>&nbsp;</p>',NULL,NULL,'2005-04-12 17:49:00',NULL,NULL),(18,21,'Links',NULL,NULL,'\r\n<p>Hier kommen die Links.</p>',NULL,NULL,'2005-04-12 17:49:00',NULL,NULL),(19,21,'Neuer Titel',NULL,NULL,'Neuer Text',NULL,NULL,'2005-04-12 17:49:00',NULL,NULL),(20,22,'Neuer Titel',NULL,NULL,'<p>Neuer Text</p>',NULL,NULL,'2005-04-12 17:49:00',NULL,NULL),(21,24,'Wir stellen uns vor','Nous nous pr?sentons',NULL,'\r\n<p>Hier finden Sie unsere <a href=\"/downloads/docs/pdf_broschuere.pdf\" target=\"_blank\">Firmenbrosch?re</a>. </p>\r\n<h2>SIU im Detailhandel</h2>\r\n<h2>Sie stehen bei uns im Mittelpunkt</h2>\r\n<p>Wollen Sie sich aus- und weiterbilden, Ihre pers?nliche und berufliche Entwicklung \r\nf?rdern, kompetenter auftreten, \r\n<br>an ?berzeugungskraft gewinnen?</p>\r\n<p>Sie werden von unserer Erfahrung profitieren, die unternehmerischen F?hrungsinstrumente \r\nanwenden lernen und st?ndig auf dem Laufenden sein.</p>\r\n<h2 align=\"left\">SIU im Detailhandel</h2>\r\n<h3 align=\"left\">Vorbereitung auf die H?here Fachpr?fung im Detailhandel HFP mit eidg. Diplom</h3>\r\n<p align=\"left\">eidg. dipl. Detailhandels?konom/-in \r\n<br><strong>Kursorte</strong> Z?rich, Bern, Lausanne, Luzern, St. Gallen \r\n<br><strong>Themen </strong>Marketing ? Warenlogistik ? Unternehmensf?hrung ? Recht ? Verhandlungs- und Vortragstechnik \r\n? Personalmanagement ? Finanzmanagement und Controlling ? Organisation und Informationsmanagement \r\n? Volkswirtschaft und Wirtschaftspolitik \r\n<br><strong>Kursform</strong> Berufsbegleitend ? 1 Tag pro Woche ? 11/2 Jahre</p>\r\n<h3 align=\"left\">Vorbereitung auf die Berufspr?fungen im Detailhandel mit eidg. Fachausweis </h3>\r\n<p align=\"left\">Detailhandelsspezialist/-in mit eidg. FA \r\n<br>Textildetailhandelsspezialist/-in mit eidg. FA \r\n<br>Pharma-Betriebsassistentin mit eidg. FA \r\n<br>\r\n<br><strong>Kursorte</strong> Z?rich, Aarau, Basel, Bern, Chur, Lausanne, Luzern, Olten, St. Gallen, Winterthur \r\n\r\n<br><strong>Themen</strong> Warenbeschaffungsmarkt ? Absatzmarkt ? Logistik und Sicherheit Finanz- und Rechnungswesen \r\n? Personalwesen ? Kommunikation und Arbeitstechnik ? Detailhandelskenntnisse \r\n<br><strong>Kursform </strong>Berufsbegleitend ? 1 Tag pro Woche ? 1 Jahr</p>\r\n<h2 align=\"left\">Weitere Angebote \r\n<p align=\"left\">Lehrmeisterkurse \r\n<br>Vorbereitungskurse f?r nachtr?gliche Lehrabschlusspr?fungen gem. Art. 41 \r\n<br>Einf?hrungskurse \r\n<br>Verschiedenste praxisbezogene Seminare</p></h2>  \r\n<h2 align=\"left\">Wir stellen uns vor</h2>\r\n<ul>\r\n<li>SIUIFCAM wurde 1966 auf Initiative des Schweizerischen Gewerbeverbandes als Genossenschaft \r\ngegr?ndet </li>\r\n<li>SIUIFCAM wird von ?ber 120 Mitgliederorganisationen getragen (Schweizerischer \r\nGewerbeverband, kantonale Gewerbeverb?nde, schweizerische Berufsverb?nde) </li>\r\n<li>SIUIFCAM ist das gr?sste detailhandelsspezifische Weiterbildungsinstitut der \r\nSchweiz </li>\r\n<li>SIUIFCAM ist Spezialist f?r betriebswirtschaftliche Aus- und Weiterbildung von \r\nF?hrungskr?ften aus Klein- und Mittelbetrieben </li>\r\n<li>SIUIFCAM kennt die Bed?rfnisse und Anforderungen der Praxis und geht darauf ein \r\n</li>\r\n<li>SIUIFCAM ist seit ?ber 30 Jahren erfolgreich in der Aus- und Weiterbildung von \r\nF?hrungskr?ften </li></ul>\r\n<h3>Wir verf?gen ?ber</h3>\r\n<ul>\r\n<li>Erfahrene Lehrkr?fte aus der Praxis </li>\r\n<li>Aktueller Lehrstoff und Kursunterlagen </li>\r\n<li>Modern ausgestattete und angenehme Kurslokalit?ten </li>\r\n<li>Unterricht mit Schwergewicht ?Gelerntes in die Praxis umwandeln lernen? </li>\r\n<li>Erfahrungsaustausch ?ber Branchengrenzen hinaus </li>\r\n<li>Lerninhalte spezifisch auf Klein- und Mittelbetriebe bzw. Strukturen </li>\r\n<li>des Detailhandels ausgerichtet </li>\r\n<li>J?hrlich ?ber 3000 Teilnehmer/-innen an unseren SIU-Weiterbildungsveranstaltungen</li></ul>\r\n<h2>Schweizerisches Institut f?r Unternehmerschulung </h2>\r\n<p><a title=\"detailhandel-zh@siu.ch\" href=\"mailto:detailhandel-zh@siu.ch\">detailhandel-zh@siu.ch</a> \r\n<br><a href=\"/\">www.siu.ch</a> \r\n<br></p>','\r\n<p>Ici, notre brochure.</p>\r\n<br>\r\n<h2>IFCAM Commerce de d?tail</h2>\r\n<p>Vous ?tes au centre de nos pr?occupations\r\n<br>Voulez-vous poursuivre votre formation, favoriser votre ?volution personnelle \r\net professionnelle, am?liorer vos comp?tences et gagner en force de persuasion \r\n?</p>\r\n<p>Profitez de notre exp?rience, apprenez ? utiliser les instruments de gestion \r\nd?entreprise afin d??tre constamment ? dans le coup ?.</p>\r\n<h2>IFCAM Commerce de d?tail</h2>\r\n<p>Cours pr?paratoire ? l?examen professionnel sup?rieur EPS de ? ?conomiste dipl?m? \r\ndans le commerce de d?tail ?\r\n<br>Lieux de formation : Zurich, Berne, Lausanne, Lucerne, Saint-Gall\r\n<br>Branches : marketing, logistique, organisation, ?conomie politique, direction \r\nd?entreprise, management du personnel, finances et controlling, rh?torique</p>Cours pr?paratoire ? l?examen professionnel EP \r\n<br>? Sp?cialiste du commerce de d?tail ? avec brevet f?d?ral\r\n<br>? Sp?cialiste en commerce de textile ? avec brevet f?d?ral\r\n<br>\r\n<h2>12 modules</h2>\r\n<p><strong>1. Augmenter l\'impact visuel gr?ce au merchandising </strong>; am?liorer les pr?sentations dans les lin?aires, et d?velopper les ventes additionnelles \r\nsur les meilleurs produits :</p>\r\n<p>? Identifier les erreurs les plus classiques dans la pr?sentation des marchandises \r\n\r\n<br>? R?gles d\'or de la pr?sentation des marchandises en magasin\r\n<br>? Travailler l\'assortiment pour augmenter l\'impact visuel et dynamiser les ventes\r\n<br>? S?lectionner les produits les plus vendeurs et les emplacements strat?giques\r\n<br>? Soutenir les produits par un affichage compl?mentaire attirant\r\n<br>? D?velopper les ventes compl?mentaires et les ventes spontan?es\r\n<br>? D?couvrir les recettes appliqu?es par les meilleures soci?t?s</p>\r\n<p><strong>Date du cours : automne 2005</strong></p>\r\n<p><strong>2. Animation de f?tes et ?v?nements</strong> ; harmoniser de fa?on optimale et cr?er des surprises autour d\'un ?v?nement:</p>\r\n<p>? ?viter les erreurs majeures et classiques d\'une animation commerciale\r\n<br>? ?tre novateur : quelles tendances pour demain ?\r\n<br>? Planifier les 7 ?tapes d\'un ?v?nement pour animer un point de vente\r\n<br>? Cr?er un assortiment original autour du client\r\n<br>? Les 12 ?v?nements annuels ? ne pas manquer et les programmes ? appliquer\r\n<br>? Communiquer l\'?v?nement avec un minimum de frais et un maximum d\'impact\r\n<br>? D?couvrir les recettes appliqu?es par les meilleures soci?t?s\r\n<br>? Mesurer les retomb?es commerciales</p>\r\n<p><strong>Date du cours : automne 2005</strong></p>\r\n<p><strong>3. R?ussir une promotion</strong> : pour augmenter la fr?quence et gagner de nouveaux clients.</p>\r\n<p>? ?viter les erreurs majeures d\'une promotion organis?e ? la h?te\r\n<br>? S?lectionner les produits porteurs pour attirer la client?le \r\n<br>? 7 ?tapes-cl?s pour r?ussir une promotion originale\r\n<br>? Augmenter les ventes des produits compl?mentaires de la promotion\r\n<br>? Identifier les meilleurs endroits du magasin \r\n<br>? Communiquer la promotion dans le magasin? et ? l\'ext?rieur\r\n<br>? 55 id?es de promotions originales du point de vente</p>\r\n<p><strong>Date du cours : automne 2005</strong></p>\r\n<p><strong>4. Organiser une enqu?te-client</strong> : r?aliser sans frais une enqu?te-client pour d?couvrir les sentiments et les \r\nd?sirs de vos clients : </p>\r\n<p>? Concevoir un questionnaire simple pour une mini-enqu?te rapide, sans frais\r\n<br>? Les 10 erreurs classiques des enqu?tes-clients mal organis?es\r\n<br>? R?agir aux informations collect?es par des actions cibl?es sur les r?sultats\r\n<br>? Rep?rer, gr?ce aux questionnaires, les besoins non satisfaits de vos clients \r\n\r\n<br>? Enqu?ter chaque jour, sur le terrain, par des questions directes aux clients\r\n<br>? Imaginer de nouveaux services \"tendance\", gr?ce aux enqu?tes-clients</p>\r\n<p><strong>Date du cours : automne 2005\r\n<br></strong></p>\r\n<p><strong>5. R?duire les diff?rences d?inventaire</strong> : identifier les erreurs d?inventaire par des m?thodes efficaces et organiser \r\nun inventaire rapide:</p>\r\n<p>? Planifier les 10 ?tapes de l\'inventaire de votre magasin\r\n<br>? Rep?rer les 7 causes les plus fr?quentes des diff?rences d\'inventaire\r\n<br>? Former le personnel aux techniques qui \"marchent\" \r\n<br>? Instaurer une politique de qualit? tout au long de l\'ann?e\r\n<br>? D?finir les crit?res de performance d\'un inventaire</p>\r\n<p><strong>Date du cours : automne 2005</strong></p>\r\n<p><strong>6. Ne plus jamais parler de chiffre d?affaires</strong> : les secrets pour fixer enfin ? une ?quipe de vente les bons objectifs, sans \r\njamais parler de chiffre d?affaires\r\n<br>? Stimuler l\'?quipe de vente par des objectifs parlants et r?alistes\r\n<br>? D?couvrir les effets contre-productifs des objectifs de chiffre d\'affaires \r\ndans le commerce de d?tail\r\n<br>? Le domino : 101 objectifs qui d?clenchent le chiffre d\'affaires \r\n<br>? Motiver une ?quipe avec doigt? et succ?s\r\n<br>? Diff?rencier les indicateurs de performance des objectifs de chiffre d\'affaires</p>\r\n<p><strong>Date du cours : automne 2005</strong></p>\r\n<p><strong>7. Offrir des services \"plus\" </strong>: rendez-vous unique offrant ? vos clients des services gratuits ? forte valeur \r\najout?e.</p>\r\n<p>? D?couvrir les erreurs fatales d\'un mauvais service clients et les recommandations \r\npour y rem?dier\r\n<br>? Imaginer de nouveaux services en identifiant les pr?occupations de vos clients\r\n<br>? Les recettes qui ont fait les grands succ?s\r\n<br>? Identifier les services ? faibles co?ts et offrant le maximum aux clients\r\n<br>? Syst?matiser les services rendus aux clients exigeants \r\n<br>? Inventer les services de demain</p>\r\n<p><strong>Date du cours : 13 avril 2005</strong></p>\r\n<p><strong>8. Planifier un point de vente</strong> : optimaliser la planification des forces sur le terrain et motiver les collaborateurs \r\n? couvrir les demandes :</p>\r\n<p>? D?couvrir les erreurs classiques d\'une mauvaise organisation des forces sur \r\nle terrain\r\n<br>? G?rer ? la derni?re minute l\'absent?isme des collaborateurs \r\n<br>? Les 5 ?tapes de base de la formation des temporaires\r\n<br>? Lister les priorit?s et distinguer l\'urgence de l\'importance\r\n<br>? Pr?voir la fr?quence des visiteurs pour mieux planifier un rayon\r\n<br>? Responsabiliser les collaborateurs</p>\r\n<p><strong>Date du cours : 25 avril 2005\r\n<br></strong>\r\n<br><strong>9. Fid?liser la client?le</strong> : cr?er des liens personnalis?s par des proc?d?s ais?ment applicables :</p>\r\n<p>? D?couvrir les 6 ?tapes de la fid?lisation\r\n<br>? Calculer les retomb?es ? moyen terme de la qualit? et des erreurs de service \r\n? la client?le\r\n<br>? ?laborer et appliquer des techniques originales de fid?lisation pour gagner \r\nde nouveaux clients et les conserver\r\n<br>? Imaginer des services \"plus\", afin de gagner de la client?le\r\n<br>? 4 niveaux de satisfaction client?le, du plus m?content au client heureux\r\n<br>? Identifier les attentes de vos clients en rapport avec votre magasin</p>\r\n<p><strong>Date du cours : 26 avril 2005</strong></p>\r\n<p><strong>10. Conseiller la client?le </strong>: rep?rer les attitudes qui font fuir les clients et y rem?dier :\r\n<br>? Rep?rer les erreurs classiques en relations client?le\r\n<br>? Identifier les comportements gagnants pour favoriser le climat d\'une vente\r\n<br>? Analyser la typologie de vos clients pour mieux comprendre leurs centres d\'int?r?ts \r\net acc?der plus rapidement ? leurs demandes\r\n<br>? D?velopper des arguments cibl?s sur la typologie de votre client?le</p>\r\n<p><strong>Date du cours : 3 mai 2005</strong></p>\r\n<p><strong>11. D?l?guer efficacement </strong>; optimiser de 20 % le potentiel de vos ?quipes en augmentant la d?l?gation par \r\nobjectif:</p>\r\n<p>? Entra?ner les entretiens de d?l?gation et de n?gociation pour augmenter le \r\nrendement\r\n<br>? Fixer des indicateurs de performance plut?t que des objectifs de chiffre d?affaires\r\n<br>? Hi?rarchiser les priorit?s de vos collaborateurs en d?l?guant habilement les \r\nt?ches\r\n<br>? Comprendre le processus de management en entreprise et les recommandations \r\npar ?tapes\r\n<br>? Distinguer les objectifs de la m?thode de travail\r\n<br>? Analyser les t?ches pouvant ?tre d?l?gu?es et celles ne pouvant pas l??tre</p>\r\n<p><strong>Date du cours : 8 juin 2005</strong></p>\r\n<p><strong>12. Traiter les r?clamations :</strong> r?pondre aux attentes et aux comportements des clients, et reconna?tre l?importance \r\nde la satisfaction des clients.</p>\r\n<p>? D?finir les indicateurs de satisfaction clients ;\r\n<br>jusqu\'o? aller dans le service ?\r\n<br>? Mesurer les retomb?es des traitements des r?clamations\r\n<br>? R?pondre ? un client difficile sans commettre de faux pas\r\n<br>? Rep?rer les erreurs classiques en traitement client?le et appliquer les r?gles \r\nd\'or</p>\r\n<p><strong>Date du cours : 9 juin 2005\r\n<br></strong></p>',NULL,'2000-05-04 03:13:00',NULL,NULL),(22,25,'Adressen',NULL,NULL,'\r\n<p>Hier kommen die Adressangaben des SIU hin.</p>',NULL,NULL,'2005-04-12 17:50:00',NULL,NULL),(23,26,'Aktuelles',NULL,NULL,'\r\n<p>Wir freuen uns, Sie auf unserer neuen Website begr?ssen zu d?rfen.\r\nSie finden hier s?mtliche Kursinformationen und k?nnen sich an unsere\r\nKurse anmelden.\r\n\r\n<br></p>\r\n<p>\r\n<br>\r\nBald werden wir Ihnen hier auch eine franz?sische und italienische Version zur \r\nVerf?gung stellen. \r\n\r\n<br></p>\r\n<p>Unser neuer Kurs \"<a href=\"index.php?nav1=2&amp;nav2=27&amp;nav3=127&amp;target=table/kurse.php&amp;id_kursort=0\">Category Manager</a>\" macht Sie mit den Prinzipien und Methoden \r\ndes Category Managements\r\ngem?ss ECR-Empfehlungen vertraut. Als selbst?ndig\r\nhandlungssicherer Category Manager werden Sie Projekte noch schneller\r\nund effizienter durchf?hren k?nnen. Oberstes Gebot ist dabei\r\nPraxisrelevanz: Sie erhalten von unseren erfahrenen Trainern nicht nur\r\nfundiertes Methodenwissen, sondern arbeiten konkret an realen\r\nFallstudien und Projektsimulationen.\r\n\r\n<br>\r\n<br></p>\r\n\r\n<p>\r\n<br></p>\r\n\r\n<p>\r\n<br></p>',NULL,NULL,'2005-04-12 17:50:00',NULL,NULL),(24,27,'Kursteilnehmerforum','Forum des participants',NULL,'\r\n<p>Dieses Forum ist im Aufbau und zur Zeit ist kein Zugang m?glich.</p>','\r\n<p>En construction.</p>',NULL,'2000-05-04 03:13:00',NULL,NULL),(25,28,'Publikationen',NULL,NULL,'\r\n<p>Hier finden Sie unsere viermonatlich erscheinende Zeitschrift, sowie Pressemeldungen \r\nund unseren Infoflyer.\r\n\r\n<br></p>\r\n<p>\r\n<br><a href=\"index.php?nav1=3&amp;nav2=117&amp;nav3=118&amp;target=\">weiter</a> ->\r\n\r\n<br></p>\r\n\r\n<p>\r\n<br>\r\n<br></p>',NULL,NULL,'2005-04-12 17:50:00',NULL,NULL),(26,29,'Aktuelles','Actualit',NULL,'\r\n<p>Wir freuen uns, Sie auf unserer neuen Website begr?ssen zu d?rfen.\r\nSie finden hier s?mtliche Kursinformationen und k?nnen sich an unsere\r\nKurse anmelden.\r\n\r\n<br></p>\r\n\r\n<p>\r\n<br>\r\nBald werden wir Ihnen hier auch eine franz?sische und italienische Version zur \r\nVerf?gung stellen. \r\n\r\n<br></p>\r\n<p>Unser neuer Kurs \"<a title=\"\" href=\"/index.php?nav1=2&amp;nav2=27&amp;nav3=127&amp;target=table/kurse.php&amp;id_kursort=0\">Category Manager</a>\" macht Sie mit den Prinzipien und Methoden \r\ndes Category Managements\r\ngem?ss ECR-Empfehlungen vertraut. Als selbst?ndig\r\nhandlungssicherer Category Manager werden Sie Projekte noch schneller\r\nund effizienter durchf?hren k?nnen. Oberstes Gebot ist dabei\r\nPraxisrelevanz: Sie erhalten von unseren erfahrenen Trainern nicht nur\r\nfundiertes Methodenwissen, sondern arbeiten konkret an realen\r\nFallstudien und Projektsimulationen.\r\n</p>','\r\n<p>Bienvenue sur notre nouveau site Internet ! Vous y trouverez tous renseignements \r\nsur nos formations auxquelles vous pouvez vous inscrire on-line. </p>\r\n<p>D?veloppant notre gamme de prestations, nous l?enrichissons continuellement afin \r\nde r?pondre aux exigences de nos clients.</p>\r\n<p>L?objectif de nos 12 nouveaux modules tend ? permettre aux participants l?analyse \r\ndu potentiel de leur propre entreprise, le rep?rage des erreurs ? ?viter et la \r\npossibilit? d?appliquer au point de vente, d?s le lendemain, les comp?tences acquises. \r\n</p>\r\n<p>Nous mettons l?accent sur la relation directe avec la pratique professionnelle. \r\nNos charg?s de cours transmettent non seulement les connaissances m?thodologiques \r\nmais travaillent concr?tement sur des cas r?els et pratiques.</p>',NULL,'2000-05-04 03:12:00',NULL,NULL),(28,31,'Neuer Titel',NULL,NULL,'<p>Neuer Text</p>',NULL,NULL,'2005-04-12 17:50:00',NULL,NULL),(29,32,'Pressedienst','Service de presse',NULL,'\r\n<p>Zur Zeit keine Pressebericht vorhanden.</p>','\r\n<p>Actuellement, pas de communiqu? de presse.</p>',NULL,'2000-05-04 03:12:00',NULL,NULL),(30,33,'Neuer Titel',NULL,NULL,'\r\n<p>SIU im Detailhandel \r\n<br>Falkenplatz 1 \r\n<br>Postfach 8159 \r\n<br>3001 Bern \r\n<br>Tel. +41 (0) 31 302 37 47 \r\n<br>Fax +41 (0) 31 302 82 42 \r\n<br>detailhandel-be@siu.ch</p>',NULL,NULL,'2005-04-12 17:50:00',NULL,NULL),(31,36,'Situationspl?ne','Plans de situation',NULL,'\r\n<p><a href=\"/downloads/docs/Z?rich_2004c.pdf\" target=\"_blank\">Hier finden Sie das SIU in Z?rich.</a></p>\r\n<p><a href=\"/downloads/docs/Bern_2004c.pdf\" target=\"_blank\">Hier finden Sie das SIU in Bern.</a></p>','\r\n<p><a href=\"/downloads/docs/Z?rich_2004c.pdf\" target=\"_blank\">SIU ? Z?rich.</a></p>\r\n<p><a href=\"/downloads/docs/Bern_2004c.pdf\" target=\"_blank\">SIU ? Berne.</a></p>',NULL,'2000-05-04 03:13:00',NULL,NULL),(32,39,'Neuer Titel',NULL,NULL,'<p>Neuer Text</p>',NULL,NULL,'2005-04-12 17:50:00',NULL,NULL);

--
-- Table structure for table `erhaltung`
--

CREATE TABLE `erhaltung` (
  `id_erhaltung` int(11) unsigned NOT NULL auto_increment,
  `erhaltung` varchar(20) collate latin1_german2_ci NOT NULL default '',
  `lastdate` timestamp NOT NULL default CURRENT_TIMESTAMP on update CURRENT_TIMESTAMP,
  `id_benutzer` int(11) default NULL,
  PRIMARY KEY  (`id_erhaltung`)
) ENGINE=MyISAM AUTO_INCREMENT=7 DEFAULT CHARSET=latin1 COLLATE=latin1_german2_ci;

--
-- Dumping data for table `erhaltung`
--

INSERT INTO `erhaltung` VALUES (1,'ausgezeichnet','2005-03-22 16:51:57',NULL),(2,'gut','2005-03-22 16:51:57',NULL),(3,'maessig','2005-03-22 16:51:57',NULL),(4,'schlecht','2005-03-22 16:51:57',NULL),(5,'sehr gut','2005-03-22 16:51:57',NULL),(6,'sehr schlecht','2005-03-22 16:51:57',NULL);

--
-- Table structure for table `erwerbart`
--

CREATE TABLE `erwerbart` (
  `id_erwerbart` int(11) unsigned NOT NULL auto_increment,
  `erwerbart` varchar(40) collate latin1_german2_ci NOT NULL default '',
  `lastdate` timestamp NOT NULL default CURRENT_TIMESTAMP on update CURRENT_TIMESTAMP,
  `id_benutzer` int(11) default NULL,
  PRIMARY KEY  (`id_erwerbart`)
) ENGINE=MyISAM AUTO_INCREMENT=6 DEFAULT CHARSET=latin1 COLLATE=latin1_german2_ci;

--
-- Dumping data for table `erwerbart`
--

INSERT INTO `erwerbart` VALUES (1,'Geschenk/Legat','2005-03-22 16:52:04',NULL),(2,'Fund','2005-03-22 16:52:04',NULL),(3,'Kauf','2005-03-22 16:52:04',NULL),(4,'Tausch','2005-03-22 16:52:04',NULL),(5,'- Unbekannt -','2005-06-03 08:28:10',NULL);

--
-- Table structure for table `formular`
--

CREATE TABLE `formular` (
  `id_formular` int(10) NOT NULL auto_increment,
  `field_label_de` varchar(250) collate latin1_german2_ci default NULL,
  `field_label_fr` varchar(250) collate latin1_german2_ci default NULL,
  `field_label_en` varchar(250) collate latin1_german2_ci default NULL,
  `field_name` varchar(50) collate latin1_german2_ci default NULL,
  `field_pre` varchar(255) collate latin1_german2_ci default NULL,
  `field_post` varchar(255) collate latin1_german2_ci default NULL,
  `last_update` timestamp NOT NULL default CURRENT_TIMESTAMP on update CURRENT_TIMESTAMP,
  `field_label_it` varchar(250) collate latin1_german2_ci default NULL,
  PRIMARY KEY  (`id_formular`)
) ENGINE=MyISAM AUTO_INCREMENT=17 DEFAULT CHARSET=latin1 COLLATE=latin1_german2_ci;

--
-- Dumping data for table `formular`
--

INSERT INTO `formular` VALUES (1,'Name:','Nom:','Last name:','name','<input name=\"name\" size=\"40\" class=\"inputfeld\" value=\"','\">','2005-04-12 17:50:00',NULL),(2,'Vorname:','Pr?nom:','First name:','vorname','<input name=\"vorname\" size=\"40\" class=\"inputfeld\" value=\"','\">','2005-04-12 17:50:00',NULL),(3,'Adresse:','Adresse:','Address:','adresse','<textarea name=\"adresse\" cols=\"60\" rows=\"7\" class=\"inputfeld\">','</textarea >','2005-04-12 17:50:00',NULL),(4,'Strasse','Rue:','Street:','strasse','<input name=\"strasse\" size=\"40\" class=\"inputfeld\" value=\"','\">','2005-04-12 17:51:00',NULL),(5,'Ort:','Lieu:','City:','ort','<input name=\"ort\" size=\"40\" class=\"inputfeld\" value=\"','\">','2005-04-12 17:51:00',NULL),(6,'PLZ:','CP:','Zip:','plz','<input name=\"plz\" size=\"20\" class=\"inputfeld\" value=\"','\">','2005-04-12 17:51:00',NULL),(7,'Bemerkung:','Remarques:','Remarks:','bemerkung','<textarea name=\"bemerkung\" class=\"inputfeld\" cols=\"80\" rows=\"10\">','</textarea>','2005-04-12 17:51:00',NULL),(8,'Email:','E-mail:','Email:','email','<input name=\"email\" size=\"40\" class=\"inputfeld\" value=\"','\">','2005-04-12 17:51:00',NULL),(9,'URL','URL:','URL:','url','<input name=\"url\" size=\"40\" class=\"inputfeld\" value=\"','\">','2005-04-12 17:51:00',NULL),(10,'Referenz:','R?f?rence:','Reference:','referenz','<input name=\"referenz\" size=\"40\" class=\"inputfeld\" value=\"','\">','2005-04-12 17:51:00',NULL),(11,'Telefon:','T?l:','Phone:','telefon','<input name=\"telefon\" size=\"40\" class=\"inputfeld\" value=\"','\">','2005-04-12 17:51:00',NULL),(12,'Fax','Fax:','Fax:','fax','<input name=\"fax\" size=\"40\" class=\"inputfeld\" value=\"','\">','2005-04-12 17:51:00',NULL),(13,'Datum:','Date:','Date:','datum','<input name=\"datum\" size=\"40\" class=\"inputfeld\" value=\"','\">','2005-04-12 17:51:00',NULL),(14,'Kanton:','Canton:','Canton / State:','kanton','<input name=\"kanton\" size=\"40\" class=\"inputfeld\" value=\"','\">','2005-04-12 17:51:00',NULL),(15,'Geburtsdatum:','Date de naissance:','Year of birth:','geburtsdatum','<input name=\"geburtsdatum\" size=\"40\" class=\"inputfeld\" value=\"','\">','2005-04-12 17:51:00',NULL),(16,'Kurs:','Cours:','Course:','kurs','<input name=\"kurs\" size=\"40\" class=\"inputfeld\" value=\"','\">','2005-04-12 17:51:00',NULL);

--
-- Table structure for table `fossil_typ`
--

CREATE TABLE `fossil_typ` (
  `id_fossil_typ` int(11) unsigned NOT NULL auto_increment,
  `fossil_typ` varchar(40) collate latin1_german2_ci NOT NULL default '',
  `lastdate` timestamp NOT NULL default CURRENT_TIMESTAMP on update CURRENT_TIMESTAMP,
  `id_benutzer` int(11) default NULL,
  PRIMARY KEY  (`id_fossil_typ`)
) ENGINE=MyISAM AUTO_INCREMENT=13 DEFAULT CHARSET=latin1 COLLATE=latin1_german2_ci;

--
-- Dumping data for table `fossil_typ`
--

INSERT INTO `fossil_typ` VALUES (1,'Zahn','2005-03-22 16:52:12',NULL),(2,'Abdruck','2005-03-22 16:52:12',NULL),(3,'Faehrte','2005-03-22 16:52:12',NULL),(4,'Knochen','2005-03-22 16:52:12',NULL),(5,'Schuppen','2005-03-22 16:52:12',NULL),(6,'Skelett','2005-03-22 16:52:12',NULL),(7,'Holz','2005-03-22 16:52:12',NULL),(8,'Blaetter','2005-03-22 16:52:12',NULL),(9,'Fruechte/Samen','2005-03-22 16:52:12',NULL),(10,'Sporen/Pollen','2005-03-22 16:52:12',NULL),(11,'Blueten','2005-03-22 16:52:12',NULL),(12,'Unbekannt','2005-03-22 16:52:12',NULL);

--
-- Table structure for table `gebaeude`
--

CREATE TABLE `gebaeude` (
  `id_gebaeude` int(11) unsigned NOT NULL auto_increment,
  `gebaeude` varchar(70) collate latin1_german2_ci NOT NULL default '',
  `gebaeude_code` char(3) collate latin1_german2_ci NOT NULL default '',
  `lastdate` timestamp NOT NULL default CURRENT_TIMESTAMP on update CURRENT_TIMESTAMP,
  `id_benutzer` int(11) default NULL,
  PRIMARY KEY  (`id_gebaeude`)
) ENGINE=MyISAM AUTO_INCREMENT=6 DEFAULT CHARSET=latin1 COLLATE=latin1_german2_ci;

--
-- Dumping data for table `gebaeude`
--

INSERT INTO `gebaeude` VALUES (1,'ETH Hoenggerberg, Depotbibliothek','HDB','2005-03-22 16:52:18',NULL),(2,'ETH Hoenggerberg, Energiezentrale','HEZ','2005-03-22 16:52:18',NULL),(3,'NO, Sonneggstr. 5, ETH-Zentrum','NO','2005-03-22 16:52:18',NULL),(4,'Unbekannt','UBK','2005-03-22 16:52:18',NULL),(5,'CAB','CAB','2005-12-23 09:36:56',1);

--
-- Table structure for table `geologie`
--

CREATE TABLE `geologie` (
  `id_geologie` int(11) unsigned NOT NULL auto_increment,
  `id_self` int(11) unsigned NOT NULL default '0',
  `id_geologie_typ` int(11) unsigned default NULL,
  `einheit` varchar(40) collate latin1_german2_ci default NULL,
  `lastdate` timestamp NOT NULL default CURRENT_TIMESTAMP on update CURRENT_TIMESTAMP,
  `id_benutzer` int(11) default NULL,
  KEY `geolsind` (`id_geologie`)
) ENGINE=MyISAM AUTO_INCREMENT=304 DEFAULT CHARSET=latin1 COLLATE=latin1_german2_ci;

--
-- Dumping data for table `geologie`
--

INSERT INTO `geologie` VALUES (2,0,1,'Alpen','2005-03-22 16:52:31',NULL),(3,2,2,'Molasse','2005-03-22 16:52:31',NULL),(4,3,3,'Obere Suesswassermolasse','2005-03-22 16:52:31',NULL),(5,2,2,'Helvetikum','2005-03-22 16:52:31',NULL),(6,2,2,'Zentralalpen','2005-03-22 16:52:31',NULL),(7,6,3,'Wildhorndecke','2005-03-22 16:52:31',NULL),(8,5,3,'Morkles - Decke','2005-03-22 16:52:31',NULL),(9,6,3,'Seewerkalk','2005-03-22 16:52:31',NULL),(10,9,4,'Garschella Formation','2005-03-22 16:52:31',NULL),(11,2,2,'','2005-03-22 16:52:31',NULL),(12,11,3,'','2005-03-22 16:52:31',NULL),(13,12,4,'Maiolica','2005-03-22 16:52:31',NULL),(14,2,2,'Klippen','2005-03-22 16:52:31',NULL),(54,3,3,'','2005-03-22 16:52:31',NULL),(16,2,2,'Ostalpin','2005-03-22 16:52:31',NULL),(18,0,1,'Schweiz','2005-03-22 16:52:31',NULL),(19,18,2,'Suedalpen','2005-03-22 16:52:31',NULL),(20,2,2,'Penninikum','2005-03-22 16:52:31',NULL),(21,20,3,'Surettadecke-Tambodecke','2005-03-22 16:52:31',NULL),(34,3,3,'Obere Meeresmolasse','2005-03-22 16:52:31',NULL),(35,0,1,'Jura','2005-03-22 16:52:31',NULL),(36,35,2,'','2005-03-22 16:52:31',NULL),(37,36,3,'','2005-03-22 16:52:31',NULL),(38,37,4,'','2005-03-22 16:52:31',NULL),(39,38,5,'Ornaten Schichten','2005-03-22 16:52:31',NULL),(55,54,4,'Juranagelfluh','2005-03-22 16:52:31',NULL),(77,20,3,'Suretta-Decke','2005-03-22 16:52:31',NULL),(78,20,3,'Cima Lunga','2005-03-22 16:52:31',NULL),(79,20,3,'Lucomagno','2005-03-22 16:52:31',NULL),(80,20,3,'Adula','2005-03-22 16:52:31',NULL),(81,20,3,'Malenco','2005-03-22 16:52:31',NULL),(82,16,3,'Bernina-Massiv','2005-03-22 16:52:31',NULL),(83,2,2,'Suedalpin','2005-03-22 16:52:31',NULL),(84,16,3,'Margna-Decke','2005-03-22 16:52:31',NULL),(85,83,3,'Adamello','2005-03-22 16:52:31',NULL),(86,16,3,'Silvretta-Decke','2005-03-22 16:52:31',NULL),(87,16,3,'','2005-03-22 16:52:31',NULL),(88,87,4,'','2005-03-22 16:52:31',NULL),(89,88,5,'Cassianer und Raibler Schichten','2005-03-22 16:52:31',NULL),(90,0,1,'Himalaya','2005-03-22 16:52:31',NULL),(91,90,2,'Higher Himalaya','2005-03-22 16:52:31',NULL),(110,20,3,'Zone von Saas-Zermatt','2005-03-22 16:52:31',NULL),(111,83,3,'Ivrea-Zone','2005-03-22 16:52:31',NULL),(112,20,3,'Insubrische Linie','2005-03-22 16:52:31',NULL),(113,16,3,'Margna','2005-03-22 16:52:31',NULL),(114,16,3,'Sella','2005-03-22 16:52:31',NULL),(115,20,3,'Maggia','2005-03-22 16:52:31',NULL),(116,20,3,'Tauernfenster','2005-03-22 16:52:31',NULL),(117,20,3,'Malenco-Serpentinit','2005-03-22 16:52:31',NULL),(118,20,3,'Simano','2005-03-22 16:52:31',NULL),(120,12,4,'Ophikarbonate','2005-03-22 16:52:31',NULL),(121,20,3,'Platta','2005-03-22 16:52:31',NULL),(122,20,3,'Suretta','2005-03-22 16:52:31',NULL),(123,0,1,'weltweit','2005-03-22 16:52:31',NULL),(124,123,2,'','2005-03-22 16:52:31',NULL),(125,124,3,'','2005-03-22 16:52:31',NULL),(126,125,4,'Metagabbro','2005-03-22 16:52:31',NULL),(127,0,1,'Frankreich','2005-03-22 16:52:31',NULL),(128,127,2,'Massif Central','2005-03-22 16:52:31',NULL),(129,20,3,'Zone von Bellizona','2005-03-22 16:52:31',NULL),(130,0,1,'Italien','2005-03-22 16:52:31',NULL),(131,130,2,'','2005-03-22 16:52:31',NULL),(132,131,3,'','2005-03-22 16:52:31',NULL),(133,132,4,'Alkaligesteine','2005-03-22 16:52:31',NULL),(134,20,3,'','2005-03-22 16:52:31',NULL),(135,134,4,'Buendnerschiefer','2005-03-22 16:52:31',NULL),(136,2,2,'Aarmassiv','2005-03-22 16:52:31',NULL),(137,20,3,'Bernharddecke','2005-03-22 16:52:31',NULL),(138,2,2,'Betische Kordilleren','2005-03-22 16:52:31',NULL),(139,20,3,'Malencoserpentinit','2005-03-22 16:52:31',NULL),(140,20,3,'Leventina','2005-03-22 16:52:31',NULL),(141,20,3,'Forno','2005-03-22 16:52:31',NULL),(142,16,3,'Bernina','2005-03-22 16:52:31',NULL),(145,20,3,'Bergell','2005-03-22 16:52:31',NULL),(146,134,4,'Fedoz Gabbro','2005-03-22 16:52:31',NULL),(147,5,3,'Einsiedeln','2005-03-22 16:52:31',NULL),(148,147,4,'Nummulitenkalk','2005-03-22 16:52:31',NULL),(149,11,3,'Feuerstaetter Einheit','2005-03-22 16:52:31',NULL),(150,149,4,'','2005-03-22 16:52:31',NULL),(151,150,5,'Junghausen Schichten','2005-03-22 16:52:31',NULL),(170,5,3,'','2005-03-22 16:52:31',NULL),(171,170,4,'','2005-03-22 16:52:31',NULL),(172,171,5,'Ruchberg Sandstein','2005-03-22 16:52:31',NULL),(173,12,4,'Gurnigel Flysch','2005-03-22 16:52:31',NULL),(174,170,4,'Oerfle Formation','2005-03-22 16:52:31',NULL),(175,12,4,'','2005-03-22 16:52:31',NULL),(176,175,5,'Albarese Kalk','2005-03-22 16:52:31',NULL),(177,12,4,'Praettigau Flysch','2005-03-22 16:52:31',NULL),(178,12,4,'Formatione di Breno','2005-03-22 16:52:31',NULL),(179,16,3,'Ela-Decke','2005-03-22 16:52:31',NULL),(180,20,3,'Tasna-Decke','2005-03-22 16:52:31',NULL),(181,0,1,'Irish Variscides','2005-03-22 16:52:31',NULL),(182,181,2,'','2005-03-22 16:52:31',NULL),(183,182,3,'Old Red Sandstone','2005-03-22 16:52:31',NULL),(184,183,4,'Green Sandstone Formation','2005-03-22 16:52:31',NULL),(185,0,1,'Pyrenaeen','2005-03-22 16:52:31',NULL),(186,11,3,'Baechistockdecke','2005-03-22 16:52:31',NULL),(187,186,4,'','2005-03-22 16:52:31',NULL),(188,187,5,'Orbitolinen-Schichten','2005-03-22 16:52:31',NULL),(192,0,1,'Andes','2005-03-22 16:52:31',NULL),(213,175,5,'Posidonienschiefer','2005-03-22 16:52:31',NULL),(1,0,1,'Unbekannt','2005-03-22 16:52:31',NULL),(214,0,1,'Apennin','2005-03-22 16:52:31',NULL),(215,214,2,'Appennino Abruzzese','2005-03-22 16:52:31',NULL),(234,3,3,'Untere Suesswassermolasse','2005-03-22 16:52:31',NULL),(235,11,3,'Kalkalpen','2005-03-22 16:52:31',NULL),(236,234,4,'','2005-03-22 16:52:31',NULL),(237,236,5,'Hochalpschichten','2005-03-22 16:52:31',NULL),(238,3,3,'Untere Meeresmolasse','2005-03-22 16:52:31',NULL),(258,11,3,'Aduladecke','2005-03-22 16:52:31',NULL),(257,11,3,'Scarldecke','2005-03-22 16:52:31',NULL),(259,11,3,'Vorlandbecken','2005-03-22 16:52:31',NULL),(260,259,4,'Nummulitenkalk, Globigerinenschiefer','2005-03-22 16:52:31',NULL),(261,0,1,'Fraenkische Alb','2005-03-22 16:52:31',NULL),(262,261,2,'','2005-03-22 16:52:31',NULL),(263,262,3,'','2005-03-22 16:52:31',NULL),(264,263,4,'Plattenkalk','2005-03-22 16:52:31',NULL),(267,0,1,'Fraenkischealb','2005-03-22 16:52:31',NULL),(268,264,5,'Solnhofener Plattenkalke','2005-03-22 16:52:31',NULL),(269,0,1,'Oestlicher Schweizer Helvetikum','2005-03-22 16:52:31',NULL),(270,269,2,'','2005-03-22 16:52:31',NULL),(271,270,3,'','2005-03-22 16:52:31',NULL),(272,271,4,'','2005-03-22 16:52:31',NULL),(273,272,5,'schiltschichten','2005-03-22 16:52:31',NULL),(274,90,2,'Lesser Himalaya','2005-03-22 16:52:31',NULL),(294,11,3,'Tavetscher Zwischenmassiv','2005-03-22 16:52:31',NULL),(295,12,4,'Malmkalk','2005-03-22 16:52:31',NULL),(296,0,3,'Lepontine Nappe','2005-09-30 11:55:03',1),(297,0,2,'Armorikanisches Massiv','2005-09-30 14:14:57',1),(303,0,1,'Kaledoniden','2007-05-08 11:57:49',1),(299,0,1,'','2006-11-23 10:16:50',1),(300,299,2,'','2006-11-23 10:16:50',1),(301,300,3,'','2006-11-23 10:16:50',1),(302,301,4,'rapperswil','2006-11-23 10:16:50',1);

--
-- Table structure for table `geologie_typ`
--

CREATE TABLE `geologie_typ` (
  `id_geologie_typ` int(11) unsigned NOT NULL auto_increment,
  `geologie_typ` varchar(35) collate latin1_german2_ci NOT NULL default '',
  `position` int(10) unsigned default NULL,
  `lastdate` timestamp NOT NULL default CURRENT_TIMESTAMP on update CURRENT_TIMESTAMP,
  `id_benutzer` int(11) default NULL,
  PRIMARY KEY  (`id_geologie_typ`)
) ENGINE=MyISAM AUTO_INCREMENT=6 DEFAULT CHARSET=latin1 COLLATE=latin1_german2_ci;

--
-- Dumping data for table `geologie_typ`
--

INSERT INTO `geologie_typ` VALUES (1,'Grosstek. Einheit (z.B. Alpen)',5,'2005-10-03 09:01:19',NULL),(2,'Tekt. Region (z.B. Ostalpin)',4,'2005-10-03 09:01:27',NULL),(3,'Einheit (z.B. Berninadecke)',3,'2005-10-03 09:01:33',NULL),(4,'Formation (z.B. Casannasschiefer)',2,'2007-09-05 08:00:29',NULL),(5,'Schicht (z.B. Reiblerschichten)',1,'2007-09-05 08:00:29',NULL);

--
-- Table structure for table `herkunft`
--

CREATE TABLE `herkunft` (
  `id_herkunft` int(11) NOT NULL auto_increment,
  `id_self` int(11) unsigned NOT NULL default '0',
  `id_herkunft_typ` int(11) unsigned default NULL,
  `ort` varchar(40) collate latin1_german2_ci default NULL,
  `lastdate` timestamp NOT NULL default CURRENT_TIMESTAMP on update CURRENT_TIMESTAMP,
  `id_benutzer` int(11) default NULL,
  PRIMARY KEY  (`id_herkunft`)
) ENGINE=MyISAM AUTO_INCREMENT=1493 DEFAULT CHARSET=latin1 COLLATE=latin1_german2_ci;

--
-- Dumping data for table `herkunft`
--

INSERT INTO `herkunft` VALUES (1,0,5,'Schweiz','2005-03-22 16:52:37',NULL),(2,1,4,'Zuerich','2005-03-22 16:52:37',NULL),(3,2,3,'Hoernli','2005-03-22 16:52:37',NULL),(4,0,5,'Nepal','2005-03-22 16:52:37',NULL),(5,4,4,'Tinkar-Lipu','2005-03-22 16:52:37',NULL),(6,1,4,'Solothurn','2005-03-22 16:52:37',NULL),(7,0,5,'Unbekannt','2005-03-22 16:52:37',NULL),(8,1,4,'Jura','2005-03-22 16:52:37',NULL),(9,0,5,'Deutschland','2005-03-22 16:52:37',NULL),(10,1,4,'Neuenburg und Wadtland','2005-03-22 16:52:37',NULL),(14,0,5,'India','2005-03-22 16:52:37',NULL),(15,14,4,'','2005-03-22 16:52:37',NULL),(16,15,3,'Indisch.Archipel','2005-03-22 16:52:37',NULL),(21,0,5,'Aegypten','2005-03-22 16:52:37',NULL),(22,402,3,'Cairo','2005-03-22 16:52:37',NULL),(24,22,2,'Abu Roasch','2005-03-22 16:52:37',NULL),(25,0,5,'Peru','2005-03-22 16:52:37',NULL),(27,360,3,'Como, Lago di','2005-03-22 16:52:37',NULL),(29,27,2,'Esino','2005-03-22 16:52:37',NULL),(34,2,3,'Zuerich Stadt','2005-03-22 16:52:37',NULL),(35,34,2,'N-Portal Lettentunnel, Unterstrass','2005-03-22 16:52:37',NULL),(39,2,3,'','2005-03-22 16:52:37',NULL),(40,39,2,'Bochslen','2005-03-22 16:52:37',NULL),(41,1,4,'Glarus/St. Gallen','2005-03-22 16:52:37',NULL),(43,614,3,'Wutach','2005-03-22 16:52:37',NULL),(45,373,2,'Langeneckgrat','2005-03-22 16:52:37',NULL),(46,0,5,'Poland','2005-03-22 16:52:37',NULL),(47,86,3,'Hahnenmoospass','2005-03-22 16:52:37',NULL),(48,47,2,'Pommerngrates','2005-03-22 16:52:37',NULL),(63,408,2,'Villany','2005-03-22 16:52:37',NULL),(65,1,4,'Aargau','2005-03-22 16:52:37',NULL),(66,0,5,'Oesterreich','2005-03-22 16:52:37',NULL),(68,958,3,'Bregenzerwald','2005-03-22 16:52:37',NULL),(69,1,4,'Saentis','2005-03-22 16:52:37',NULL),(70,69,3,'Saentisgebirge','2005-03-22 16:52:37',NULL),(71,1,4,'Aarau','2005-03-22 16:52:37',NULL),(72,71,3,'','2005-03-22 16:52:37',NULL),(73,72,2,'Schambelen','2005-03-22 16:52:37',NULL),(75,41,3,'Blegi','2005-03-22 16:52:37',NULL),(86,1,4,'','2005-03-22 16:52:37',NULL),(87,882,2,'Piz Alv','2005-03-22 16:52:37',NULL),(89,369,2,'Samedan','2005-03-22 16:52:37',NULL),(91,121,3,'Poschiavo','2005-03-22 16:52:37',NULL),(92,91,2,'Valle del Monte e Corna dei Gessi','2005-03-22 16:52:37',NULL),(94,41,3,'Glaernisch Kette','2005-03-22 16:52:37',NULL),(95,86,3,'Schweizeralpen','2005-03-22 16:52:37',NULL),(97,400,2,'Maggia','2005-03-22 16:52:37',NULL),(98,121,3,'Oberhalbstein','2005-03-22 16:52:37',NULL),(99,98,2,'Err, Val d\'','2005-03-22 16:52:37',NULL),(100,0,5,'Norwegen','2005-03-22 16:52:37',NULL),(101,100,4,'Fillefjell','2005-03-22 16:52:37',NULL),(102,121,3,'Scuol','2005-03-22 16:52:37',NULL),(103,102,2,'Piz Lischana','2005-03-22 16:52:37',NULL),(104,0,5,'Iran','2005-03-22 16:52:37',NULL),(106,215,3,'Karadj Tal','2005-03-22 16:52:37',NULL),(107,218,3,'Churfirsten','2005-03-22 16:52:37',NULL),(109,369,2,'Piz Mezzaun','2005-03-22 16:52:37',NULL),(111,223,2,'Piz la Tschera','2005-03-22 16:52:37',NULL),(113,404,2,'Nieselhorn / Rawilpass','2005-03-22 16:52:37',NULL),(114,100,4,'','2005-03-22 16:52:37',NULL),(115,114,3,'Tyin','2005-03-22 16:52:37',NULL),(116,0,5,'Italien / Schweiz','2005-03-22 16:52:37',NULL),(117,116,4,'Sondrio / Graubuenden','2005-03-22 16:52:37',NULL),(118,117,3,'Chiavenna / Val Bondasca','2005-03-22 16:52:37',NULL),(120,39,2,'Staefa','2005-03-22 16:52:37',NULL),(121,1,4,'Graubuenden','2005-03-22 16:52:37',NULL),(122,369,2,'Piz Nair / Piz Schlattain','2005-03-22 16:52:37',NULL),(123,882,2,'Buergeerstock','2005-03-22 16:52:37',NULL),(124,121,3,'Rheintal','2005-03-22 16:52:37',NULL),(126,875,2,'Salante, Lac de','2005-03-22 16:52:37',NULL),(127,958,3,'Nueziders','2005-03-22 16:52:37',NULL),(129,375,2,'Val Tschitta / Val Rots','2005-03-22 16:52:37',NULL),(130,86,3,'Zentralschweiz','2005-03-22 16:52:37',NULL),(132,1,4,'Wallis','2005-03-22 16:52:37',NULL),(133,104,4,'','2005-03-22 16:52:37',NULL),(134,133,3,'noerdlich des Kandevan-Passes','2005-03-22 16:52:37',NULL),(135,375,2,'Zevretta, Val','2005-03-22 16:52:37',NULL),(143,223,2,'Laschadura, Val','2005-03-22 16:52:37',NULL),(144,783,3,'Ortles','2005-03-22 16:52:37',NULL),(145,121,3,'Zentralostalpin','2005-03-22 16:52:37',NULL),(146,132,3,'Mischabel','2005-03-22 16:52:37',NULL),(147,65,3,'Laegern','2005-03-22 16:52:37',NULL),(148,0,5,'Island','2005-03-22 16:52:37',NULL),(149,896,2,'Lucomagno','2005-03-22 16:52:37',NULL),(151,858,2,'Fluhbirg','2005-03-22 16:52:37',NULL),(152,365,3,'Bernerjura','2005-03-22 16:52:37',NULL),(154,65,3,'Aargauerjura','2005-03-22 16:52:37',NULL),(156,265,2,'Pizzo Molare','2005-03-22 16:52:37',NULL),(157,121,3,'Aroser Rothorn','2005-03-22 16:52:37',NULL),(158,157,2,'Alp Ramoz','2005-03-22 16:52:37',NULL),(159,223,2,'Ofenpass','2005-03-22 16:52:37',NULL),(161,360,3,'Brianza','2005-03-22 16:52:37',NULL),(162,41,3,'Kloental','2005-03-22 16:52:37',NULL),(163,162,2,'Richisau','2005-03-22 16:52:37',NULL),(165,41,3,'Freiberge','2005-03-22 16:52:37',NULL),(167,215,3,'Alamut','2005-03-22 16:52:37',NULL),(174,1,4,'Schwyz','2005-03-22 16:52:37',NULL),(175,132,3,'Goms','2005-03-22 16:52:37',NULL),(176,0,5,'Bhutan','2005-03-22 16:52:37',NULL),(177,0,5,'Pakistan','2005-03-22 16:52:37',NULL),(193,86,3,'Silbern','2005-03-22 16:52:37',NULL),(214,457,2,'Simplonpass','2005-03-22 16:52:37',NULL),(215,104,4,'Elburz','2005-03-22 16:52:37',NULL),(216,223,2,'Chrinn','2005-03-22 16:52:37',NULL),(217,882,2,'Chummehorn','2005-03-22 16:52:37',NULL),(218,1,4,'St. Gallen','2005-03-22 16:52:37',NULL),(219,218,3,'Weisstannantal','2005-03-22 16:52:37',NULL),(221,225,2,'Schilt','2005-03-22 16:52:37',NULL),(222,858,2,'Einsiedeln','2005-03-22 16:52:37',NULL),(223,121,3,'','2005-03-22 16:52:37',NULL),(224,121,3,'Errgruppe','2005-03-22 16:52:37',NULL),(225,41,3,'Glarner Alpen','2005-03-22 16:52:37',NULL),(226,225,2,'Hausstock','2005-03-22 16:52:37',NULL),(227,223,2,'Arosa','2005-03-22 16:52:37',NULL),(228,0,5,'Marocco','2005-03-22 16:52:37',NULL),(229,228,4,'Rif','2005-03-22 16:52:37',NULL),(230,121,3,'Muenstetal','2005-03-22 16:52:37',NULL),(231,230,2,'Piz Turetta','2005-03-22 16:52:37',NULL),(232,369,2,'Bever, Val','2005-03-22 16:52:37',NULL),(233,0,5,'Italia','2005-03-22 16:52:37',NULL),(234,360,3,'Brescia','2005-03-22 16:52:37',NULL),(235,360,3,'Costa, Valle di','2005-03-22 16:52:37',NULL),(256,233,4,'','2005-03-22 16:52:37',NULL),(257,256,3,'Antrona','2005-03-22 16:52:37',NULL),(259,223,2,'Alp Flix','2005-03-22 16:52:37',NULL),(260,121,3,'Adula','2005-03-22 16:52:37',NULL),(262,1,4,'Ticino','2005-03-22 16:52:37',NULL),(263,400,2,'Balerna','2005-03-22 16:52:37',NULL),(264,877,2,'Pilatus','2005-03-22 16:52:37',NULL),(265,262,3,'Leventiva, Val','2005-03-22 16:52:37',NULL),(266,265,2,'Campolungo','2005-03-22 16:52:37',NULL),(267,104,4,'Alburz','2005-03-22 16:52:37',NULL),(268,267,3,'Chalus','2005-03-22 16:52:37',NULL),(269,86,3,'Morcles','2005-03-22 16:52:37',NULL),(270,133,3,'Nain','2005-03-22 16:52:37',NULL),(271,0,5,'Venezuela','2005-03-22 16:52:37',NULL),(272,271,4,'Falcon','2005-03-22 16:52:37',NULL),(273,369,2,'Piz Corvatsch','2005-03-22 16:52:37',NULL),(358,66,4,'Raetikon','2005-03-22 16:52:37',NULL),(360,233,4,'Lombardia','2005-03-22 16:52:37',NULL),(361,360,3,'Iseo, Lago di','2005-03-22 16:52:37',NULL),(362,361,2,'Sarnico','2005-03-22 16:52:37',NULL),(364,154,2,'Villiger Geissberg','2005-03-22 16:52:37',NULL),(365,1,4,'Bern','2005-03-22 16:52:37',NULL),(366,614,3,'','2005-03-22 16:52:37',NULL),(367,366,2,'Oehningen','2005-03-22 16:52:37',NULL),(369,121,3,'Engadin','2005-03-22 16:52:37',NULL),(373,365,3,'Turneralpen','2005-03-22 16:52:37',NULL),(375,121,3,'Albulatal','2005-03-22 16:52:37',NULL),(377,360,3,'Spluga, Monte','2005-03-22 16:52:37',NULL),(378,360,3,'Sondrio','2005-03-22 16:52:37',NULL),(379,378,2,'Chiavenna/Madesimo','2005-03-22 16:52:37',NULL),(381,378,2,'Chiavenna/Mesocco','2005-03-22 16:52:37',NULL),(398,65,3,'','2005-03-22 16:52:37',NULL),(399,398,2,'Othmarsingen','2005-03-22 16:52:37',NULL),(400,262,3,'Magggia, Val','2005-03-22 16:52:37',NULL),(402,21,4,'Kairo','2006-09-14 10:37:53',NULL),(404,365,3,'Berneroberland','2005-03-22 16:52:37',NULL),(407,621,4,'','2005-03-22 16:52:37',NULL),(408,407,3,'','2005-03-22 16:52:37',NULL),(412,778,3,'','2005-03-22 16:52:37',NULL),(417,233,4,'Piemonte','2005-03-22 16:52:37',NULL),(418,417,3,'','2005-03-22 16:52:37',NULL),(419,418,2,'St. Marcel','2005-03-22 16:52:37',NULL),(420,439,3,'Harz','2005-03-22 16:52:37',NULL),(422,420,2,'Samsonerfirst bei St. Andreasberg','2005-03-22 16:52:37',NULL),(430,0,5,'France','2005-03-22 16:52:37',NULL),(431,430,4,'','2005-03-22 16:52:37',NULL),(432,431,3,'Bouches du Rhone','2005-03-22 16:52:37',NULL),(433,432,2,'Les Baux','2005-03-22 16:52:37',NULL),(434,882,2,'Woelfliswyl','2005-03-22 16:52:37',NULL),(435,0,5,'Bolivia','2005-03-22 16:52:37',NULL),(436,435,4,'','2005-03-22 16:52:37',NULL),(438,436,3,'Corocoro','2005-03-22 16:52:37',NULL),(439,9,4,'','2005-03-22 16:52:37',NULL),(440,879,3,'','2005-03-22 16:52:37',NULL),(441,440,2,'Lueneburg','2005-03-22 16:52:37',NULL),(442,9,4,'Sachsen-Anhalt','2005-03-22 16:52:37',NULL),(443,442,3,'Sachsen','2005-03-22 16:52:37',NULL),(444,443,2,'Oberschlema','2005-03-22 16:52:37',NULL),(445,218,3,'Sargans','2005-03-22 16:52:37',NULL),(446,445,2,'Gonzen','2005-03-22 16:52:37',NULL),(448,880,2,'Goslar','2005-03-22 16:52:37',NULL),(449,39,2,'Niederhasli','2005-03-22 16:52:37',NULL),(452,398,2,'Maegenwil','2005-03-22 16:52:37',NULL),(453,369,2,'Piz Julier','2005-03-22 16:52:37',NULL),(454,369,2,'Rosatsch','2005-03-22 16:52:37',NULL),(455,132,3,'Saastal','2005-03-22 16:52:37',NULL),(456,455,2,'Allalingletscher','2005-03-22 16:52:37',NULL),(457,132,3,'','2005-03-22 16:52:37',NULL),(458,457,2,'Arollagletscher','2005-03-22 16:52:37',NULL),(460,223,2,'Theilingen','2005-03-22 16:52:37',NULL),(461,783,3,'Tonale, Passo del','2005-03-22 16:52:37',NULL),(462,98,2,'Marmels','2005-03-22 16:52:37',NULL),(463,114,3,'','2005-03-22 16:52:37',NULL),(464,463,2,'Hitteroe','2005-03-22 16:52:37',NULL),(465,463,2,'Frederiksvaern','2005-03-22 16:52:37',NULL),(466,223,2,'Lej della Tscheppa','2005-03-22 16:52:37',NULL),(467,398,2,'Laufenburg','2005-03-22 16:52:37',NULL),(468,0,5,'United States of America','2005-03-22 16:52:37',NULL),(469,468,4,'','2005-03-22 16:52:37',NULL),(470,469,3,'','2005-03-22 16:52:37',NULL),(471,470,2,'Mt.Lincoln','2005-03-22 16:52:37',NULL),(472,418,2,'Biella','2005-03-22 16:52:37',NULL),(478,262,3,'Lugano, Lago di','2005-03-22 16:52:37',NULL),(479,478,2,'Maroggia','2005-03-22 16:52:37',NULL),(480,478,2,'Melide','2005-03-22 16:52:37',NULL),(482,693,3,'Euganei, Colli','2005-03-22 16:52:37',NULL),(483,482,2,'Ruina Pendice','2005-03-22 16:52:37',NULL),(484,165,2,'Gandstock','2005-03-22 16:52:37',NULL),(486,537,2,'Gozzano','2005-03-22 16:52:37',NULL),(487,223,2,'Sertigpass','2005-03-22 16:52:37',NULL),(488,439,3,'Odenwald','2005-03-22 16:52:37',NULL),(489,488,2,'Eberstadt','2005-03-22 16:52:37',NULL),(490,1,4,'Uri','2005-03-22 16:52:37',NULL),(491,490,3,'Windgaelle (Kleine)','2005-03-22 16:52:37',NULL),(492,614,3,'Schwarzwald','2005-03-22 16:52:37',NULL),(493,492,2,'Albtal','2005-03-22 16:52:37',NULL),(494,407,3,'Schemnitz','2005-03-22 16:52:37',NULL),(495,494,2,'Glashuette','2005-03-22 16:52:37',NULL),(496,614,3,'Heuberg','2005-03-22 16:52:37',NULL),(497,496,2,'Immendingen a.d. Donau','2005-03-22 16:52:37',NULL),(498,262,3,'Monte San Giorgio','2005-03-22 16:52:37',NULL),(518,431,3,'','2005-03-22 16:52:37',NULL),(519,518,2,'Puy de Lusolar','2005-03-22 16:52:37',NULL),(520,578,3,'Napoli','2005-03-22 16:52:37',NULL),(521,520,2,'Vesuvio','2005-03-22 16:52:37',NULL),(522,233,4,'Sicilia','2005-03-22 16:52:37',NULL),(524,525,2,'Vulcanello','2005-03-22 16:52:37',NULL),(525,522,3,'Eolie, Isole','2005-03-22 16:52:37',NULL),(527,431,3,'Auvergne','2005-03-22 16:52:37',NULL),(528,527,2,'Petit Puy de Dome','2005-03-22 16:52:37',NULL),(535,412,2,'Monte Sieva','2005-03-22 16:52:37',NULL),(536,223,2,'Hoehgau','2005-03-22 16:52:37',NULL),(537,360,3,'Agogna, Val','2005-03-22 16:52:37',NULL),(539,1312,2,'Rossberg','2005-03-22 16:52:37',NULL),(540,9,4,'Rheinland-Pfalz','2005-03-22 16:52:37',NULL),(541,540,3,'Eifel','2005-03-22 16:52:37',NULL),(542,541,2,'Seelberg bei Rieden','2005-03-22 16:52:37',NULL),(543,482,2,'Teolo','2005-03-22 16:52:37',NULL),(545,551,2,'Bove, Valle del','2005-03-22 16:52:37',NULL),(546,9,4,'Nordrhein-Westfalen','2005-03-22 16:52:37',NULL),(547,546,3,'Siebengebirge','2005-03-22 16:52:37',NULL),(548,547,2,'Stenzelberg','2005-03-22 16:52:37',NULL),(550,522,3,'Catania','2005-03-22 16:52:37',NULL),(551,522,3,'Etna','2005-03-22 16:52:37',NULL),(552,527,2,'Puy de Graveneire','2005-03-22 16:52:37',NULL),(554,779,2,'Vulcano','2005-03-22 16:52:37',NULL),(555,527,2,'Puy de St. Sairdoux','2005-03-22 16:52:37',NULL),(556,527,2,'Mont Dore','2005-03-22 16:52:37',NULL),(557,408,2,'Abaujer Comitat','2005-03-22 16:52:37',NULL),(558,547,2,'Drachenfels','2005-03-22 16:52:37',NULL),(559,9,4,'Hessen','2005-03-22 16:52:37',NULL),(560,559,3,'','2005-03-22 16:52:37',NULL),(561,560,2,'Fulda','2005-03-22 16:52:37',NULL),(563,882,2,'Rongstock','2005-03-22 16:52:37',NULL),(564,518,2,'Montjoli bei Clermont','2005-03-22 16:52:37',NULL),(571,518,2,'Puy de Dome','2005-03-22 16:52:37',NULL),(572,559,3,'Vogelsgebirge','2005-03-22 16:52:37',NULL),(573,572,2,'Meiches','2005-03-22 16:52:37',NULL),(574,779,2,'Lipari','2005-03-22 16:52:37',NULL),(575,522,3,'Pantelleria, Isola di','2005-03-22 16:52:37',NULL),(576,575,2,'Pantelleria','2005-03-22 16:52:37',NULL),(577,520,2,'Portici','2005-03-22 16:52:37',NULL),(578,233,4,'Campania','2005-03-22 16:52:37',NULL),(579,408,2,'Apathi','2005-03-22 16:52:37',NULL),(580,550,2,'Acireale','2005-03-22 16:52:37',NULL),(581,412,2,'Monte Majo','2005-03-22 16:52:37',NULL),(582,550,2,'Nicolosi','2005-03-22 16:52:37',NULL),(583,520,2,'Ercolano','2005-03-22 16:52:37',NULL),(586,0,5,'Mediterranean Sea','2005-03-22 16:52:37',NULL),(600,121,3,'Mesocco, Val','2005-03-22 16:52:37',NULL),(601,360,3,'Adamello','2005-03-22 16:52:37',NULL),(602,808,2,'Cima di Gagnone','2005-03-22 16:52:37',NULL),(603,121,3,'Calanda','2005-03-22 16:52:37',NULL),(604,66,4,'Tirol','2005-03-22 16:52:37',NULL),(605,604,3,'Silvretta','2005-03-22 16:52:37',NULL),(606,360,3,'Malenco, Val','2005-03-22 16:52:37',NULL),(607,9,4,'Bayern','2005-03-22 16:52:37',NULL),(608,607,3,'Unter Franken','2005-03-22 16:52:37',NULL),(609,608,2,'Strieth bei Aschaffenburg','2005-03-22 16:52:37',NULL),(610,0,5,'Ukraine','2005-03-22 16:52:37',NULL),(611,610,4,'','2005-03-22 16:52:37',NULL),(612,611,3,'','2005-03-22 16:52:37',NULL),(613,612,2,'Tokaj','2005-03-22 16:52:37',NULL),(614,9,4,'Baden-Wuerttemberg','2005-03-22 16:52:37',NULL),(616,366,2,'Urach','2005-03-22 16:52:37',NULL),(617,430,4,'Massif central','2005-03-22 16:52:37',NULL),(618,617,3,'Puy-de-Dome','2005-03-22 16:52:37',NULL),(619,618,2,'Puy de dome','2005-03-22 16:52:37',NULL),(620,618,2,'Mont-joli, Boissejour','2005-03-22 16:52:37',NULL),(621,0,5,'Ungarn','2005-03-22 16:52:37',NULL),(622,621,4,'Abaujer Comit','2005-03-22 16:52:37',NULL),(623,622,3,'Goenoz','2005-03-22 16:52:37',NULL),(624,623,2,'Telki-Banya','2005-03-22 16:52:37',NULL),(628,408,2,'Beregher Comitat','2005-03-22 16:52:37',NULL),(629,518,2,'Boissejour bei Beaumont bei Clermont','2005-03-22 16:52:37',NULL),(631,440,2,'Laach','2005-03-22 16:52:37',NULL),(632,559,3,'Giessen','2005-03-22 16:52:37',NULL),(633,1311,2,'Muenzenberg','2005-03-22 16:52:37',NULL),(635,518,2,'Puy de la Vache','2005-03-22 16:52:37',NULL),(636,618,2,'Gergobiebei, Clermont','2005-03-22 16:52:37',NULL),(637,540,3,'Koblenz','2005-03-22 16:52:37',NULL),(639,442,3,'','2005-03-22 16:52:37',NULL),(640,639,2,'Magdeburg','2005-03-22 16:52:37',NULL),(641,518,2,'Puy de Gravenere','2005-03-22 16:52:37',NULL),(645,520,2,'Pozzuoli','2005-03-22 16:52:37',NULL),(646,468,4,'Colorado','2005-03-22 16:52:37',NULL),(647,646,3,'Denver','2005-03-22 16:52:37',NULL),(648,647,2,'Mount Junction','2005-03-22 16:52:37',NULL),(649,121,3,'Vorderrheintal','2005-03-22 16:52:37',NULL),(650,124,2,'Puntaiglas, Val','2005-03-22 16:52:37',NULL),(651,607,3,'Oberfranken','2005-03-22 16:52:37',NULL),(652,651,2,'Gegend von Bayreuth','2005-03-22 16:52:37',NULL),(653,0,5,'Indonesien','2005-03-22 16:52:37',NULL),(654,653,4,'? (New Guinea)','2005-03-22 16:52:37',NULL),(655,654,3,'','2005-03-22 16:52:37',NULL),(656,655,2,'Strom dell Arso','2005-03-22 16:52:37',NULL),(657,677,2,'Strom dell\'Arso','2005-03-22 16:52:37',NULL),(658,520,2,'Sorrento','2005-03-22 16:52:37',NULL),(659,778,3,'Albani, Colli','2005-03-22 16:52:37',NULL),(660,659,2,'San Gennaro','2005-03-22 16:52:37',NULL),(662,520,2,'Fuori Grotta','2005-03-22 16:52:37',NULL),(663,412,2,'Albano','2005-03-22 16:52:37',NULL),(664,637,2,'Mayen','2005-03-22 16:52:37',NULL),(665,550,2,'Cyclopeninsel','2005-03-22 16:52:37',NULL),(666,632,2,'Langenaubach','2005-03-22 16:52:37',NULL),(667,546,3,'Duesseldorf','2005-03-22 16:52:37',NULL),(668,667,2,'Nettetal','2005-03-22 16:52:37',NULL),(670,525,2,'Basiluzzo, Isola di','2005-03-22 16:52:37',NULL),(671,637,2,'Unkel','2005-03-22 16:52:37',NULL),(672,541,2,'Dreiser-Maar','2005-03-22 16:52:37',NULL),(677,578,3,'Ischia, Isola d\'','2005-03-22 16:52:37',NULL),(678,677,2,'Epomeo','2005-03-22 16:52:37',NULL),(680,767,2,'Hohentwiel','2005-03-22 16:52:37',NULL),(681,366,2,'Singen','2005-03-22 16:52:37',NULL),(682,632,2,'Dillenburg','2005-03-22 16:52:37',NULL),(684,608,2,'Gailbach, Aschaffenburg','2005-03-22 16:52:37',NULL),(685,767,2,'Hofenacker','2005-03-22 16:52:37',NULL),(686,677,2,'zwischen Panza und Soccivo','2005-03-22 16:52:37',NULL),(687,637,2,'Bohltal','2005-03-22 16:52:37',NULL),(688,637,2,'Brohltal','2005-03-22 16:52:37',NULL),(689,0,5,'Portugal','2005-03-22 16:52:37',NULL),(690,689,4,'Estremadura','2005-03-22 16:52:37',NULL),(691,690,3,'Lissabon','2005-03-22 16:52:37',NULL),(692,691,2,'Carnaxide','2005-03-22 16:52:37',NULL),(693,233,4,'Veneto','2005-03-22 16:52:37',NULL),(694,693,3,'Vicenza','2005-03-22 16:52:37',NULL),(695,694,2,'Pian di Valdagno','2005-03-22 16:52:37',NULL),(697,490,3,'Schaechenthal','2005-03-22 16:52:37',NULL),(698,233,4,'Suedosttirol','2005-03-22 16:52:37',NULL),(699,698,3,'Fassa, Val di','2005-03-22 16:52:37',NULL),(700,455,2,'Zermeiggern bei Saas-Almagell','2005-03-22 16:52:37',NULL),(701,604,3,'Seiser Alp','2005-03-22 16:52:37',NULL),(702,701,2,'Frombach, Malais','2005-03-22 16:52:37',NULL),(703,9,4,'Thueringen','2005-03-22 16:52:37',NULL),(704,703,3,'','2005-03-22 16:52:37',NULL),(705,704,2,'Manebach','2005-03-22 16:52:37',NULL),(706,882,2,'Bannalp','2005-03-22 16:52:37',NULL),(707,637,2,'Leilenkopf','2005-03-22 16:52:37',NULL),(708,256,3,'','2005-03-22 16:52:37',NULL),(709,708,2,'zwischen Ariccia und Palazzuolo','2005-03-22 16:52:37',NULL),(710,439,3,'Rheinpreussen','2005-03-22 16:52:37',NULL),(711,710,2,'Niedermenig','2005-03-22 16:52:37',NULL),(712,0,5,'Espana','2005-03-22 16:52:37',NULL),(713,712,4,'Islas Canarias','2005-03-22 16:52:37',NULL),(714,713,3,'Lanzarote','2005-03-22 16:52:37',NULL),(715,714,2,'Yaiza','2005-03-22 16:52:37',NULL),(716,100,4,'Aust-Agder','2005-03-22 16:52:37',NULL),(717,716,3,'','2005-03-22 16:52:37',NULL),(718,717,2,'Arendal','2005-03-22 16:52:37',NULL),(719,430,4,'Ile de France','2005-03-22 16:52:37',NULL),(720,719,3,'','2005-03-22 16:52:37',NULL),(721,720,2,'St. Ouen bei Paris','2005-03-22 16:52:37',NULL),(724,639,2,'Meissen','2005-03-22 16:52:37',NULL),(725,430,4,'Corse','2005-03-22 16:52:37',NULL),(727,360,3,'Maggiore, Lago','2005-03-22 16:52:37',NULL),(728,727,2,'Baveno','2005-03-22 16:52:37',NULL),(729,492,2,'Tiefenstein im Albtal','2005-03-22 16:52:37',NULL),(730,779,2,'Capo Speranello','2005-03-22 16:52:37',NULL),(731,492,2,'Schluechsee','2005-03-22 16:52:37',NULL),(732,0,5,'South Africa','2005-03-22 16:52:37',NULL),(733,732,4,'','2005-03-22 16:52:37',NULL),(734,733,3,'','2005-03-22 16:52:37',NULL),(735,734,2,'Fahlun','2005-03-22 16:52:37',NULL),(736,677,2,'Monte Rotaro','2005-03-22 16:52:37',NULL),(737,0,5,'Tschechische Republik','2005-03-22 16:52:37',NULL),(738,737,4,'Stredocesky Kraj','2005-03-22 16:52:37',NULL),(739,738,3,'Boehmisches Mittelgebirge','2005-03-22 16:52:37',NULL),(740,739,2,'Worhoczfels an der Elbe','2005-03-22 16:52:37',NULL),(741,41,3,'Glarus Gebiet','2005-03-22 16:52:37',NULL),(742,1108,2,'Carlsbach','2005-03-22 16:52:37',NULL),(743,779,2,'Caneto','2005-03-22 16:52:37',NULL),(744,779,2,'Castagna','2005-03-22 16:52:37',NULL),(745,779,2,'Monte Campo Bianco','2005-03-22 16:52:37',NULL),(747,482,2,'Monte Pera','2005-03-22 16:52:37',NULL),(748,739,2,'Mueckenkuebelberg','2005-03-22 16:52:37',NULL),(749,767,2,'Rosenegg bei Ramsen, Hoehgau','2005-03-22 16:52:37',NULL),(750,857,2,'Vals','2005-03-22 16:52:37',NULL),(751,2,3,'Zuerichsee','2005-03-22 16:52:37',NULL),(752,751,2,'Nidelbad','2005-03-22 16:52:37',NULL),(753,767,2,'Welschingen','2005-03-22 16:52:37',NULL),(754,547,2,'Nyagra','2005-03-22 16:52:37',NULL),(755,767,2,'Limburg am Kaiserstuhl','2005-03-22 16:52:37',NULL),(756,767,2,'Hohenstoffeln','2005-03-22 16:52:37',NULL),(757,704,2,'Sturmheide bei Ilmenau','2005-03-22 16:52:37',NULL),(758,608,2,'Aschaffenburg am Main','2005-03-22 16:52:37',NULL),(759,0,5,'Myanmar','2005-03-22 16:52:37',NULL),(760,759,4,'Mon','2005-03-22 16:52:37',NULL),(761,760,3,'','2005-03-22 16:52:37',NULL),(762,761,2,'Bilin','2005-03-22 16:52:37',NULL),(763,443,2,'Rittergut Schmoelen bei Wurzen','2005-03-22 16:52:37',NULL),(764,148,4,'','2005-03-22 16:52:37',NULL),(765,764,3,'','2005-03-22 16:52:37',NULL),(766,765,2,'Hellnakambuz','2005-03-22 16:52:37',NULL),(767,614,3,'Hegau','2005-03-22 16:52:37',NULL),(768,468,4,'Massachusetts','2005-03-22 16:52:37',NULL),(769,768,3,'Suffolk','2005-03-22 16:52:37',NULL),(770,769,2,'Boston','2005-03-22 16:52:37',NULL),(771,734,2,'Siebenbuergen','2005-03-22 16:52:37',NULL),(775,9,4,'Nordwest Siebenbuergen','2005-03-22 16:52:37',NULL),(776,223,2,'Alpe sot Fuina','2005-03-22 16:52:37',NULL),(778,233,4,'Lazio','2005-03-22 16:52:37',NULL),(779,522,3,'Lipari, Isole','2005-03-22 16:52:37',NULL),(783,233,4,'Trentino','2005-03-22 16:52:37',NULL),(784,0,5,'Spanien','2005-03-22 16:52:37',NULL),(785,733,3,'Witwaterstrand-Becken','2005-03-22 16:52:37',NULL),(786,783,3,'Sole, Val di','2005-03-22 16:52:37',NULL),(788,121,3,'Preda','2005-03-22 16:52:37',NULL),(789,177,4,'NE-Pakistan','2005-03-22 16:52:37',NULL),(790,789,3,'Kaghan Valley','2005-03-22 16:52:37',NULL),(807,360,3,'Ossola, Val d\'','2005-03-22 16:52:37',NULL),(808,262,3,'Verzasca, Val','2005-03-22 16:52:37',NULL),(809,808,2,'Ascona','2005-03-22 16:52:37',NULL),(810,896,2,'Fusio','2005-03-22 16:52:37',NULL),(811,604,3,'Zillertal','2005-03-22 16:52:37',NULL),(812,360,3,'Grande, Val','2005-03-22 16:52:37',NULL),(813,360,3,'Pogallo, Val','2005-03-22 16:52:37',NULL),(816,121,3,'Cama, Val','2005-03-22 16:52:37',NULL),(817,121,3,'Leggia, Val','2005-03-22 16:52:37',NULL),(818,849,3,'','2005-03-22 16:52:37',NULL),(819,818,2,'Chatillon','2005-03-22 16:52:37',NULL),(820,818,2,'St. Denis','2005-03-22 16:52:37',NULL),(823,469,3,'Adirondack-Mountains','2005-03-22 16:52:37',NULL),(826,430,4,'Massif Central','2005-03-22 16:52:37',NULL),(827,808,2,'Ganna Rossa','2005-03-22 16:52:37',NULL),(828,223,2,'Piz Grisch','2005-03-22 16:52:37',NULL),(829,121,3,'Surettatal','2005-03-22 16:52:37',NULL),(830,490,3,'Oberalp','2005-03-22 16:52:37',NULL),(831,132,3,'Bagnes, Vallee de','2005-03-22 16:52:37',NULL),(835,233,4,'Toscana','2005-03-22 16:52:37',NULL),(836,835,3,'Elba, Isola di','2005-03-22 16:52:37',NULL),(838,360,3,'Varesotto','2005-03-22 16:52:37',NULL),(839,784,4,'Andalusien','2005-03-22 16:52:37',NULL),(840,839,3,'','2005-03-22 16:52:37',NULL),(841,840,2,'Ojen','2005-03-22 16:52:37',NULL),(842,121,3,'Poschiavo, Val','2005-03-22 16:52:37',NULL),(843,842,2,'Sassalbo','2005-03-22 16:52:37',NULL),(844,262,3,'Bellinzona','2005-03-22 16:52:37',NULL),(845,844,2,'Corno di Gesero','2005-03-22 16:52:37',NULL),(846,265,2,'Pizzo di Claro','2005-03-22 16:52:37',NULL),(847,86,3,'Zentralalpen','2005-03-22 16:52:37',NULL),(849,233,4,'Aosta, Valle d\'','2005-03-22 16:52:37',NULL),(850,849,3,'Ayas, Val d\'','2005-03-22 16:52:37',NULL),(851,121,3,'Bergell','2005-03-22 16:52:37',NULL),(852,121,3,'Bernina','2005-03-22 16:52:37',NULL),(853,121,3,'Forno, Val','2005-03-22 16:52:37',NULL),(857,121,3,'Valsertal','2005-03-22 16:52:37',NULL),(858,174,3,'','2005-03-22 16:52:37',NULL),(860,1,4,'Vaadt','2005-03-22 16:52:37',NULL),(863,0,5,'England','2005-03-22 16:52:37',NULL),(865,260,2,'Muchetta','2005-03-22 16:52:37',NULL),(867,1,4,'Nordwestschweiz','2005-03-22 16:52:37',NULL),(868,1,4,'Ostschweiz','2005-03-22 16:52:37',NULL),(869,174,3,'Drusberg','2005-03-22 16:52:37',NULL),(870,1,4,'Nordostschweiz','2005-03-22 16:52:37',NULL),(875,132,3,'Dent du Midi','2005-03-22 16:52:37',NULL),(877,878,3,'','2005-03-22 16:52:37',NULL),(878,1,4,'Nidwalden','2005-03-22 16:52:37',NULL),(879,9,4,'Niedersachsen','2005-03-22 16:52:37',NULL),(880,879,3,'Braunschweig','2005-03-22 16:52:37',NULL),(881,448,1,'','2005-03-22 16:52:37',NULL),(882,86,3,'','2005-03-22 16:52:37',NULL),(885,434,1,'','2005-03-22 16:52:37',NULL),(896,262,3,'','2005-03-22 16:52:37',NULL),(914,8,3,'Solothurner Jura','2005-03-22 16:52:37',NULL),(915,917,3,'Neuenburger Jura','2005-03-22 16:52:37',NULL),(916,915,2,'Les Brenets','2005-03-22 16:52:37',NULL),(917,1,4,'Neuenburg','2005-03-22 16:52:37',NULL),(918,1,4,'Westliche Praealpen','2005-03-22 16:52:37',NULL),(920,86,3,'Westliche Teate de Ran Kette','2005-03-22 16:52:37',NULL),(921,69,3,'Westeil des Saentisgebirges','2005-03-22 16:52:37',NULL),(922,174,3,'Waeggital und seine westliche Umgebung','2005-03-22 16:52:37',NULL),(924,174,3,'Waeggital und seine oestliche Umgebung','2005-03-22 16:52:37',NULL),(925,41,3,'Glarneralpen','2005-03-22 16:52:37',NULL),(926,1,4,'Westalpen','2005-03-22 16:52:37',NULL),(927,1319,2,'St. Niklaus','2005-03-22 16:52:37',NULL),(928,1318,2,'Rocourt','2005-03-22 16:52:37',NULL),(929,917,3,'Neuenburg - Chaux de Fonds','2005-03-22 16:52:37',NULL),(930,1,4,'St. Gallen/Appenzell','2005-03-22 16:52:37',NULL),(932,218,3,'Thunersee','2005-03-22 16:52:37',NULL),(935,234,2,'Monte S. Bartolomeo di Salo','2005-03-22 16:52:37',NULL),(937,27,2,'Livo, Val di/Mezzola, Lago di','2005-03-22 16:52:37',NULL),(941,132,3,'Obergoms(noerdlich des Griesgletschers)','2005-03-22 16:52:37',NULL),(942,1,4,'Westschweiz','2005-03-22 16:52:37',NULL),(944,218,3,'Pfaefers Ragaz Therme','2005-03-22 16:52:37',NULL),(945,944,2,'Pfaefers','2005-03-22 16:52:37',NULL),(946,174,3,'Rossberg und oestliches Urnerseeufer','2005-03-22 16:52:37',NULL),(947,1,4,'Appenzell - St. Gallen','2005-03-22 16:52:37',NULL),(948,947,3,'Saentisgebirge Ost-Theil','2005-03-22 16:52:37',NULL),(949,1316,2,'Piz Rosegg','2005-03-22 16:52:37',NULL),(950,174,3,'Miten (=Mythen)','2005-03-22 16:52:37',NULL),(951,1,4,'Nord/Sud Profil','2005-03-22 16:52:37',NULL),(952,8,3,'Val St. Imier, Jura','2005-03-22 16:52:37',NULL),(953,0,5,'Mitteleurope (Kontinentteil)','2005-03-22 16:52:37',NULL),(954,953,4,'Alpenregion (gesamt)','2005-03-22 16:52:37',NULL),(955,0,5,'Europe and adjacent areas','2005-03-22 16:52:37',NULL),(956,6,3,'Unterer Haunstein - Schinznach','2005-03-22 16:52:37',NULL),(957,956,2,'Rohr','2005-03-22 16:52:37',NULL),(958,66,4,'Vorarlberg','2005-03-22 16:52:37',NULL),(959,958,3,'Flexenpassgebiet','2005-03-22 16:52:37',NULL),(962,1,4,'Wallis / Ticino','2005-03-22 16:52:37',NULL),(963,0,5,'Liechtenstein','2005-03-22 16:52:37',NULL),(965,215,3,'Karadj-Tal','2005-03-22 16:52:37',NULL),(966,1310,3,'Randen/Generoso','2005-03-22 16:52:37',NULL),(968,86,3,'Fluchbrig','2005-03-22 16:52:37',NULL),(969,1317,2,'Plessur','2005-03-22 16:52:37',NULL),(970,1,4,'Luzern','2005-03-22 16:52:37',NULL),(971,970,3,'Lutherntal','2005-03-22 16:52:37',NULL),(973,262,3,'Balerna - Mendrisio','2005-03-22 16:52:37',NULL),(974,86,3,'Lei Val di - Avers Val','2005-03-22 16:52:37',NULL),(975,41,3,'Glaernisch','2005-03-22 16:52:37',NULL),(976,369,2,'Truphun Val - Cassana Val (GR)','2005-03-22 16:52:37',NULL),(980,369,2,'Piz Lad-Ajuez(Dreil.p.),Schlinig Lin.(GR','2005-03-22 16:52:37',NULL),(982,369,2,'Sent (GR) - Mals (Suedtirol)','2005-03-22 16:52:37',NULL),(983,69,3,'Saentisgebirge Westteil','2005-03-22 16:52:37',NULL),(984,121,3,'Nordoesrlicher Raetikon','2005-03-22 16:52:37',NULL),(985,1,4,'Zentral und Ostschweiz','2005-03-22 16:52:37',NULL),(986,1313,3,'Mesocco/Campodolcino','2005-03-22 16:52:37',NULL),(988,104,4,'Central Alborz','2005-03-22 16:52:37',NULL),(989,988,3,'Heraz Valley (Iran)','2005-03-22 16:52:37',NULL),(990,262,3,'Solda, Val di/ Sanagra, Val','2005-03-22 16:52:37',NULL),(993,100,4,'Jotunheimen','2005-03-22 16:52:37',NULL),(994,993,3,'Turtagre','2005-03-22 16:52:37',NULL),(997,174,3,'Alptal - Aubrig','2005-03-22 16:52:37',NULL),(1000,262,3,'Robiei','2005-03-22 16:52:37',NULL),(1002,121,3,'Monte Spluga','2005-03-22 16:52:37',NULL),(1011,0,5,'Tibet','2005-03-22 16:52:37',NULL),(1012,1011,4,'Gharwal','2005-03-22 16:52:37',NULL),(1013,1012,3,'Balchadura','2005-03-22 16:52:37',NULL),(1014,1011,4,'Kumaon','2005-03-22 16:52:37',NULL),(1015,1014,3,'Col Lebon','2005-03-22 16:52:37',NULL),(1016,365,3,'Gurnigel','2005-03-22 16:52:37',NULL),(1017,439,3,'Allgaeu','2005-03-22 16:52:37',NULL),(1021,896,2,'Castione','2005-03-22 16:52:37',NULL),(1022,970,3,'Soerenberg','2005-03-22 16:52:37',NULL),(1023,41,3,'','2005-03-22 16:52:37',NULL),(1024,1023,2,'Engi','2005-03-22 16:52:37',NULL),(1029,360,3,'Brescianer Alpen','2005-03-22 16:52:37',NULL),(1030,39,2,'Huellistein','2005-03-22 16:52:37',NULL),(1031,86,3,'Raenggloch','2005-03-22 16:52:37',NULL),(1032,39,2,'Hoengg','2005-03-22 16:52:37',NULL),(1033,490,3,'','2005-03-22 16:52:37',NULL),(1034,1033,2,'Erstfeld','2005-03-22 16:52:37',NULL),(1035,41,3,'Krauchtal','2005-03-22 16:52:37',NULL),(1036,1035,2,'Matt','2005-03-22 16:52:37',NULL),(1037,218,3,'Speer','2005-03-22 16:52:37',NULL),(1038,66,4,'','2005-03-22 16:52:37',NULL),(1039,1038,3,'','2005-03-22 16:52:37',NULL),(1040,1039,2,'Maissau','2005-03-22 16:52:37',NULL),(1041,218,3,'Gamsrugg, Churfirsten','2005-03-22 16:52:37',NULL),(1059,518,2,'Marseille','2005-03-22 16:52:37',NULL),(1076,86,3,'Stokberg','2005-03-22 16:52:37',NULL),(1077,86,3,'Steinbach','2005-03-22 16:52:37',NULL),(1078,39,2,'Seebach','2005-03-22 16:52:37',NULL),(1079,86,3,'Ruchberg','2005-03-22 16:52:37',NULL),(1080,1,4,'Friburg','2005-03-22 16:52:37',NULL),(1081,1080,3,'','2005-03-22 16:52:37',NULL),(1082,1081,2,'Zollhaus','2005-03-22 16:52:37',NULL),(1083,174,3,'Gaetterli Pass','2005-03-22 16:52:37',NULL),(1084,1083,2,'Gersau','2005-03-22 16:52:37',NULL),(1085,174,3,'Rigi','2005-03-22 16:52:37',NULL),(1086,121,3,'Buchner Tobel','2005-03-22 16:52:37',NULL),(1087,1086,2,'Lunden','2005-03-22 16:52:37',NULL),(1088,360,3,'Bagolino','2005-03-22 16:52:37',NULL),(1089,1088,2,'Dosso Alto','2005-03-22 16:52:37',NULL),(1091,518,2,'Montarnaud / Herault','2005-03-22 16:52:37',NULL),(1092,8,3,'','2005-03-22 16:52:37',NULL),(1093,1092,2,'Vermes','2005-03-22 16:52:37',NULL),(1094,0,5,'Tuerkei','2005-03-22 16:52:37',NULL),(1095,1094,4,'','2005-03-22 16:52:37',NULL),(1096,1095,3,'Kuzuluk','2005-03-22 16:52:37',NULL),(1097,0,5,'Malta','2005-03-22 16:52:37',NULL),(1108,442,3,'Maissen','2005-03-22 16:52:37',NULL),(1110,86,3,'Seeztal','2005-03-22 16:52:37',NULL),(1111,121,3,'Albulapass','2005-03-22 16:52:37',NULL),(1112,0,5,'Irland','2005-03-22 16:52:37',NULL),(1113,1112,4,'','2005-03-22 16:52:37',NULL),(1114,1113,3,'Killarney','2005-03-22 16:52:37',NULL),(1135,39,2,'Flurlingen','2005-03-22 16:52:37',NULL),(1155,233,4,'Puglia','2005-03-22 16:52:37',NULL),(1156,1155,3,'Gargano','2005-03-22 16:52:37',NULL),(1157,518,2,'Coustouge','2005-03-22 16:52:37',NULL),(1158,430,4,'Aquitaine','2005-03-22 16:52:37',NULL),(1159,86,3,'Gemmeralp','2005-03-22 16:52:37',NULL),(1160,161,2,'Paderno d\'Adda','2005-03-22 16:52:37',NULL),(1161,0,5,'Atlantic Ocean, Mediterranean Sea','2005-03-22 16:52:37',NULL),(1163,0,5,'North Pacific Ocean','2005-03-22 16:52:37',NULL),(1164,0,5,'Mexico','2005-03-22 16:52:37',NULL),(1165,468,4,'Texas','2005-03-22 16:52:37',NULL),(1166,0,5,'Cuba','2005-03-22 16:52:37',NULL),(1167,262,3,'Breggia Schlucht','2005-03-22 16:52:37',NULL),(1168,0,5,'Barbados','2005-03-22 16:52:37',NULL),(1170,0,5,'Daenemark','2005-03-22 16:52:37',NULL),(1171,0,5,'Rumaenien','2005-03-22 16:52:37',NULL),(1172,440,2,'Erlangen','2005-03-22 16:52:37',NULL),(1173,863,4,'Dorset','2005-03-22 16:52:37',NULL),(1174,1173,3,'Isle of White','2005-03-22 16:52:37',NULL),(1175,233,4,'Sardegna','2005-03-22 16:52:37',NULL),(1176,0,5,'Jamaica','2005-03-22 16:52:37',NULL),(1177,0,5,'Trinidad','2005-03-22 16:52:37',NULL),(1178,440,2,'Mainz','2005-03-22 16:52:37',NULL),(1179,0,5,'Yugoslawien','2005-03-22 16:52:37',NULL),(1180,233,4,'Marche','2005-03-22 16:52:37',NULL),(1182,1081,2,'Ancona','2005-03-22 16:52:37',NULL),(1183,262,3,'Mte. Giglio','2005-03-22 16:52:37',NULL),(1184,490,3,'Riemenstaldental','2005-03-22 16:52:37',NULL),(1185,431,3,'Vosges','2005-03-22 16:52:37',NULL),(1186,698,3,'Penser Joch','2005-03-22 16:52:37',NULL),(1187,1201,4,'Zypern','2005-03-22 16:52:37',NULL),(1188,1187,3,'Suedzypern','2005-03-22 16:52:37',NULL),(1189,1038,3,'Rellstal','2005-03-22 16:52:37',NULL),(1190,970,3,'','2005-03-22 16:52:37',NULL),(1191,1190,2,'Soppensee','2005-03-22 16:52:37',NULL),(1192,233,4,'Alto Adige','2005-03-22 16:52:37',NULL),(1193,1192,3,'Suedtirol','2005-03-22 16:52:37',NULL),(1201,0,5,'Griechenland','2005-03-22 16:52:37',NULL),(1202,1201,4,'Kreta','2005-03-22 16:52:37',NULL),(1207,0,5,'Schwarzes Meer','2005-03-22 16:52:37',NULL),(1211,708,2,'Possagno','2005-03-22 16:52:37',NULL),(1213,0,5,'China','2005-03-22 16:52:37',NULL),(1214,431,3,'Val de Jabron','2005-03-22 16:52:37',NULL),(1215,1214,2,'Ventouy-Lure','2005-03-22 16:52:37',NULL),(1227,0,5,'Australia','2005-03-22 16:52:37',NULL),(1228,0,5,'Ecuador','2005-03-22 16:52:37',NULL),(1229,1228,4,'Andes','2005-03-22 16:52:37',NULL),(1230,1229,3,'Cuenca','2005-03-22 16:52:37',NULL),(1231,233,4,'Friuli','2005-03-22 16:52:37',NULL),(1267,1161,4,'Bermuda','2005-03-22 16:52:37',NULL),(1287,233,4,'Abruzzi','2005-03-22 16:52:37',NULL),(1288,1287,3,'Gran Sasso d\'Italia','2005-03-22 16:52:37',NULL),(1307,2,3,'Weiach','2005-03-22 16:52:37',NULL),(1310,1,4,'Jura/Ticino','2005-03-22 16:52:37',NULL),(1311,559,3,'Wetterau','2005-03-22 16:52:37',NULL),(1312,559,3,'Darmstadt','2005-03-22 16:52:37',NULL),(1313,1,4,'Graubuenden/Italia','2005-03-22 16:52:37',NULL),(1314,0,5,'Schweiz/Italia','2005-03-22 16:52:37',NULL),(1315,1314,4,'Graubuenden/Lombardia','2005-03-22 16:52:37',NULL),(1316,1315,3,'Engadin/Veltlin','2005-03-22 16:52:37',NULL),(1317,121,3,'Rhaetikon','2005-03-22 16:52:37',NULL),(1318,8,3,'Bielersee','2005-03-22 16:52:37',NULL),(1319,8,3,'Rheingraben','2005-03-22 16:52:37',NULL),(1321,1,4,'Zuerich/St. Gallen','2005-03-22 16:52:37',NULL),(1322,1023,2,'Linth','2005-03-22 16:52:37',NULL),(1323,398,2,'Baden','2005-03-22 16:52:37',NULL),(1324,882,2,'Voralberg','2005-03-22 16:52:37',NULL),(1328,0,5,'Schweiz/England','2005-03-22 16:52:37',NULL),(1329,233,4,'','2005-03-22 16:52:37',NULL),(1330,1329,3,'','2005-03-22 16:52:37',NULL),(1331,1330,2,'Pianogrande/Pesofalcone/Colle Castellano','2005-03-22 16:52:37',NULL),(1332,1158,3,'','2005-03-22 16:52:37',NULL),(1333,1332,2,'Gan','2005-03-22 16:52:37',NULL),(1334,0,5,'Israel','2005-03-22 16:52:37',NULL),(1335,1334,4,'','2005-03-22 16:52:37',NULL),(1336,1335,3,'','2005-03-22 16:52:37',NULL),(1337,1336,2,'Eilat','2005-03-22 16:52:37',NULL),(1338,1,4,'Thurgau','2005-03-22 16:52:37',NULL),(1339,1338,3,'','2005-03-22 16:52:37',NULL),(1340,1339,2,'Frauenfeld','2005-03-22 16:52:37',NULL),(1341,8,3,'Jura francais','2005-03-22 16:52:37',NULL),(1342,1038,3,'Salzburg','2005-03-22 16:52:37',NULL),(1343,0,5,'Canada','2005-03-22 16:52:37',NULL),(1344,1343,4,'British Columbia','2005-03-22 16:52:37',NULL),(1345,478,2,'Ponte Tresa','2005-03-22 16:52:37',NULL),(1346,882,2,'Oeninge','2005-03-22 16:52:37',NULL),(1347,0,5,'Egypte','2005-03-22 16:52:37',NULL),(1348,1,4,'Aargau; Zuerich','2005-03-22 16:52:37',NULL),(1349,1348,3,'Aargauer Jura','2005-03-22 16:52:37',NULL),(1350,86,3,'Alpen','2005-03-22 16:52:37',NULL),(1351,1,4,'Neuchatel','2005-03-22 16:52:37',NULL),(1352,0,5,'Varia','2005-03-22 16:52:37',NULL),(1353,0,5,'U.S.A.','2005-03-22 16:52:37',NULL),(1354,66,4,'Salzburger Land','2005-03-22 16:52:37',NULL),(1355,970,3,'Baldeggersee','2005-03-22 16:52:37',NULL),(1356,218,3,'Obertoggenburg','2005-03-22 16:52:37',NULL),(1357,1356,2,'Nesslau','2005-03-22 16:52:37',NULL),(1358,1357,1,'731\'900/234\'435','2005-03-22 16:52:37',NULL),(1359,6,3,'Buecherberg','2005-03-22 16:52:37',NULL),(1360,439,3,'','2005-03-22 16:52:37',NULL),(1361,1360,2,'Saarbruecken','2005-03-22 16:52:37',NULL),(1362,86,3,'Wesenberg','2005-03-22 16:52:37',NULL),(1363,2,3,'Gossau','2005-03-22 16:52:37',NULL),(1364,2,3,'Schlieren','2005-03-22 16:52:37',NULL),(1365,1364,2,'Feldstrasse','2005-03-22 16:52:37',NULL),(1366,751,2,'Baech','2005-03-22 16:52:37',NULL),(1367,1353,4,'Hawaii','2005-03-22 16:52:37',NULL),(1368,1202,3,'Iarapetra','2005-03-22 16:52:37',NULL),(1369,1368,2,'Makrilia','2005-03-22 16:52:37',NULL),(1375,0,5,'Ungarn/Schweiz','2005-03-22 16:52:37',NULL),(1376,0,5,'Diverse','2005-03-22 16:52:37',NULL),(1377,430,4,'Hautes-Alpes','2005-03-22 16:52:37',NULL),(1378,1377,3,'Pelvoux Massif','2005-03-22 16:52:37',NULL),(1379,607,3,'Solnhofen','2005-03-22 16:52:37',NULL),(1380,398,2,'Herznach','2005-03-22 16:52:37',NULL),(1381,9,4,'Wueternberg','2005-03-22 16:52:37',NULL),(1382,1,4,'Glarus','2005-03-22 16:52:37',NULL),(1383,86,3,'Helvetikum','2005-03-22 16:52:37',NULL),(1384,860,3,'','2005-03-22 16:52:37',NULL),(1385,1384,2,'St. Croix','2005-03-22 16:52:37',NULL),(1386,1384,2,'Arzier','2005-03-22 16:52:37',NULL),(1387,1351,3,'','2005-03-22 16:52:37',NULL),(1388,1387,2,'Cressier','2005-03-22 16:52:37',NULL),(1389,693,3,'','2005-03-22 16:52:37',NULL),(1390,1389,2,'Bolca','2005-03-22 16:52:37',NULL),(1391,1384,2,'Anzeindaz','2005-03-22 16:52:37',NULL),(1392,1387,2,'Landeron','2005-03-22 16:52:37',NULL),(1393,177,4,'Hazara','2005-03-22 16:52:37',NULL),(1394,177,4,'Swat','2005-03-22 16:52:37',NULL),(1395,39,2,'Elgg','2005-03-22 16:52:37',NULL),(1396,970,3,'Finstersee','2005-03-22 16:52:37',NULL),(1397,398,2,'Wuerenlos','2005-03-22 16:52:37',NULL),(1398,1,4,'Aargau / Zuerich','2005-03-22 16:52:37',NULL),(1399,365,3,'','2005-03-22 16:52:37',NULL),(1400,1399,2,'Belpberg','2005-03-22 16:52:37',NULL),(1401,1,4,'Bern / Jura','2005-03-22 16:52:37',NULL),(1402,1387,2,'Chaux-de-Fonds','2005-03-22 16:52:37',NULL),(1403,1,4,'Neuchatel / Aargau / Basel','2005-03-22 16:52:37',NULL),(1404,1,4,'Turgau / Solothurn','2005-03-22 16:52:37',NULL),(1405,39,2,'Kaepfnach','2005-03-22 16:52:37',NULL),(1406,882,2,'Vierwaldstaettersee','2005-03-22 16:52:37',NULL),(1407,1314,4,'','2005-03-22 16:52:37',NULL),(1408,1407,3,'','2005-03-22 16:52:37',NULL),(1409,1408,2,'Matterhorn','2005-03-22 16:52:37',NULL),(1410,457,2,'Zermatt','2005-03-22 16:52:37',NULL),(1411,882,2,'Urnersee','2005-03-22 16:52:37',NULL),(1412,882,2,'Oberengadin und Bernina','2005-03-22 16:52:37',NULL),(1413,882,2,'Diablerets/Alpes Vaudoises','2005-03-22 16:52:37',NULL),(1414,86,3,'Sustenpass, Titlis, Sustenhorn','2005-03-22 16:52:37',NULL),(1415,1,4,'Baselland','2005-03-22 16:52:37',NULL),(1416,1415,3,'Basel','2005-03-22 16:52:37',NULL),(1417,86,3,'Mythen','2005-03-22 16:52:37',NULL),(1418,86,3,'Murtschenstock','2005-03-22 16:52:37',NULL),(1419,1407,3,'Matterhorngipfel','2005-03-22 16:52:37',NULL),(1420,121,3,'Lenzerheide','2005-03-22 16:52:37',NULL),(1421,1382,3,'','2005-03-22 16:52:37',NULL),(1422,1421,2,'Elm','2005-03-22 16:52:37',NULL),(1423,86,3,'Fluhberg','2005-03-22 16:52:37',NULL),(1424,121,3,'Ducankette','2005-03-22 16:52:37',NULL),(1433,649,2,'Garvera','2005-03-22 16:52:37',NULL),(1434,8,3,'Jurazug','2005-03-22 16:52:37',NULL),(1435,430,4,'Provence','2005-03-22 16:52:37',NULL),(1436,430,4,'','2005-03-22 16:52:37',NULL),(1437,1436,3,'Franzoesische Jura','2005-03-22 16:52:37',NULL),(1438,121,3,'Val Puntaigles und Val Gliems','2005-03-22 16:52:37',NULL),(1439,86,3,'Lochseite bei Schwanden','2005-03-22 16:52:37',NULL),(1440,132,3,'Leukerbad','2005-03-22 16:52:37',NULL),(1441,783,3,'Giudicarie','2005-03-22 16:52:37',NULL),(1442,360,3,'Veltlin','2005-03-22 16:52:37',NULL),(1443,1442,2,'Mortirolo Pass','2005-03-22 16:52:37',NULL),(1444,86,3,'Lochseiten','2005-03-22 16:52:37',NULL),(1445,490,3,'Klausenpass','2005-03-22 16:52:37',NULL),(1446,365,3,'Haslital','2005-03-22 16:52:37',NULL),(1447,1446,2,'Pfaffenkopf','2005-03-22 16:52:37',NULL),(1448,863,4,'Schottland','2005-03-22 16:52:37',NULL),(1449,1448,3,'Loch Monar','2005-03-22 16:52:37',NULL),(1450,417,3,'Val Sesia','2005-03-22 16:52:37',NULL),(1451,607,3,'Ries','2005-03-22 16:52:37',NULL),(1452,1451,2,'Noerdlingen','2005-03-22 16:52:37',NULL),(1453,733,3,'Vredefat Dome','2005-03-22 16:52:37',NULL),(1454,863,4,'North Wales','2005-03-22 16:52:37',NULL),(1455,1454,3,'Capel Curig','2005-03-22 16:52:37',NULL),(1456,490,3,'Windgaellen','2005-03-22 16:52:37',NULL),(1457,1456,2,'Ribiboden','2005-03-22 16:52:37',NULL),(1458,86,3,'Wildhorn','2005-03-22 16:52:37',NULL),(1459,0,5,'varia','2005-03-22 16:52:37',NULL),(1460,132,3,'Leytron','2005-03-22 16:52:37',NULL),(1461,860,3,'Les Diablerets','2005-03-22 16:52:37',NULL),(1462,430,4,'Bretagne','2005-03-22 16:52:37',NULL),(1463,1462,3,' Lescastel Quarry','2005-03-22 16:52:37',NULL),(1466,417,3,'Simplon','2005-03-22 16:52:37',NULL),(1467,1466,2,'Antigorio','2005-03-22 16:52:37',NULL),(1468,417,3,'Val d\'Ossola','2005-03-22 16:52:37',NULL),(1469,1287,3,'Maiella','2005-03-22 16:52:37',NULL),(1473,0,5,'Atlantic Ocean','2005-03-22 16:52:37',NULL),(1474,1012,3,'AAAAAAAAAAAAAAAA','2005-09-27 08:53:39',210),(1475,2,3,'','2005-09-28 14:10:51',1),(1476,1475,2,'Wetzikon','2005-09-28 14:10:51',1),(1477,218,3,'','2005-09-28 14:47:59',1),(1478,1477,2,'Dürnten','2005-09-28 14:47:59',1),(1479,689,4,'','2005-09-30 12:33:31',1),(1480,1479,3,'Algarve','2005-09-30 12:33:31',1),(1481,1228,4,'Catamayo','2005-09-30 13:26:21',1),(1482,1382,3,'Flumserberge','2005-09-30 13:33:54',1),(1483,360,3,'Como','2005-09-30 13:47:30',1),(1484,1483,2,'Gravedona','2005-09-30 13:47:30',1),(1486,124,2,'Bachtobel','2006-06-13 14:04:43',1),(1487,1,4,'San Gallen und Appenzell','2006-06-14 09:21:45',1),(1488,100,4,'Finnmark Fylke','2007-05-08 11:09:02',1),(1489,1488,3,'Alta','2007-05-08 11:09:02',1),(1490,1489,2,'Raipas hills,','2007-05-08 11:09:02',1),(1491,9,4,'S-Baden','2007-05-21 07:37:37',1),(1492,1491,3,'Wangen am Untersee','2007-05-21 07:37:37',1);

--
-- Table structure for table `herkunft_typ`
--

CREATE TABLE `herkunft_typ` (
  `id_herkunft_typ` int(11) unsigned NOT NULL auto_increment,
  `herkunft` varchar(20) collate latin1_german2_ci NOT NULL default '',
  `position` int(10) unsigned default NULL,
  `lastdate` timestamp NOT NULL default CURRENT_TIMESTAMP on update CURRENT_TIMESTAMP,
  `id_benutzer` int(11) default NULL,
  PRIMARY KEY  (`id_herkunft_typ`)
) ENGINE=MyISAM AUTO_INCREMENT=6 DEFAULT CHARSET=latin1 COLLATE=latin1_german2_ci;

--
-- Dumping data for table `herkunft_typ`
--

INSERT INTO `herkunft_typ` VALUES (1,'Fundkoordinate',1,'2005-09-29 08:53:52',NULL),(2,'Fundort',2,'2005-09-29 08:53:52',NULL),(3,'Fundgebiet',3,'2005-09-29 08:53:52',NULL),(4,'Region/Kant./Distr.',4,'2005-09-29 08:53:52',NULL),(5,'Fundland',5,'2005-09-29 08:53:52',NULL);

--
-- Table structure for table `kategorie_haupt`
--

CREATE TABLE `kategorie_haupt` (
  `id_kategorie_haupt` int(11) unsigned NOT NULL auto_increment,
  `kategorie_haupt` char(30) collate latin1_german2_ci NOT NULL default '',
  `lastdate` timestamp NOT NULL default CURRENT_TIMESTAMP on update CURRENT_TIMESTAMP,
  `id_benutzer` int(11) default NULL,
  PRIMARY KEY  (`id_kategorie_haupt`)
) ENGINE=MyISAM AUTO_INCREMENT=19 DEFAULT CHARSET=latin1 COLLATE=latin1_german2_ci;

--
-- Dumping data for table `kategorie_haupt`
--

INSERT INTO `kategorie_haupt` VALUES (1,'Belegsammlung','2005-03-22 16:52:57',NULL),(2,'Bohrkerne','2005-03-22 16:52:57',NULL),(3,'Abbildungsoriginale','2005-03-22 16:05:00',NULL),(4,'Dünnschliffsammlung','2005-07-11 18:50:59',NULL),(5,'Gesteine','2005-03-22 16:52:57',NULL),(6,'Graphiken','2005-03-22 16:52:57',NULL),(7,'Karten','2005-03-22 16:52:57',NULL),(8,'Lehrsammlung','2005-03-22 16:52:57',NULL),(9,'Mikropaläontologie','2005-07-14 13:04:00',NULL),(10,'Paläobotanik','2005-07-11 18:51:45',NULL),(11,'Paläozoologie','2005-07-11 18:51:30',NULL),(12,'Regionalsammlung','2005-03-22 16:52:57',NULL),(13,'Stratigraphische Sammlung','2005-03-22 16:52:57',NULL),(14,'Tunnel','2005-03-22 16:52:57',NULL),(16,'Relief','2005-03-22 16:52:57',NULL),(18,'Andere Sammlungen','2006-03-09 11:10:13',1);

--
-- Table structure for table `kategorie_spez`
--

CREATE TABLE `kategorie_spez` (
  `id_kategorie_spez` int(11) unsigned NOT NULL auto_increment,
  `id_kategorie_haupt` int(11) unsigned NOT NULL default '0',
  `kategorie_spez` varchar(40) collate latin1_german2_ci NOT NULL default '',
  `lastdate` timestamp NOT NULL default CURRENT_TIMESTAMP on update CURRENT_TIMESTAMP,
  `id_benutzer` int(11) default NULL,
  PRIMARY KEY  (`id_kategorie_spez`)
) ENGINE=MyISAM AUTO_INCREMENT=333 DEFAULT CHARSET=latin1 COLLATE=latin1_german2_ci;

--
-- Dumping data for table `kategorie_spez`
--

INSERT INTO `kategorie_spez` VALUES (1,1,'Abbildungsoriginale','2005-03-22 16:53:02',NULL),(2,1,'Autoren','2005-03-22 16:53:02',NULL),(3,1,'Diplom','2005-03-22 16:53:02',NULL),(4,1,'Dissertation','2005-03-22 16:53:02',NULL),(5,1,'Exkursionen','2005-03-22 16:53:02',NULL),(6,1,'Projekte','2005-03-22 16:53:02',NULL),(7,1,'Spezialsammlungen','2005-03-22 16:53:02',NULL),(8,1,'andere Belegsammlungen','2005-03-22 16:53:02',NULL),(9,2,'Limnologie','2005-03-22 16:53:02',NULL),(10,2,'andere Bohrkerne','2005-03-22 16:53:02',NULL),(11,3,'Modern','2005-04-12 19:03:50',NULL),(12,3,'Alte Glasdias','2005-03-22 16:53:02',NULL),(13,3,'andere Dias','2005-03-22 16:53:02',NULL),(14,4,'Diplom','2005-03-22 16:53:02',NULL),(15,4,'Dissertation','2005-03-22 16:53:02',NULL),(16,4,'Projekte','2005-03-22 16:53:02',NULL),(17,4,'andere Duennschliffe','2005-03-22 16:53:02',NULL),(18,5,'Magmatische','2005-03-22 16:53:02',NULL),(19,5,'Metamorphe','2005-03-22 16:53:02',NULL),(20,5,'Sedimente','2005-03-22 16:53:02',NULL),(21,5,'Strukturen','2005-03-22 16:53:02',NULL),(22,5,'Vulkanische','2005-03-22 16:53:02',NULL),(23,5,'Stratigraphic/Regional','2006-02-14 10:48:28',NULL),(24,6,'Alte Ausstellungen','2005-03-22 16:53:02',NULL),(25,6,'Bilder','2005-03-22 16:53:02',NULL),(26,6,'Filme','2005-03-22 16:53:02',NULL),(27,6,'Zeichnungen','2005-03-22 16:53:02',NULL),(28,6,'andere Graphiken','2005-03-22 16:53:02',NULL),(29,7,'Historische','2005-03-22 16:53:02',NULL),(30,7,'Moderne','2005-03-22 16:53:02',NULL),(31,7,'Handgemalte Vorlesungstafeln','2005-03-22 16:53:02',NULL),(32,7,'andere Karten','2005-03-22 16:53:02',NULL),(326,5,'Bituminöse Gesteine','2006-03-21 12:22:37',1),(34,8,'Grundzuege Erdw.','2005-03-22 16:53:02',NULL),(35,8,'Ingenieurgeologie','2005-03-22 16:53:02',NULL),(36,8,'Mikropalaeontologie','2005-03-22 16:53:02',NULL),(37,8,'Palaeobotanik','2005-03-22 16:53:02',NULL),(38,8,'Pruefung','2005-03-22 16:53:02',NULL),(39,8,'Sedimentologie','2005-03-22 16:53:02',NULL),(40,8,'Strukturgeologie','2005-03-22 16:53:02',NULL),(41,8,'andere Lehrsammlungen','2005-03-22 16:53:02',NULL),(42,9,'Algen','2005-03-22 16:53:02',NULL),(43,9,'Calpionellen','2005-03-22 16:53:02',NULL),(44,9,'Diatomeen','2005-03-22 16:53:02',NULL),(45,9,'Foraminiferen (benthonisch)','2005-03-22 16:53:02',NULL),(46,9,'Foraminiferen (planktonisch)','2005-03-22 16:53:02',NULL),(47,9,'Nannofossilien','2005-03-22 16:53:02',NULL),(48,9,'Ostrakoden','2005-03-22 16:53:02',NULL),(49,9,'Radiolarien','2005-03-22 16:53:02',NULL),(50,9,'Silicoflagellaten','2005-03-22 16:53:02',NULL),(51,9,'Pteropoden','2005-03-22 16:53:02',NULL),(52,9,'Palynomorphe','2006-02-15 10:46:03',NULL),(311,9,'','2006-02-16 08:44:33',1),(54,9,'Typlokalitaeten','2005-03-22 16:53:02',NULL),(77,11,'Rhizopoda','2005-03-22 16:53:02',NULL),(78,11,'Ciliata','2005-03-22 16:53:02',NULL),(79,11,'Protista incertae sedis: Calpionellidea','2005-03-22 16:53:02',NULL),(80,11,'Porifera (Spongia)','2005-03-22 16:53:02',NULL),(81,11,'Demospongea','2005-03-22 16:53:02',NULL),(82,11,'Hexactinellida','2005-03-22 16:53:02',NULL),(83,11,'Calcispongea (Calcarea)','2005-03-22 16:53:02',NULL),(84,11,'Sclerospongiae','2005-03-22 16:53:02',NULL),(85,11,'Archaeocyatha','2005-03-22 16:53:02',NULL),(86,11,'Cnidaria','2005-03-22 16:53:02',NULL),(87,11,'Hydrozoa','2005-03-22 16:53:02',NULL),(88,11,'Scyphozoa','2005-03-22 16:53:02',NULL),(89,11,'Anthozoa','2005-03-22 16:53:02',NULL),(90,11,'Tentaculata','2005-03-22 16:53:02',NULL),(91,11,'Phoronida','2005-03-22 16:53:02',NULL),(92,11,'Bryozoa','2005-03-22 16:53:02',NULL),(93,11,'Brachiopoda','2005-03-22 16:53:02',NULL),(94,11,'Mollusca','2005-03-22 16:53:02',NULL),(95,11,'Aplacophora (Solenogastres)','2005-03-22 16:53:02',NULL),(96,11,'Polyplacophora','2005-03-22 16:53:02',NULL),(97,11,'Monoplacophora','2005-03-22 16:53:02',NULL),(98,11,'Gastropoda','2005-03-22 16:53:02',NULL),(99,11,'Scaphopoda','2005-03-22 16:53:02',NULL),(100,11,'Bivalvia (Lamellibranchia)','2005-03-22 16:53:02',NULL),(101,11,'Cephalopoda','2005-03-22 16:53:02',NULL),(102,11,'Mollusca incertae sedis','2005-03-22 16:53:02',NULL),(103,11,'Tentaculitoidea','2005-03-22 16:53:02',NULL),(104,11,'Calyptoptomatida','2005-03-22 16:53:02',NULL),(105,11,'Annelida','2005-03-22 16:53:02',NULL),(106,11,'Protarthropoda','2005-03-22 16:53:02',NULL),(107,11,'Arthropoda','2005-03-22 16:53:02',NULL),(108,11,'Trilobita','2005-03-22 16:53:02',NULL),(109,11,'Merostomata','2005-03-22 16:53:02',NULL),(110,11,'Arachnida','2005-03-22 16:53:02',NULL),(111,11,'Pantopoda','2005-03-22 16:53:02',NULL),(112,11,'Crustacea','2005-03-22 16:53:02',NULL),(113,11,'Myriapoda','2005-03-22 16:53:02',NULL),(114,11,'Insecta (Hexapoden)','2005-03-22 16:53:02',NULL),(115,11,'Echinodermata','2005-03-22 16:53:02',NULL),(116,11,'Eocrinoidea','2005-03-22 16:53:02',NULL),(117,11,'Cystoidea','2005-03-22 16:53:02',NULL),(118,11,'Blastoidea','2005-03-22 16:53:02',NULL),(119,11,'Paracrinoidea','2005-03-22 16:53:02',NULL),(120,11,'Crinoidea','2005-03-22 16:53:02',NULL),(121,11,'Stelleroidea','2005-03-22 16:53:02',NULL),(122,11,'Edrioastroidea','2005-03-22 16:53:02',NULL),(123,11,'Echinoidea','2005-03-22 16:53:02',NULL),(124,11,'Helicoplacoidea','2005-03-22 16:53:02',NULL),(125,11,'Ophiocistioidea','2005-03-22 16:53:02',NULL),(126,11,'Cyclocystoidea','2005-03-22 16:53:02',NULL),(127,11,'Holothuroidea','2005-03-22 16:53:02',NULL),(128,11,'Hemichordata (Branchiotremata)','2005-03-22 16:53:02',NULL),(129,11,'Pterobranchia','2005-03-22 16:53:02',NULL),(130,11,'Graptolithina','2005-03-22 16:53:02',NULL),(131,11,'Conodonta','2005-03-22 16:53:02',NULL),(132,11,'Ichnia','2005-03-22 16:53:02',NULL),(133,11,'Chordata','2005-03-22 16:53:02',NULL),(134,11,'Agnatha','2005-03-22 16:53:02',NULL),(135,11,'Gnathostomata','2005-03-22 16:53:02',NULL),(136,11,'Placodermi','2005-03-22 16:53:02',NULL),(137,11,'Chondrichthyes','2005-03-22 16:53:02',NULL),(138,11,'Acanthodii','2005-03-22 16:53:02',NULL),(139,11,'Osteichthyes','2005-03-22 16:53:02',NULL),(140,11,'Amphibia','2005-03-22 16:53:02',NULL),(141,11,'Reptilia','2005-03-22 16:53:02',NULL),(142,11,'Aves','2005-03-22 16:53:02',NULL),(143,11,'Mammalia','2005-03-22 16:53:02',NULL),(144,13,'Phanerozoikum','2005-03-22 16:53:02',NULL),(145,13,'Cenozoikum','2005-03-22 16:53:02',NULL),(146,13,'Quartär','2005-07-11 18:56:49',NULL),(147,13,'Holozän','2005-07-11 18:54:01',NULL),(148,13,'Pleistozän','2005-07-11 19:04:01',NULL),(149,13,'Neogen','2005-03-22 16:53:02',NULL),(150,13,'Pliozän','2005-07-11 19:04:30',NULL),(151,13,'Miozän','2005-07-11 18:54:25',NULL),(152,13,'Paläogen','2005-07-11 19:03:24',NULL),(153,13,'Oligozän','2005-07-11 19:01:52',NULL),(154,13,'Eozän','2005-07-11 18:53:43',NULL),(155,13,'Paleozän','2005-07-11 19:02:26',NULL),(156,13,'Mesozoikum','2005-03-22 16:53:02',NULL),(157,13,'Kreide','2005-03-22 16:53:02',NULL),(158,13,'Obere Kreide','2005-03-22 16:53:02',NULL),(159,13,'Untere Kreide','2005-03-22 16:53:02',NULL),(160,13,'Jura','2005-03-22 16:53:02',NULL),(161,13,'Oberer Jura','2005-03-22 16:53:02',NULL),(162,13,'Mittlerer Jura','2005-03-22 16:53:02',NULL),(163,13,'Unterer Jura','2005-03-22 16:53:02',NULL),(164,13,'Trias','2005-03-22 16:53:02',NULL),(165,13,'Obere Trias','2005-03-22 16:53:02',NULL),(166,13,'Mittlere Trias','2005-03-22 16:53:02',NULL),(167,13,'Untere Trias','2005-03-22 16:53:02',NULL),(168,13,'Oberes Paläozoikum','2005-07-11 19:01:23',NULL),(169,13,'Perm','2005-03-22 16:53:02',NULL),(170,13,'Oberes Perm','2005-03-22 16:53:02',NULL),(171,13,'Unteres Perm','2005-03-22 16:53:02',NULL),(172,13,'Karbon','2005-03-22 16:53:02',NULL),(173,13,'Stephanian','2005-03-22 16:53:02',NULL),(174,13,'Westphalian','2005-03-22 16:53:02',NULL),(175,13,'Namurian','2005-03-22 16:53:02',NULL),(176,13,'Visean','2005-03-22 16:53:02',NULL),(177,13,'Tournaisian','2005-03-22 16:53:02',NULL),(178,13,'Devon','2005-03-22 16:53:02',NULL),(179,13,'Oberes Devon','2005-03-22 16:53:02',NULL),(180,13,'Mittleres Devon','2005-03-22 16:53:02',NULL),(181,13,'Unteres Devon','2005-03-22 16:53:02',NULL),(182,13,'Unteres Paläozoikum','2005-07-11 18:58:30',NULL),(183,13,'Silur','2005-03-22 16:53:02',NULL),(184,13,'Pridoli','2005-03-22 16:53:02',NULL),(185,13,'Ludlow','2005-03-22 16:53:02',NULL),(186,13,'Wenlock','2005-03-22 16:53:02',NULL),(187,13,'Llandovery','2005-03-22 16:53:02',NULL),(188,13,'Ordovic','2005-03-22 16:53:02',NULL),(189,13,'Ashgill','2005-03-22 16:53:02',NULL),(190,13,'Caradoc','2005-03-22 16:53:02',NULL),(191,13,'Llandeilollanvirni','2005-03-22 16:53:02',NULL),(192,13,'Arenig','2005-03-22 16:53:02',NULL),(193,13,'Tremadoc','2005-03-22 16:53:02',NULL),(194,13,'Kambrium','2005-03-22 16:53:02',NULL),(195,13,'Oberes Kambrium','2005-03-22 16:53:02',NULL),(196,13,'Mittleres Kambrium','2005-03-22 16:53:02',NULL),(197,13,'Unteres Kambrium','2005-03-22 16:53:02',NULL),(198,13,'Proterozoikum','2005-03-22 16:53:02',NULL),(199,13,'Neoproterozoikum','2005-03-22 16:53:02',NULL),(200,13,'Terminal Proterozoikum','2005-03-22 16:53:02',NULL),(201,13,'Cryogenian','2005-03-22 16:53:02',NULL),(202,13,'Tonian','2005-03-22 16:53:02',NULL),(203,13,'Mesoproterozoikum','2005-03-22 16:53:02',NULL),(204,13,'Stenian','2005-03-22 16:53:02',NULL),(205,13,'Ectasian','2005-03-22 16:53:02',NULL),(206,13,'Calymmian','2005-03-22 16:53:02',NULL),(207,13,'Paläoproterozoikum','2005-07-11 19:02:56',NULL),(208,13,'Statherian','2005-03-22 16:53:02',NULL),(209,13,'Orosirianian','2005-03-22 16:53:02',NULL),(210,13,'Rhyacian','2005-03-22 16:53:02',NULL),(211,13,'Siderian','2005-03-22 16:53:02',NULL),(212,14,'Tunnel','2005-03-22 16:53:02',NULL),(215,16,'Relief','2005-03-22 16:53:02',NULL),(221,1,'Mikropalaeontologie','2005-03-22 16:53:02',NULL),(263,1,'Publikationen','2005-03-22 16:53:02',NULL),(269,10,'Oehningen','2005-03-22 16:53:02',NULL),(271,16,'Topographisches Relief','2005-03-22 16:53:02',NULL),(278,16,'Geologisches Relief','2005-03-22 16:53:02',NULL),(283,10,'Weiach-Bohrung','2005-03-22 16:53:02',NULL),(288,9,'Autoren','2005-03-22 16:53:02',NULL),(290,13,'Tertiär','2005-07-11 18:57:26',NULL),(296,13,'Untere Süsswassermolasse','2005-07-11 19:05:11',NULL),(298,13,'Obere Meeresmolasse','2005-03-22 16:53:02',NULL),(300,13,'Obere Süsswassermolasse','2005-07-11 18:55:02',NULL),(301,10,'Fundstellen','2005-08-31 07:50:39',1),(302,5,'Erratika','2005-08-31 10:59:50',1),(303,5,'Allgemeine Stratigraphie (ex Trümpy)','2005-08-31 14:04:38',1),(304,8,'Geologie der Schweiz','2005-09-05 08:56:13',1),(305,12,'Himalaya','2005-10-06 14:00:03',1),(306,12,'British Guayana','2005-12-19 14:42:24',1),(307,12,'Iran','2005-12-19 15:00:48',1),(308,12,'Colombia','2005-12-19 15:03:49',1),(309,12,'Grönland','2005-12-20 11:56:43',1),(310,12,'Afghanistan','2005-12-20 12:09:25',1),(312,9,'Europ.Micropal.Coll. & andere Colloquia','2006-02-16 11:11:06',1),(314,18,'Varia','2006-03-09 11:11:19',1),(316,13,'Ammoniten','2006-03-09 11:37:15',1),(317,18,'Ausstellung E-Stock','2006-03-10 08:34:06',1),(318,18,'Ausstellung F-Stock','2006-03-10 13:34:53',1),(319,18,'Ausstellung C-Stock','2006-03-13 11:08:15',1),(320,8,'Allgemeine Stratigraphie (ex Trümpy)','2006-03-13 12:26:29',1),(321,12,'Argentinien','2006-03-14 09:34:02',1),(322,8,'Stratigraphie/Fossilien','2006-03-14 13:52:46',1),(323,18,'Aktualismus','2006-03-20 12:20:50',1),(324,18,'Archiv','2006-03-21 13:22:26',1),(325,8,'Verwitterungserscheinungen','2006-03-20 13:47:49',1),(327,5,'','2006-03-21 13:01:48',1),(328,8,'Demonstrationsammlungen/Didaktische Vitr','2006-03-21 13:02:32',1),(329,8,'','2006-03-21 13:21:01',1),(331,12,'Norwegen','2006-03-27 10:40:47',1),(332,12,'Frankreich','2006-03-27 10:42:15',1);

--
-- Table structure for table `lithologie`
--

CREATE TABLE `lithologie` (
  `id_lithologie` int(11) unsigned NOT NULL auto_increment,
  `lithologie` varchar(40) collate latin1_german2_ci NOT NULL default '',
  `lastdate` timestamp NOT NULL default CURRENT_TIMESTAMP on update CURRENT_TIMESTAMP,
  `id_benutzer` int(11) default NULL,
  PRIMARY KEY  (`id_lithologie`)
) ENGINE=MyISAM AUTO_INCREMENT=339 DEFAULT CHARSET=latin1 COLLATE=latin1_german2_ci;

--
-- Dumping data for table `lithologie`
--

INSERT INTO `lithologie` VALUES (1,'Muschelkalk','2005-03-22 16:53:08',NULL),(2,'Kalkschiefer','2005-03-22 16:53:08',NULL),(4,'Mergel','2005-03-22 16:53:08',NULL),(5,'Torf','2005-03-22 16:53:08',NULL),(6,'Tuffe','2005-03-22 16:53:08',NULL),(7,'Quellen Tuff','2005-03-22 16:53:08',NULL),(8,'Siltstein','2005-03-22 16:53:08',NULL),(9,'Unbekannt','2005-03-22 16:53:08',NULL),(10,'Tuff','2005-03-22 16:53:08',NULL),(27,'Buendnerschiefer','2005-03-22 16:53:08',NULL),(28,'Granit','2005-03-22 16:53:08',NULL),(29,'Radiolarite','2005-03-22 16:53:08',NULL),(49,'Laterit','2005-03-22 16:53:08',NULL),(50,'Gips nach Anhydrit','2005-03-22 16:53:08',NULL),(51,'Schiefer','2005-03-22 16:53:08',NULL),(52,'Tiefengesteine','2005-03-22 16:53:08',NULL),(53,'Quarzdiorit','2005-03-22 16:53:08',NULL),(54,'Gabbro','2005-03-22 16:53:08',NULL),(55,'Tonalit','2005-03-22 16:53:08',NULL),(56,'Alkaligabbro','2005-03-22 16:53:08',NULL),(57,'Monzonit','2005-03-22 16:53:08',NULL),(58,'Norit','2005-03-22 16:53:08',NULL),(59,'Syenit','2005-03-22 16:53:08',NULL),(60,'Diorit','2005-03-22 16:53:08',NULL),(61,'Pegmatit','2005-03-22 16:53:08',NULL),(69,'Rhyolit','2005-03-22 16:53:08',NULL),(70,'Quarzporphyr','2005-03-22 16:53:08',NULL),(71,'Hornblendeporphyrit','2005-03-22 16:53:08',NULL),(72,'Vulkanisches Glas','2005-03-22 16:53:08',NULL),(73,'Melaphyr','2005-03-22 16:53:08',NULL),(74,'Felsophyr','2005-03-22 16:53:08',NULL),(75,'Augitdioritporphyrit','2005-03-22 16:53:08',NULL),(76,'Gabbrodiorit','2005-03-22 16:53:08',NULL),(77,'Diabas','2005-03-22 16:53:08',NULL),(78,'Labrador - Porphyrit','2005-03-22 16:53:08',NULL),(79,'Trachyt','2005-03-22 16:53:08',NULL),(80,'Liparit','2005-03-22 16:53:08',NULL),(81,'Basalt','2005-03-22 16:53:08',NULL),(82,'Olivin-Basalt','2005-03-22 16:53:08',NULL),(83,'Leuzitophyr','2005-03-22 16:53:08',NULL),(84,'Trachiandesit','2005-03-22 16:53:08',NULL),(85,'Trachit','2005-03-22 16:53:08',NULL),(86,'Amphibol-Andesit','2005-03-22 16:53:08',NULL),(89,'Lava','2005-03-22 16:53:08',NULL),(90,'Ergussgesteine, Laven, Tuffe u.a.','2005-03-22 16:53:08',NULL),(91,'Quarztrachyt','2005-03-22 16:53:08',NULL),(92,'Phonolith','2005-03-22 16:53:08',NULL),(93,'Perlit','2005-03-22 16:53:08',NULL),(94,'Sanidintrachyt','2005-03-22 16:53:08',NULL),(95,'Tephryt','2005-03-22 16:53:08',NULL),(96,'Andesit','2005-03-22 16:53:08',NULL),(97,'Arkose','2005-03-22 16:53:08',NULL),(98,'Nephelinit','2005-03-22 16:53:08',NULL),(99,'Bimstein','2005-03-22 16:53:08',NULL),(100,'Augit','2005-03-22 16:53:08',NULL),(101,'Glimmeraggregation','2005-03-22 16:53:08',NULL),(102,'Obsidian','2005-03-22 16:53:08',NULL),(103,'Kieselsinter','2005-03-22 16:53:08',NULL),(104,'Kalkstein','2005-03-22 16:53:08',NULL),(105,'Ooze','2005-03-22 16:53:08',NULL),(111,'Dolomitmarmor','2005-03-22 16:53:08',NULL),(112,'Basalte','2005-03-22 16:53:08',NULL),(113,'Rhyolith','2005-03-22 16:53:08',NULL),(114,'Quarztrachit','2005-03-22 16:53:08',NULL),(115,'Ton','2005-03-22 16:53:08',NULL),(116,'Ultrabasica','2005-03-22 16:53:08',NULL),(117,'Vulkanische Bombe','2005-03-22 16:53:08',NULL),(118,'Tonschiefer in Lava','2005-03-22 16:53:08',NULL),(119,'Syenit-Granit','2005-03-22 16:53:08',NULL),(120,'Vulkanische Asche','2005-03-22 16:53:08',NULL),(121,'Basalttuff','2005-03-22 16:53:08',NULL),(122,'Auswurfbreccie','2005-03-22 16:53:08',NULL),(123,'Bimsstein-Aschentuff','2005-03-22 16:53:08',NULL),(124,'Tuffitischer Kalk','2005-03-22 16:53:08',NULL),(125,'Lapilli','2005-03-22 16:53:08',NULL),(126,'Tuffit','2005-03-22 16:53:08',NULL),(127,'Sandstein','2005-03-22 16:53:08',NULL),(128,'Chlorit-Albitschiefer','2005-03-22 16:53:08',NULL),(129,'Rotliegendes','2005-03-22 16:53:08',NULL),(130,'Felsit-Porphyrtuff','2005-03-22 16:53:08',NULL),(131,'Lavabomben','2005-03-22 16:53:08',NULL),(132,'Olivinbombe','2005-03-22 16:53:08',NULL),(133,'Auswuerfling','2005-03-22 16:53:08',NULL),(134,'Lavabombe','2005-03-22 16:53:08',NULL),(135,'vulkanisches Konglomerat','2005-03-22 16:53:08',NULL),(136,'vulkanische Schlacke','2005-03-22 16:53:08',NULL),(137,'Bimsstein','2005-03-22 16:53:08',NULL),(138,'Felsitporphyr','2005-03-22 16:53:08',NULL),(139,'Porphyr','2005-03-22 16:53:08',NULL),(140,'pTuff','2005-03-22 16:53:08',NULL),(141,'Tuff-Breccie','2005-03-22 16:53:08',NULL),(142,'Granitporphyr','2005-03-22 16:53:08',NULL),(143,'Breccie','2005-03-22 16:53:08',NULL),(144,'stromatiliten','2005-03-22 16:53:08',NULL),(145,'Gold-Uran-Seifenlagerstaetten','2005-03-22 16:53:08',NULL),(164,'Metarodingite','2005-03-22 16:53:08',NULL),(167,'Suesswasserkalk','2005-03-22 16:53:08',NULL),(187,'Dolomit','2005-03-22 16:53:08',NULL),(194,'Konglomerat','2005-03-22 16:53:08',NULL),(195,'Glaukonit-Sandstein','2005-03-22 16:53:08',NULL),(207,'Diatomit','2005-03-22 16:53:08',NULL),(208,'Kohle','2005-03-22 16:53:08',NULL),(209,'Gips & Anhydrit','2005-03-22 16:53:08',NULL),(211,'Bauxit','2005-03-22 16:53:08',NULL),(212,'Kalk, dolomitisiert','2005-03-22 16:53:08',NULL),(213,'Gips','2005-03-22 16:53:08',NULL),(229,'Limestone','2005-03-22 16:53:08',NULL),(231,'Kalk','2005-03-22 16:53:08',NULL),(250,'Corall Reef','2005-03-22 16:53:08',NULL),(271,'Vulkanoklastische Gesteine','2005-03-22 16:53:08',NULL),(290,'Eisenerze','2005-03-22 16:53:08',NULL),(291,'Schichten','2005-03-22 16:53:08',NULL),(292,'Oolith','2005-03-22 16:53:08',NULL),(293,'Schieferkohle','2005-03-22 16:53:08',NULL),(313,'Ophiolite','2005-03-22 16:53:08',NULL),(314,'Eisenoolithe','2005-03-22 16:53:08',NULL),(315,'Schiltschichten','2005-03-22 16:53:08',NULL),(316,'Oerhli-Schichten','2005-03-22 16:53:08',NULL),(317,'Glaukonitsandstein','2005-03-22 16:53:08',NULL),(318,'Chloritschiefer, Dolomitschiefer,Quarzsn','2005-03-22 16:53:08',NULL),(319,'Gruenschiefer','2005-03-22 16:53:08',NULL),(322,'Suevite','2005-03-22 16:53:08',NULL),(323,'Kalk, Mergel','2005-03-22 16:53:08',NULL),(324,'Kalk, Dolomit','2005-03-22 16:53:08',NULL),(326,'Gips, Mergel','2005-03-22 16:53:08',NULL),(327,'Kalk, Tonschiefer','2005-03-22 16:53:08',NULL),(328,'Gyps, Sandstein und Kalk','2005-03-22 16:53:08',NULL),(329,'Tonschiefer','2005-03-22 16:53:08',NULL),(330,'Tonschiefer, Glimmerschiefer','2005-03-22 16:53:08',NULL),(331,'Orthogneiss','2005-03-22 16:53:08',NULL),(332,'Granitgneis','2005-03-22 16:53:08',NULL),(333,'Tonschiefer, Biotit-Glimmerschiefer','2005-03-22 16:53:08',NULL),(334,'Glimmerschiefer, Glimmergneis','2005-03-22 16:53:08',NULL),(335,'Marmor','2005-03-22 16:53:08',NULL),(336,'Feines Silt','2005-09-06 11:55:22',NULL),(337,'','2005-09-19 10:14:37',NULL),(338,'Peridotit','2005-09-30 11:35:38',NULL);

--
